-- Table structure for table `m_branch_company`
--

CREATE TABLE `m_branch_company` (
  `M_BranchCompanyID` int(11) NOT NULL AUTO_INCREMENT,
  `M_BranchCompanyName` varchar(100) NOT NULL,
  `M_BranchCompanyIsActive` char(1) NOT NULL DEFAULT 'Y',
  `M_BranchCompanyUserID` int(11) DEFAULT NULL,
  `M_BranchCompanyCreated` datetime NOT NULL DEFAULT current_timestamp(),
  `M_BranchCompanyLastUpdated` timestamp NOT NULL DEFAULT current_timestamp() ON UPDATE current_timestamp(),
  PRIMARY KEY (`M_BranchCompanyID`)
) ENGINE=InnoDB AUTO_INCREMENT=6 DEFAULT CHARSET=latin1;

--
-- Dumping data for table `m_branch_company`
--

INSERT INTO `m_branch_company` VALUES (1,'PT PRAMITA','Y',NULL,'2024-10-24 13:37:35','2024-10-23 16:37:35'),(2,'PT MITRA PRAMITA MEDIKA','Y',NULL,'2024-10-24 13:37:44','2024-10-23 16:37:44'),(3,'PT CITRA PRAMITA SEJAHTERA','Y',NULL,'2024-10-24 13:38:00','2024-10-23 16:38:00'),(4,'PT KARYA SURYA ANUGRAH','Y',NULL,'2024-10-24 13:38:17','2024-10-23 16:38:17'),(5,'PT MITRA PRAMITA SELARAS','Y',NULL,'2024-10-24 13:38:29','2024-10-23 16:38:29');

--
-- Table structure for table `m_branch_companydetail`
--

CREATE TABLE `m_branch_companydetail` (
  `M_BranchCompanyDetailID` int(11) NOT NULL AUTO_INCREMENT,
  `M_BranchCompanyDetailM_BranchCompanyID` int(11) NOT NULL,
  `M_BranchCompanyDetailM_BranchCode` char(3) DEFAULT NULL,
  `M_BranchCompanyDetailOwnership` varchar(50) DEFAULT 'MILIK',
  `M_BranchCompanyDetailIsActive` char(1) NOT NULL DEFAULT 'Y',
  `M_BranchCompanyDetailUserID` int(11) DEFAULT NULL,
  `M_BranchCompanyDetailCreated` datetime NOT NULL DEFAULT current_timestamp(),
  `M_BranchCompanyDetailLastUpdated` timestamp NOT NULL DEFAULT current_timestamp(),
  PRIMARY KEY (`M_BranchCompanyDetailID`),
  KEY `M_BranchCompanyDetailM_BranchCode` (`M_BranchCompanyDetailM_BranchCode`),
  KEY `M_BranchCompanyDetailM_BranchCompanyID` (`M_BranchCompanyDetailM_BranchCompanyID`)
) ENGINE=InnoDB AUTO_INCREMENT=41 DEFAULT CHARSET=latin1;

--
-- Dumping data for table `m_branch_companydetail`
--

INSERT INTO `m_branch_companydetail` VALUES (1,1,'LA','MILIK','Y',NULL,'2024-10-24 13:41:06','2024-10-23 16:41:06'),(2,1,'DA','MILIK','Y',NULL,'2024-10-24 13:42:14','2024-10-23 16:42:14'),(3,1,'DE','MILIK','Y',NULL,'2024-10-24 13:42:46','2024-10-23 16:42:46'),(4,1,'BA','MILIK','Y',NULL,'2024-10-24 13:44:06','2024-10-23 16:44:06'),(5,1,'EA','SEWA','Y',NULL,'2024-10-24 13:44:39','2024-10-23 16:44:39'),(6,1,'BB','SEWA','Y',NULL,'2024-10-24 13:45:21','2024-10-23 16:45:21'),(7,1,'LB','MILIK & SEWA','Y',NULL,'2024-10-24 13:46:00','2024-10-23 16:46:00'),(8,1,'DB','MILIK','Y',NULL,'2024-10-24 13:46:29','2024-10-23 16:46:29'),(9,1,'AA','SEWA','Y',NULL,'2024-10-24 13:47:02','2024-10-23 16:47:02'),(10,1,'LC','SEWA','Y',NULL,'2024-10-24 13:47:34','2024-10-23 16:47:34'),(11,1,'EB','SEWA','Y',NULL,'2024-10-24 13:47:34','2024-10-23 16:47:34'),(12,1,'LD','MILIK','Y',NULL,'2024-10-24 13:41:06','2024-10-23 16:41:06'),(13,1,'DC','SEWA','Y',NULL,'2024-10-24 13:47:34','2024-10-23 16:47:34'),(14,1,'LE','MILIK','Y',NULL,'2024-10-24 13:41:06','2024-10-23 16:41:06'),(15,1,'JA','SEWA','Y',NULL,'2024-10-24 13:47:34','2024-10-23 16:47:34'),(16,1,'HA','MILIK','Y',NULL,'2024-10-24 13:41:06','2024-10-23 16:41:06'),(17,1,'AB','SEWA','Y',NULL,'2024-10-24 13:47:34','2024-10-23 16:47:34'),(18,1,'BC','SEWA','Y',NULL,'2024-10-24 13:47:34','2024-10-23 16:47:34'),(19,1,'LF','SEWA','Y',NULL,'2024-10-24 13:47:34','2024-10-23 16:47:34'),(20,1,'FA','SEWA','Y',NULL,'2024-10-24 13:47:34','2024-10-23 16:47:34'),(21,1,'DD','SEWA','Y',NULL,'2024-10-24 13:47:34','2024-10-23 16:47:34'),(22,1,'SA','SEWA','Y',NULL,'2024-10-24 13:47:34','2024-10-23 16:47:34'),(23,1,'LL','SEWA','Y',NULL,'2024-10-24 13:47:34','2024-10-23 16:47:34'),(24,2,'JB','MILIK','Y',NULL,'2024-10-24 13:41:06','2024-10-23 16:41:06'),(25,2,'GA','SEWA','Y',NULL,'2024-10-24 13:45:21','2024-10-23 16:45:21'),(26,2,'BD','MILIK','Y',NULL,'2024-10-24 13:41:06','2024-10-23 16:41:06'),(27,2,'PA','MILIK','Y',NULL,'2024-10-24 13:41:06','2024-10-23 16:41:06'),(28,2,'NA','MILIK','Y',NULL,'2024-10-24 13:41:06','2024-10-23 16:41:06'),(29,2,'JC','MILIK','Y',NULL,'2024-10-24 13:41:06','2024-10-23 16:41:06'),(30,2,'BE','MILIK','Y',NULL,'2024-10-24 13:41:06','2024-10-23 16:41:06'),(31,3,'VA','SEWA','Y',NULL,'2024-10-24 13:47:34','2024-10-23 16:47:34'),(32,3,'TA','MILIK','Y',NULL,'2024-10-24 13:41:06','2024-10-23 16:41:06'),(33,3,'HC','MILIK','Y',NULL,'2024-10-24 13:41:06','2024-10-23 16:41:06'),(34,3,'HD','MILIK','Y',NULL,'2024-10-24 13:41:06','2024-10-23 16:41:06'),(35,3,'DF','MILIK','Y',NULL,'2024-10-24 13:41:06','2024-10-23 16:41:06'),(36,3,'HE','MILIK','Y',NULL,'2024-10-24 13:41:06','2024-10-23 16:41:06'),(37,3,'EC','MILIK','Y',NULL,'2024-10-24 13:41:06','2024-10-23 16:41:06'),(38,3,'VB','MILIK','Y',NULL,'2024-10-24 13:41:06','2024-10-23 16:41:06'),(39,4,'HB','FRENCHISE','Y',NULL,'2024-10-24 13:41:06','2024-10-23 16:41:06'),(40,5,'LM','FRENCHISE','Y',NULL,'2024-10-24 13:41:06','2024-10-23 16:41:06');

--
-- Table structure for table `m_branch_xx`
--

CREATE TABLE `m_branch_xx` (
  `M_BranchID` int(11) NOT NULL AUTO_INCREMENT,
  `M_BranchS_RegionalID` int(11) NOT NULL DEFAULT 0,
  `M_BranchCode` varchar(10) NOT NULL,
  `M_BranchName` varchar(100) NOT NULL,
  `M_BranchM_CityID` int(11) NOT NULL,
  `M_BranchM_DistrictID` int(11) NOT NULL DEFAULT 0,
  `M_BranchM_KelurahanID` int(11) NOT NULL DEFAULT 0,
  `M_BranchAddress` varchar(300) NOT NULL,
  `M_BranchIsDefault` char(1) NOT NULL DEFAULT 'N',
  `M_BranchIsActive` char(1) NOT NULL DEFAULT 'Y',
  `M_BranchIPAddress` varchar(100) NOT NULL DEFAULT '',
  `M_BranchBaseName` varchar(50) NOT NULL,
  `M_BranchUserID` int(11) NOT NULL DEFAULT 1,
  `M_BranchCreated` datetime NOT NULL DEFAULT current_timestamp(),
  `M_BranchLastUpdated` datetime NOT NULL DEFAULT current_timestamp() ON UPDATE current_timestamp(),
  `M_BranchM_CompanyID` int(11) DEFAULT 0,
  `M_BranchM_MouID` int(11) DEFAULT 0,
  `M_BranchM_DoctorID` int(11) DEFAULT 0,
  `M_BranchM_DoctorAddressID` int(11) DEFAULT 0,
  `M_BranchPhone` varchar(50) DEFAULT NULL,
  `M_BranchHaveSatellite` varchar(1) DEFAULT 'N',
  PRIMARY KEY (`M_BranchID`),
  KEY `M_BranchIsActive` (`M_BranchIsActive`),
  KEY `M_BranchID` (`M_BranchID`),
  KEY `M_BranchCode` (`M_BranchCode`),
  KEY `M_BranchName` (`M_BranchName`),
  KEY `M_BranchM_CityID` (`M_BranchM_CityID`),
  KEY `M_BranchAddress` (`M_BranchAddress`),
  KEY `M_BranchIPAddress` (`M_BranchIPAddress`),
  KEY `M_BranchBaseName` (`M_BranchBaseName`),
  KEY `M_BranchIsDefault` (`M_BranchIsDefault`),
  KEY `M_BranchUserID` (`M_BranchUserID`),
  KEY `M_BranchLastUpdate` (`M_BranchLastUpdated`),
  KEY `M_BranchM_DistrictID` (`M_BranchM_DistrictID`),
  KEY `M_BranchM_KelurahanID` (`M_BranchM_KelurahanID`),
  KEY `M_BranchHaveSatellite` (`M_BranchHaveSatellite`)
) ENGINE=InnoDB AUTO_INCREMENT=52 DEFAULT CHARSET=latin1;

--
-- Dumping data for table `m_branch_xx`
--

INSERT INTO `m_branch_xx` VALUES (1,1,'DA','Lab Demo',60,716,7020,'LLRE Martadinata St No.135, Cihapit, Bandung Wetan','N','N','devone.aplikasi.web.id','',340,'2019-08-23 15:11:32','2025-01-08 16:19:27',1710,2701,3407,6595,'','Y'),(3,1,'DC','Pramita Padjajaran',60,728,7099,'Jl. Pajajaran No. 86','N','N','devone.aplikasi.web.id','',3,'2019-08-23 15:11:32','2022-01-27 10:21:33',4545,177,3407,6595,'','Y'),(4,1,'DB','Pramita Toha',60,761,7355,'Jl. Moh. Toha No.163, Cigereleng, Kec. Regol, Kota Bandung','N','Y','demo.aplikasi.web.id','',340,'2019-08-23 15:11:32','2022-07-27 09:49:43',4771,188,3407,6595,'','N'),(5,1,'DD','Pramita Cimahi',67,928,8962,'Jl. Amir Machmud No.460','N','N','devone.aplikasi.web.id','',3,'2019-08-23 15:11:32','2022-01-27 10:21:33',6077,347,3407,6595,'','Y'),(6,2,'HD','Tegal',108,1844,20619,'Jl. Gajah Mada No.88','N','N','devone.aplikasi.web.id','',1,'2020-07-11 19:36:55','2023-08-28 11:11:16',0,0,0,0,NULL,'N'),(8,3,'TA','Pramita Manado',417,6153,70936,'Jl. Garuda No. 79','N','Y','devone.aplikasi.web.id','',3,'2020-08-17 11:31:53','2021-08-24 14:01:58',6464,203,3407,6595,'','Y'),(9,4,'PA','Pramita Pontianak',151,2679,31193,'Jl. Slt. Abdurrahman','N','Y','demo.aplikasi.web.id','',341,'2020-08-17 11:31:53','2023-01-27 16:43:05',7261,942,3407,6595,'','N'),(10,5,'AA','Pramita Cik Ditiro',37,436,4370,'Jl. Cik Di Tiro No.17','N','Y','devone.aplikasi.web.id','',341,'2020-08-17 11:31:53','2021-08-24 14:01:58',4555,185,3407,6595,'','N'),(11,5,'AB','Pramita Sultan Agung',37,444,4390,'Jl. Sultan Agung No.67','N','Y','devone.aplikasi.web.id','',3,'2020-08-17 11:31:53','2021-08-24 14:01:58',5931,194,3407,6595,'','N'),(13,6,'LE','Pramita Ngagel',139,2493,29105,'Jl. Ngagel Jaya No.71','N','Y','devkedungdoro.aplikasi.web.id','',3,'2020-08-24 18:39:03','2024-02-07 15:01:51',4732,186,3407,6595,'','N'),(14,1,'LA','Pramita Adityawarman',139,2516,29223,'Jl. Adityawarman No.73-79','Y','Y','devone.aplikasi.web.id','',3,'2020-08-24 14:45:25','2024-01-03 14:36:49',0,0,3407,6595,'(031) 8477700','N'),(15,6,'LD','Pramita Jemur',139,2515,29215,'Jl. Jemur Andayani No.67','N','Y','devone.aplikasi.web.id','',3,'2020-08-24 14:45:25','2021-08-24 14:01:58',4551,182,3407,6595,'(031) 8477700','N'),(16,6,'LC','Pramita Mulyo',139,2500,29133,'Jl. Mulyosari 50-52 Blok PEE 14-15','N','Y','demo.aplikasi.web.id','',3,'2020-08-24 14:45:25','2023-02-09 14:47:45',5755,192,3407,6595,'(031) 5929222','N'),(17,6,'LF','Pramita Parkus',139,2493,29123,'Jl. Parang Kusumo No.2','N','Y','devone.aplikasi.web.id','',3,'2020-08-24 14:45:25','2021-08-24 14:01:58',6029,195,3407,6595,'(031) 3554990','N'),(18,6,'LB','Pramita HR',139,2490,29090,'Jl. Mayjen HR. Muhammad No.128','N','Y','devone.aplikasi.web.id','',3,'2020-08-24 14:45:25','2021-08-24 14:01:58',4476,176,3407,6595,'(031) 7345727','N'),(19,7,'DE','Pramita Cirebon',68,951,9178,'Jl. DR. Cipto Mangunkusumo No.95','N','Y','devkedungdoro.aplikasi.web.id','',341,'2020-08-24 14:45:25','2023-03-12 20:18:36',5754,191,3407,6595,'(0231) 248990','N'),(20,9,'JA','Pramita Veteran',455,6611,75853,'Jl. Veteran No.173','N','Y','devone.aplikasi.web.id','',341,'2020-09-21 14:31:14','2021-08-24 14:01:58',5361,189,3407,6595,'','N'),(21,9,'JB','Pramita A.Dahlan',455,6607,75824,'Jl. KH. Ahmad Dahlan No.70','N','Y','devone.aplikasi.web.id','',3,'2020-09-21 14:38:02','2021-08-24 14:01:58',0,0,0,0,'','N'),(22,9,'JC','Pramita A.Yani',455,6618,75901,'Jl. Jenderal Ahmad Yani No.88','N','Y','devone.aplikasi.web.id','',3,'2020-09-21 14:38:02','2021-08-24 14:01:58',0,0,0,0,'','N'),(23,8,'BA','Pramita Matraman',41,481,4619,'Jl. Matraman Raya No.24','N','Y','devone.aplikasi.web.id','',341,'2020-08-24 14:45:25','2021-08-24 14:01:58',4549,181,3407,6595,'(021) 85908530','N'),(25,8,'BB','Pramita Bonjer',438,451,4425,'Jl. Panjang Arteri Klp. Dua Raya No.18, RT.6/RW.2','N','Y','devone.aplikasi.web.id','',3,'2020-09-21 17:03:58','2021-08-24 14:01:58',4552,183,3407,6595,'','N'),(26,8,'BC','Pramita Samanhudi',39,461,4492,'Jl. H. Samanhudi No.21, RT.5/RW.3','N','Y','devone.aplikasi.web.id','',341,'2020-09-21 17:03:58','2021-08-24 14:01:58',6019,197,3407,6595,'','N'),(27,8,'BD','Pramita Ragunan',40,470,4545,'Jalan Raya Ragunan No.P-3, RT.2/RW.3','N','Y','devone.aplikasi.web.id','',341,'2020-09-21 17:03:58','2021-08-24 14:01:58',7162,196,3407,6595,'','N'),(28,10,'EA','Pramita Diponegoro',471,6823,78501,'Jl. Pangeran Diponegoro No.37','N','Y','devone.aplikasi.web.id','',341,'2020-10-02 09:22:45','2021-08-24 14:01:58',4554,184,3407,6595,'','N'),(29,10,'EB','Pramita Yamin',471,6827,78534,'Jl. Prof. HM. Yamin Sh No.92A','N','Y','devone.aplikasi.web.id','',341,'2020-10-02 09:22:45','2021-08-24 14:01:58',4770,187,3407,6595,'','N'),(30,11,'FA','Pramita Yani',428,6282,72034,'Jl. Jend. A Yani No.39','N','Y','devone.aplikasi.web.id','',3,'2020-10-02 09:22:45','2021-08-24 14:01:58',6042,198,3407,6595,'','N'),(31,12,'GA','Pramita Sudirman',343,5229,61355,'Jl. Jend. Sudirman No No.14CD','N','Y','devone.aplikasi.web.id','',1,'2020-10-02 09:22:45','2021-08-24 14:01:58',0,0,0,0,NULL,'N'),(32,13,'HB','Pramita Magelang',96,1628,17266,'Jalan Mayjen Bambang Soegeng No.A2 Mertoyudan Sarangan','N','Y','devone.aplikasi.web.id','',3,'2020-10-02 09:22:45','2021-08-24 14:01:58',6602,1733,3407,6595,'','N'),(33,14,'HA','Pramita Semarang',104,1775,19751,'Jl. Mayor Jend. D.I. Panjaitan No.7','N','Y','devone.aplikasi.web.id','',341,'2020-10-02 09:22:45','2021-08-24 14:01:58',5658,190,3407,6595,'','N'),(34,15,'HC','Pramita Salatiga',103,1749,19468,'Jl. Osamaliki No.90, Mangunsari','N','Y','devone.aplikasi.web.id','',1,'2020-10-02 09:22:45','2021-08-24 14:01:58',0,0,0,0,NULL,'N'),(35,16,'LM','Pramita Madiun',124,1628,17266,'Jl. Pahlawan No.60','N','Y','devone.aplikasi.web.id','',3,'2020-10-02 09:22:45','2021-08-24 14:01:58',6204,2303,3407,6595,'(0351) 462999','N'),(36,17,'SA','Pramita Balikpapan',184,3033,35563,'Jl. Mt. Haryono Dalam V No.7','N','Y','devone.aplikasi.web.id','',341,'2020-10-02 09:22:45','2021-08-24 14:01:58',6211,201,3407,6595,'(0542) 8510977','N'),(37,18,'VA','Pramita Makassar',365,5525,64403,'Jl. Karunrung No.9','N','Y','devone.aplikasi.web.id','',341,'2020-10-02 09:22:45','2021-08-24 14:01:58',6601,204,3407,6595,'(0411) 8940250','N'),(38,19,'NA','Pramita Denpasar',4,20,286,'Jl. Diponegoro No.168','N','Y','devone.aplikasi.web.id','',3,'2020-10-02 09:22:45','2021-08-24 14:01:58',7434,1615,3407,6595,'','N'),(39,20,'LP','Prospek Dupang',139,2516,29223,'-','N','Y','devone.aplikasi.web.id','',341,'2020-08-24 14:45:25','2021-08-24 14:01:58',5657,1786,3407,6595,'','N'),(40,20,'LQ','Prospek Wonokusumo',139,2516,29223,'-','N','Y','devone.aplikasi.web.id','',341,'2020-08-24 14:45:25','2021-08-24 14:01:58',5656,1787,3407,6595,'','N'),(41,21,'DF','Tasikmalaya',80,1332,12919,'Jl. Sutisna Senjaya No.39','N','Y','devone.aplikasi.web.id','',1,'2020-08-24 14:45:25','2021-08-24 14:01:58',0,0,0,0,NULL,'N'),(42,22,'LZ','Sima Tangkuban Perahu',126,2225,25541,'Jl. Tangkuban Perahu No.14','N','Y','devone.aplikasi.web.id','',3,'2020-08-24 14:45:25','2021-08-24 14:01:58',5011,2300,3407,6595,'(0341) 326060','N'),(43,22,'LX','Sima Ciliwung',126,2212,25399,'Jl. Ciliwung No.51','N','Y','devone.aplikasi.web.id','',3,'2020-08-24 14:45:25','2021-08-24 14:01:58',6043,2301,3407,6595,'(0341) 486629','N'),(44,23,'LW','Sima Jember',119,2055,23357,'Jl. Gajah Mada No.199','N','Y','devone.aplikasi.web.id','',3,'2020-08-24 14:45:25','2021-08-24 14:01:58',7187,2302,3407,6595,'(0331) 421639','N'),(45,24,'LY','Sima Kediri',121,2105,23926,'Jl. Pahlawan Kusuma Bangsa No.45','N','Y','devone.aplikasi.web.id','',3,'2020-08-24 14:45:25','2021-08-24 14:01:58',5010,2299,3407,6595,'(0354) 689992','N'),(46,20,'LR','Simokerto',139,2507,29171,'jl. simokerto no. 60','N','Y','demo.aplikasi.web.id','',1547,'2022-04-18 13:20:14','2023-01-11 15:12:37',NULL,NULL,NULL,NULL,'031-37393742','N'),(47,18,'GB','Gunung Sahari B',365,5521,64359,'Jl. Letjend Hertasning Ruko Pena Mas No 3-4 Makassar','N','Y','oneb.aplikasi.web.id','',1531,'2022-05-27 09:52:42','2024-02-01 09:45:21',1710,1051,9871,17095,'0411-4097970','N'),(48,25,'LV','Sima Tulungagung',142,2569,29979,'JL. PANGLIMA SUDIRMAN 45','N','Y','devone.aplikasi.web.id','',1642,'2022-06-07 07:24:13','2024-02-15 14:42:42',0,0,3407,6595,'0355-322353','N'),(49,10,'EC','Pramita Wahid Hasyim',471,6811,78418,'Jalan K.H. Wahid Hasyim','N','Y','devone.aplikasi.web.id','',3,'2023-07-08 10:07:45','2024-02-15 14:42:18',0,0,3407,6595,'(061) 80010380','N'),(51,10,'XX','Pramita Kompol maksum Semarang',471,6811,78418,'Jalan K.H. Wahid Hasyim','N','Y','devone.aplikasi.web.id','',3,'2023-07-08 10:07:45','2024-02-15 14:42:18',0,0,3407,6595,'(061) 80010380','N');

--
-- Table structure for table `m_courier`
--

CREATE TABLE `m_courier` (
  `M_CourierID` int(11) NOT NULL AUTO_INCREMENT,
  `M_CourierM_StaffID` int(11) NOT NULL,
  `M_CourierCreated` datetime NOT NULL,
  `M_CourierLastUpdated` timestamp NOT NULL DEFAULT current_timestamp() ON UPDATE current_timestamp(),
  `M_CourierUserID` int(11) NOT NULL,
  `M_CourierIsActive` char(1) NOT NULL DEFAULT 'Y',
  PRIMARY KEY (`M_CourierID`),
  KEY `M_CourierM_StaffID` (`M_CourierM_StaffID`),
  KEY `M_CourierIsActive` (`M_CourierIsActive`)
) ENGINE=InnoDB AUTO_INCREMENT=49 DEFAULT CHARSET=utf8mb4;

--
-- Dumping data for table `m_courier`
--

INSERT INTO `m_courier` VALUES (47,41,'2025-02-12 09:45:24','2025-02-12 02:45:24',353,'Y'),(48,42,'2025-02-12 10:52:57','2025-02-12 03:52:57',353,'Y');

--
-- Table structure for table `m_department`
--

CREATE TABLE `m_department` (
  `M_DepartmentID` int(11) NOT NULL AUTO_INCREMENT,
  `M_DepartmentCode` varchar(20) DEFAULT NULL,
  `M_DepartmentName` varchar(250) DEFAULT NULL,
  `M_DepartmentIsActive` char(1) NOT NULL DEFAULT 'Y',
  `M_DepartmentUserID` int(11) DEFAULT NULL,
  `M_DepartmentCreated` datetime NOT NULL DEFAULT current_timestamp(),
  `M_DepartmentLastUpdated` timestamp NOT NULL DEFAULT current_timestamp() ON UPDATE current_timestamp(),
  PRIMARY KEY (`M_DepartmentID`)
) ENGINE=InnoDB AUTO_INCREMENT=6 DEFAULT CHARSET=latin1;

--
-- Dumping data for table `m_department`
--

INSERT INTO `m_department` VALUES (1,'D0001','Keuangan','Y',NULL,'2025-03-07 10:10:08','2025-03-07 03:10:08'),(2,'D0002','IT','Y',NULL,'2025-03-07 10:10:21','2025-03-07 03:10:21'),(3,'D0003','HRD','Y',NULL,'2025-03-07 10:10:35','2025-03-07 03:10:35'),(4,'D0004','Marketing','Y',NULL,'2025-03-07 10:10:52','2025-03-07 03:10:52'),(5,'D0005','Coba','N',354,'2025-03-08 14:39:54','2025-03-08 09:25:38');

--
-- Table structure for table `m_item`
--

CREATE TABLE `m_item` (
  `M_ItemID` int(11) NOT NULL AUTO_INCREMENT,
  `M_ItemCode` varchar(48) CHARACTER SET latin1 DEFAULT NULL,
  `M_ItemDesc` varchar(128) DEFAULT NULL,
  `Nat_ItemItemType` varchar(48) CHARACTER SET latin1 DEFAULT NULL COMMENT 'will DELETED after mapping',
  `M_ItemItem_CategoryID` int(11) DEFAULT NULL COMMENT 'not null setelah mapping',
  `M_ItemInventoryCode` varchar(32) DEFAULT NULL COMMENT 'not null setelah mapping',
  `Nat_ItemItemGroup` varchar(48) CHARACTER SET latin1 DEFAULT NULL COMMENT 'will DELETED after mapping',
  `M_ItemNat_GroupID` int(11) DEFAULT NULL,
  `M_ItemNat_SubGroupID` int(11) DEFAULT NULL,
  `M_ItemFa_ClassID` int(11) DEFAULT NULL,
  `M_ItemFa_InventarisGolID` int(11) DEFAULT NULL,
  `M_ItemPurchaseUOM` varchar(32) CHARACTER SET latin1 DEFAULT NULL COMMENT 'not null setelah mapping',
  `M_ItemBaseUOM` varchar(32) CHARACTER SET latin1 DEFAULT NULL COMMENT 'not null setelah mapping',
  `Nat_ItemSalesUOM` varchar(32) CHARACTER SET latin1 DEFAULT NULL COMMENT 'will DELETED after mapping',
  `M_ItemItem_UnitID` int(11) DEFAULT NULL,
  `M_ItemIsActive` char(1) CHARACTER SET latin1 NOT NULL DEFAULT 'Y',
  `M_ItemCreated` datetime NOT NULL DEFAULT current_timestamp() ON UPDATE current_timestamp(),
  `M_ItemLastUpdated` datetime NOT NULL DEFAULT current_timestamp(),
  `M_ItemM_UserID` int(11) DEFAULT NULL,
  PRIMARY KEY (`M_ItemID`),
  KEY `M_ItemCode` (`M_ItemCode`),
  KEY `M_ItemNat_GroupID` (`M_ItemNat_GroupID`),
  KEY `M_ItemNat_SubGroupID` (`M_ItemNat_SubGroupID`),
  KEY `M_ItemFa_ClassID` (`M_ItemFa_ClassID`),
  KEY `M_ItemIsActive` (`M_ItemIsActive`)
) ENGINE=InnoDB AUTO_INCREMENT=262 DEFAULT CHARSET=utf8mb4;

--
-- Dumping data for table `m_item`
--

INSERT INTO `m_item` VALUES (1,'1130100162','CELL PACK DFL - AR 829 995 1 LITER ( XN 1000 )','SUPPLIES',1,NULL,'ST_HEMA',1,1,NULL,NULL,'BOX','BOX',NULL,NULL,'Y','2025-02-18 08:56:54','2025-02-10 11:09:00',500),(2,'1130100001','GOLONGAN DARAH ANTI A ','',1,NULL,'ST_HEMA',1,1,NULL,NULL,'BOTOL','BOTOL',NULL,NULL,'Y','2025-02-14 14:20:27','2025-02-10 11:09:00',500),(3,'1130100002','GOLONGAN DARAH ANTI B','',1,NULL,'ST_HEMA',1,1,NULL,NULL,'BOTOL','BOTOL',NULL,NULL,'Y','2025-02-14 14:20:27','2025-02-10 11:09:00',500),(4,'1130100003','GOLONGAN DARAH ANTI A ANTI B ','',1,NULL,'ST_HEMA',1,1,NULL,NULL,'BOTOL','BOTOL',NULL,NULL,'Y','2025-02-14 14:20:27','2025-02-10 11:09:00',500),(5,'1130100188','ABX DILUENT 20 LITER - 901020','ST_HEMA',1,NULL,'ST_HEMA',1,1,NULL,NULL,'GALON','GALON',NULL,NULL,'Y','2025-02-18 08:56:54','2025-02-10 11:09:00',500),(6,'1130100189','ABX BASOLYSER 5 LITER - 204050','ST_HEMA',1,NULL,'ST_HEMA',1,1,NULL,NULL,'GALON','GALON',NULL,NULL,'Y','2025-02-18 08:56:54','2025-02-10 11:09:00',500),(7,'1130100190','ABX CLEANER 1 LITER - 903010','ST_HEMA',1,NULL,'ST_HEMA',1,1,NULL,NULL,'BOTOL','BOTOL',NULL,NULL,'Y','2025-02-18 08:56:54','2025-02-10 11:09:00',500),(8,'1130100191','NUCEDIFF 1 LITER - 1300027030','ST_HEMA',1,NULL,'ST_HEMA',1,1,NULL,NULL,'BOTOL','BOTOL',NULL,NULL,'Y','2025-02-18 08:56:54','2025-02-10 11:09:00',500),(9,'1130100192','ABX LYSEBIO 1 LITER - 906012','ST_HEMA',1,NULL,'ST_HEMA',1,1,NULL,NULL,'BOTOL','BOTOL',NULL,NULL,'Y','2025-02-18 08:56:54','2025-02-10 11:09:00',500),(10,'1130100193','ABX MINOCLAIR 0,5 LITER - 401005','ST_HEMA',1,NULL,'ST_HEMA',1,1,NULL,NULL,'BOTOL','BOTOL',NULL,NULL,'Y','2025-02-18 08:56:54','2025-02-10 11:09:00',500),(11,'1130100194','MINOCALCALIBRATOR 2 ML - 2032002','ST_HEMA',1,NULL,'ST_HEMA',1,1,NULL,NULL,'PCS','PCS',NULL,NULL,'Y','2025-02-18 08:56:54','2025-02-10 11:09:00',500),(12,'1130100195','DIFFTROL 2N 3 ML - 2062203','ST_HEMA',1,NULL,'ST_HEMA',1,1,NULL,NULL,'VIAL','VIAL',NULL,NULL,'Y','2025-02-14 14:20:27','2025-02-10 11:09:00',500),(13,'1130100196','DIFFTROL 2L 3 ML - 2062207','ST_HEMA',1,NULL,'ST_HEMA',1,1,NULL,NULL,'VIAL','VIAL',NULL,NULL,'Y','2025-02-14 14:20:27','2025-02-10 11:09:00',500),(14,'1130100197','DIFFTROL 2H 3 ML - 2062208','ST_HEMA',1,NULL,'ST_HEMA',1,1,NULL,NULL,'VIAL','VIAL',NULL,NULL,'Y','2025-02-14 14:20:27','2025-02-10 11:09:00',500),(15,'1130100180','LYSERCELL WPC 2 X 1,5 LITER SYSMEX - CS 412800','ST_HEMA',1,NULL,'ST_HEMA',1,1,NULL,NULL,'BOX','BOTOL',NULL,NULL,'Y','2025-02-18 08:56:54','2025-02-10 11:09:00',500),(16,'1130100181','FLUOROCELL WPC 2 X 12 ML SYSMEX - BU306227','ST_HEMA',1,NULL,'ST_HEMA',1,1,NULL,NULL,'BOX','CATRIDGE',NULL,NULL,'Y','2025-02-18 08:56:54','2025-02-10 11:09:00',500),(17,'1130100182','FLUOROCELL RET 2 X 12 ML SYSMEX - BN337547','ST_HEMA',1,NULL,'ST_HEMA',1,1,NULL,NULL,'BOX','BOTOL',NULL,NULL,'Y','2025-02-18 08:56:54','2025-02-10 11:09:00',500),(18,'1130100183','FLUOROCELL PLT 2 X 12 ML SYSMEX - CD994563','ST_HEMA',1,NULL,'ST_HEMA',1,1,NULL,NULL,'BOX','CATRIDGE',NULL,NULL,'Y','2025-02-18 08:56:54','2025-02-10 11:09:00',500),(19,'1130100184','FLUOROCELL WDF 2 X 22 ML SYSMEX - AA325279 ( XN 550 )','ST_HEMA',1,NULL,'ST_HEMA',1,1,NULL,NULL,'BOX','CATRIDGE',NULL,NULL,'Y','2025-02-18 08:56:54','2025-02-10 11:09:00',500),(20,'1130100177','SULFOLYSER 3 X 500 ML SYSMEX - P90411317 ','ST_HEMA',1,NULL,'ST_HEMA',1,1,NULL,NULL,'BOX','BOTOL',NULL,NULL,'Y','2025-02-18 08:56:54','2025-02-10 11:09:00',500),(21,'1130100178','FLUOROCELL WNR 2 X 82 ML SYSMEX - CP066715','ST_HEMA',1,NULL,'ST_HEMA',1,1,NULL,NULL,'BOX','BOTOL',NULL,NULL,'Y','2025-02-18 08:56:54','2025-02-10 11:09:00',500),(22,'1130100179','FLUOROCELL WDF 2 X 42 ML SYSMEX - CV377552 ( XN 1000 )','ST_HEMA',1,NULL,'ST_HEMA',1,1,NULL,NULL,'BOX','BOTOL',NULL,NULL,'Y','2025-02-18 08:56:54','2025-02-10 11:09:00',500),(23,'1130100004','GOLONGAN DARAH ANTI D (Rh)  ','',1,NULL,'ST_HEMA',1,1,NULL,NULL,'BOTOL','BOTOL',NULL,NULL,'Y','2025-02-14 14:20:27','2025-02-10 11:09:00',500),(24,'1130100005','CAT GIEMSA 250 ml','ST_HEMA',1,NULL,'ST_HEMA',1,1,NULL,NULL,'BOTOL','BOTOL',NULL,NULL,'Y','2025-02-18 08:56:54','2025-02-10 11:09:00',500),(25,'1130100007','BUFFER PRO GIEMSA  1000 ml','ST_HEMA',1,NULL,'ST_HEMA',1,1,NULL,NULL,'BOTOL','BOTOL',NULL,NULL,'Y','2025-02-18 08:56:54','2025-02-10 11:09:00',500),(26,'1130100008','CUVETTE FIBRINTIMER II','SUPPLIES',1,NULL,'ST_HEMA',1,1,NULL,NULL,'BOX','BOX',NULL,NULL,'Y','2025-02-18 08:56:54','2025-02-10 11:09:00',500),(27,'1130100009','PATHROMTIN SL - OQGS29','',1,NULL,'ST_HEMA',1,1,NULL,NULL,'VIAL','VIAL',NULL,NULL,'Y','2025-02-14 14:20:27','2025-02-10 11:09:00',500),(28,'1130100011','OIL IMMERSI 100 CC','',1,NULL,'ST_HEMA',1,1,NULL,NULL,'BOTOL','BOTOL',NULL,NULL,'Y','2025-02-18 08:56:54','2025-02-10 11:09:00',500),(29,'1130100012','PLASMA CONTROL N - ORKE 41','ST_HEMA',1,NULL,'ST_HEMA',1,1,NULL,NULL,'KIT','BOTOL',NULL,NULL,'Y','2025-02-14 14:20:27','2025-02-10 11:09:00',500),(30,'1130100013','ENZYMATIC CLEANER 99644-01','',1,NULL,'ST_HEMA',1,1,NULL,NULL,'KIT','BOTOL',NULL,NULL,'Y','2025-02-18 08:56:54','2025-02-10 11:09:00',500),(31,'1130100014','MULTI FIBRIN U - OWZG15','',1,NULL,'ST_HEMA',1,1,NULL,NULL,'KIT','KIT',NULL,NULL,'Y','2025-02-18 08:56:54','2025-02-10 11:09:00',500),(32,'1130100016','STROMATOLYSER FB 5 LT ( KSO )','',1,NULL,'ST_HEMA',1,1,NULL,NULL,'KIT','KIT',NULL,NULL,'Y','2025-02-14 14:20:27','2025-02-10 11:09:00',500),(33,'1130100019','STROMATOLYSER 4 DL ( KSO )','',1,NULL,'ST_HEMA',1,1,NULL,NULL,'KIT','KIT',NULL,NULL,'Y','2025-02-14 14:20:27','2025-02-10 11:09:00',500),(34,'1130100020','STROMATOLYSER 4 DS ( KSO )','',1,NULL,'ST_HEMA',1,1,NULL,NULL,'SACHET','SACHET',NULL,NULL,'Y','2025-02-14 14:20:27','2025-02-10 11:09:00',500),(35,'1130100021','TROMBOREL S - OUHP29','',1,NULL,'ST_HEMA',1,1,NULL,NULL,'KIT','VIAL',NULL,NULL,'Y','2025-02-14 14:20:27','2025-02-10 11:09:00',500),(36,'1130100099','CELL CLEAN CL 50  ( KSO )','',1,NULL,'ST_HEMA',1,1,NULL,NULL,'BOTOL','BOTOL',NULL,NULL,'Y','2025-02-18 08:56:54','2025-02-10 11:09:00',500),(37,'1130100023','CELL PACK PK 20 L ( KSO )','',1,NULL,'ST_HEMA',1,1,NULL,NULL,'KIT','KIT',NULL,NULL,'Y','2025-02-18 08:56:54','2025-02-10 11:09:00',500),(38,'1130100024','G-6PD TRINITY Cat.345 A','',1,NULL,'ST_HEMA',1,1,NULL,NULL,'KIT','KIT',NULL,NULL,'Y','2025-02-14 14:20:27','2025-02-10 11:09:00',500),(39,'1130100025','ADP CAT.5366','ST_HEMA',1,NULL,'ST_HEMA',1,1,NULL,NULL,'KIT','BOTOL',NULL,NULL,'Y','2025-02-18 08:56:54','2025-02-10 11:09:00',500),(40,'1130100026','COLLAGEN CAT.5368','',1,NULL,'ST_HEMA',1,1,NULL,NULL,'KIT','BOTOL',NULL,NULL,'Y','2025-02-18 08:56:54','2025-02-10 11:09:00',500),(41,'1130100027','EPINEPRINE CAT.5367','',1,NULL,'ST_HEMA',1,1,NULL,NULL,'KIT','BOTOL',NULL,NULL,'Y','2025-02-14 14:20:27','2025-02-10 11:09:00',500),(42,'1130100029','STIR BARS  ( UNTUK TAT )','',1,NULL,'ST_HEMA',1,1,NULL,NULL,'KIT','KIT',NULL,NULL,'Y','2025-02-18 08:56:54','2025-02-10 11:09:00',500),(43,'1130100031','DILUENT / SHEATH 20 L - 1H73.01','',1,NULL,'ST_HEMA',1,1,NULL,NULL,'BOX','BOX',NULL,NULL,'Y','2025-02-18 08:56:54','2025-02-10 11:09:00',500),(44,'1130100033','CN FREE WIC LYSE 35 (3H62.01) XXXXX','',1,NULL,'ST_HEMA',1,1,NULL,NULL,'KIT','KIT',NULL,NULL,'Y','2025-02-18 08:56:54','2025-02-10 11:09:00',500),(45,'1130100036','BCB 1% - 100 CC','',1,NULL,'ST_HEMA',1,1,NULL,NULL,'BOTOL','BOTOL',NULL,NULL,'Y','2025-02-18 08:56:54','2025-02-10 11:09:00',500),(46,'1130100037','HITUNG EOSINOPHIL (  100 CC )','ST_HEMA',1,NULL,'ST_HEMA',1,1,NULL,NULL,'BOTOL','BOTOL',NULL,NULL,'Y','2025-02-18 08:56:54','2025-02-10 11:09:00',500),(47,'1130100038','WRIGHT GIEMSA STAIN','ST_HEMA',1,NULL,'ST_HEMA',1,1,NULL,NULL,'KIT','KIT',NULL,NULL,'Y','2025-02-18 08:56:54','2025-02-10 11:09:00',500),(48,'1130100039','EDTA 10 % SOLUTION','',1,NULL,'ST_HEMA',1,1,NULL,NULL,'BOTOL','BOTOL',NULL,NULL,'Y','2025-02-18 08:56:54','2025-02-10 11:09:00',500),(49,'1130100040','FIBRINOGEN CALIBRATOR KIT SIEMENS - OQVK11','ST_HEMA',1,NULL,'ST_HEMA',1,1,NULL,NULL,'KIT','KIT',NULL,NULL,'Y','2025-02-18 08:56:54','2025-02-10 11:09:00',500),(50,'1130100041','E - CHECK XT / XE  ( NON KSO )','',1,NULL,'ST_HEMA',1,1,NULL,NULL,'SET','SET',NULL,NULL,'Y','2025-02-18 08:56:54','2025-02-10 11:09:00',500),(51,'1130100042','CELL CLEAN CL 50  ( NON KSO )','',1,NULL,'ST_HEMA',1,1,NULL,NULL,'BOTOL','BOTOL',NULL,NULL,'Y','2025-02-18 08:56:54','2025-02-10 11:09:00',500),(52,'1130100043','CALCIUM CHLORIDE - ORHO37','SUPPLIES',1,NULL,'ST_HEMA',1,1,NULL,NULL,'KIT','BOTOL',NULL,NULL,'Y','2025-02-14 14:20:27','2025-02-10 11:09:00',500),(53,'1130100045','BUFFER PRO WRIGHT - 1000 ml','',1,NULL,'ST_HEMA',1,1,NULL,NULL,'BOTOL','BOTOL',NULL,NULL,'Y','2025-02-18 08:56:54','2025-02-10 11:09:00',500),(54,'1130100046','GIEMSA 500 ml MERCK - 1.09204.0.500','ST_HEMA',1,NULL,'ST_HEMA',1,1,NULL,NULL,'BOTOL','BOTOL',NULL,NULL,'Y','2025-02-18 08:56:54','2025-02-10 11:09:00',500),(55,'1130100047','STROMATOLYSER 4 DL ( XS-800I )','',1,NULL,'ST_HEMA',1,1,NULL,NULL,'KIT','KIT',NULL,NULL,'Y','2025-02-14 14:20:27','2025-02-10 11:09:00',500),(56,'1130100048','REACTION TUBE CA-50 - 90407219','',1,NULL,'ST_HEMA',1,1,NULL,NULL,'PAK','PAK',NULL,NULL,'Y','2025-02-18 08:56:54','2025-02-10 11:09:00',500),(57,'1130100049','E - CHECK XS  ( KSO )','',1,NULL,'ST_HEMA',1,1,NULL,NULL,'SET','SET',NULL,NULL,'Y','2025-02-18 08:56:54','2025-02-10 11:09:00',500),(58,'1130100050','SCAL SET SOLUTION HELENA','',1,NULL,'ST_HEMA',1,1,NULL,NULL,'VIAL','VIAL',NULL,NULL,'Y','2025-02-18 08:56:54','2025-02-10 11:09:00',500),(59,'1130100052','RET SEARCH','',1,NULL,'ST_HEMA',1,1,NULL,NULL,'BOTOL','BOTOL',NULL,NULL,'Y','2025-02-18 08:56:54','2025-02-10 11:09:00',500),(60,'1130100053','CAT WRIGHT - 100 ml','',1,NULL,'ST_HEMA',1,1,NULL,NULL,'BOTOL','BOTOL',NULL,NULL,'Y','2025-02-18 08:56:54','2025-02-10 11:09:00',500),(61,'1130100054','BUFFER PRO WRIGHT - 250 ml','',1,NULL,'ST_HEMA',1,1,NULL,NULL,'BOTOL','BOTOL',NULL,NULL,'Y','2025-02-18 08:56:54','2025-02-10 11:09:00',500),(62,'1130100055','STD HUMAN PLASMA  ORKL13','ST_HEMA',1,NULL,'ST_HEMA',1,1,NULL,NULL,'KIT','VIAL',NULL,NULL,'Y','2025-02-14 14:20:27','2025-02-10 11:09:00',500),(63,'1130100056','OWREN`S VENORAL BUFFER B4234-25','',1,NULL,'ST_HEMA',1,1,NULL,NULL,'BOTOL','BOTOL',NULL,NULL,'Y','2025-02-14 14:20:27','2025-02-10 11:09:00',500),(64,'1130100057','CD32K WBC LYS RGT - 3H78.01','ST_HEMA',1,NULL,'ST_HEMA',1,1,NULL,NULL,'KIT','KIT',NULL,NULL,'Y','2025-02-14 14:20:27','2025-02-10 11:09:00',500),(65,'1130100058','CD32K DIL/SHEATH - 3H79.01','ST_HEMA',1,NULL,'ST_HEMA',1,1,NULL,NULL,'BOX','BOX',NULL,NULL,'Y','2025-02-18 08:56:54','2025-02-10 11:09:00',500),(66,'1130100059','CD32/R HGB NOC - 3H80.02','ST_HEMA',1,NULL,'ST_HEMA',1,1,NULL,NULL,'KIT','KIT',NULL,NULL,'Y','2025-02-18 08:56:54','2025-02-10 11:09:00',500),(67,'1130100060','CD HEMCAL PLUS - 8H57.01','ST_HEMA',1,NULL,'ST_HEMA',1,1,NULL,NULL,'KIT','KIT',NULL,NULL,'Y','2025-02-18 08:56:54','2025-02-10 11:09:00',500),(68,'1130100061','STROMATOLYSER WH','',1,NULL,'ST_HEMA',1,1,NULL,NULL,'KIT','KIT',NULL,NULL,'Y','2025-02-14 14:20:27','2025-02-10 11:09:00',500),(69,'1130100062','CD 26 PLS TRILVL QC - 8H59.01','ST_HEMA',1,NULL,'ST_HEMA',1,1,NULL,NULL,'SET','SET',NULL,NULL,'Y','2025-02-18 08:56:54','2025-02-10 11:09:00',500),(70,'1130100063','CD RUBY / 32 WBC LYSE 8H52.01','ST_HEMA',1,NULL,'ST_HEMA',1,1,NULL,NULL,'KIT','KIT',NULL,NULL,'Y','2025-02-18 08:56:54','2025-02-10 11:09:00',500),(71,'1130100064','MULTIFIBRIN U  - OWZG19','',1,NULL,'ST_HEMA',1,1,NULL,NULL,'KI1','KI1',NULL,NULL,'Y','2025-02-18 08:56:54','2025-02-10 11:09:00',500),(72,'1130100065','CA CLEAN I  GSA-500A - 95406313 ','',1,NULL,'ST_HEMA',1,1,NULL,NULL,'BOTOL','BOTOL',NULL,NULL,'Y','2025-02-18 08:56:54','2025-02-10 11:09:00',500),(73,'1130100066','STD HUMAN PLASMA  ORKL17','ST_HEMA',1,NULL,'ST_HEMA',1,1,NULL,NULL,'KIT','VIAL',NULL,NULL,'Y','2025-02-14 14:20:27','2025-02-10 11:09:00',500),(74,'1130100067','THROMBIN B4233-25','',1,NULL,'ST_HEMA',1,1,NULL,NULL,'KIT','BOTOL',NULL,NULL,'Y','2025-02-18 08:56:54','2025-02-10 11:09:00',500),(75,'1130100068','REES ECKER 100 ML','',1,NULL,'ST_HEMA',1,1,NULL,NULL,'BOTOL','BOTOL',NULL,NULL,'Y','2025-02-18 08:56:54','2025-02-10 11:09:00',500),(76,'1130100069','SULFOLYSER SLS - 210 A ( NON KSO )','ST_HEMA',1,NULL,'ST_HEMA',1,1,NULL,NULL,'BOTOL','BOTOL',NULL,NULL,'Y','2025-02-18 08:56:54','2025-02-10 11:09:00',500),(77,'1130100070','STROMATOLYSER FB 5 LT ( NON KSO )','',1,NULL,'ST_HEMA',1,1,NULL,NULL,'KIT','KIT',NULL,NULL,'Y','2025-02-18 08:56:54','2025-02-10 11:09:00',500),(78,'1130100071','STROMATOLYSER 4 DL ( NON KSO )','',1,NULL,'ST_HEMA',1,1,NULL,NULL,'KIT','KIT',NULL,NULL,'Y','2025-02-14 14:20:27','2025-02-10 11:09:00',500),(79,'1130100072','STROMATOLYSER 4 DS ( NON KSO )','',1,NULL,'ST_HEMA',1,1,NULL,NULL,'SACHET','SACHET',NULL,NULL,'Y','2025-02-14 14:20:27','2025-02-10 11:09:00',500),(80,'1130100074','XN CHECK -  ( L1.L2.L3 )  3 X 3 ML','ST_HEMA',1,NULL,'ST_HEMA',1,1,NULL,NULL,'SET','SET',NULL,NULL,'Y','2025-02-18 08:56:54','2025-02-10 11:09:00',500),(81,'1130100075','FLOUROCELL WPC - BU306227','',1,NULL,'ST_HEMA',1,1,NULL,NULL,'KIT','KIT',NULL,NULL,'Y','2025-02-18 08:56:54','2025-02-10 11:09:00',500),(82,'1130100076','FLOUROCELL RET - BN337547','',1,NULL,'ST_HEMA',1,1,NULL,NULL,'KIT','KIT',NULL,NULL,'Y','2025-02-18 08:56:54','2025-02-10 11:09:00',500),(83,'1130100077','FLOUROCELL PLT - CD994563','ST_HEMA',1,NULL,'ST_HEMA',1,1,NULL,NULL,'KIT','KIT',NULL,NULL,'Y','2025-02-18 08:56:54','2025-02-10 11:09:00',500),(84,'1130100078','FLUOROCELL WNR - CP066715','',1,NULL,'ST_HEMA',1,1,NULL,NULL,'KIT','KIT',NULL,NULL,'Y','2025-02-18 08:56:54','2025-02-10 11:09:00',500),(85,'1130100079','FLUOROCELL WDF - CV377552','',1,NULL,'ST_HEMA',1,1,NULL,NULL,'KIT','KIT',NULL,NULL,'Y','2025-02-18 08:56:54','2025-02-10 11:09:00',500),(86,'1130100080','CELL PACK DCL  - CT661628','',1,NULL,'ST_HEMA',1,1,NULL,NULL,'BOX','BOX',NULL,NULL,'Y','2025-02-18 08:56:54','2025-02-10 11:09:00',500),(87,'1130100081','LYSERCELL WNR - AN577063','',1,NULL,'ST_HEMA',1,1,NULL,NULL,'KIT','KIT',NULL,NULL,'Y','2025-02-18 08:56:54','2025-02-10 11:09:00',500),(88,'1130100082','LYSERCELL WDF - AW993605','',1,NULL,'ST_HEMA',1,1,NULL,NULL,'KIT','KIT',NULL,NULL,'Y','2025-02-18 08:56:54','2025-02-10 11:09:00',500),(89,'1130100083','LYSERCELL WPC - CS412800','ST_HEMA',1,NULL,'ST_HEMA',1,1,NULL,NULL,'KIT','KIT',NULL,NULL,'Y','2025-02-18 08:56:54','2025-02-10 11:09:00',500),(90,'1130100084','CELL PACK DFL - BT965910','',1,NULL,'ST_HEMA',1,1,NULL,NULL,'KIT','KIT',NULL,NULL,'Y','2025-02-18 08:56:54','2025-02-10 11:09:00',500),(91,'1130100085','SULFOLYSER 1,5 - BJ350971','',1,NULL,'ST_HEMA',1,1,NULL,NULL,'BOTOL','BOTOL',NULL,NULL,'Y','2025-02-18 08:56:54','2025-02-10 11:09:00',500),(92,'1130100086','PFA COLLAGEN / EPI TEST - B417020','ST_HEMA',1,NULL,'ST_HEMA',1,1,NULL,NULL,'KIT','KIT',NULL,NULL,'Y','2025-02-14 14:20:27','2025-02-10 11:09:00',500),(93,'1130100087','PFA COLLAGEN / ADP TEST - B417021','ST_HEMA',1,NULL,'ST_HEMA',1,1,NULL,NULL,'KIT','KIT',NULL,NULL,'Y','2025-02-14 14:20:27','2025-02-10 11:09:00',500),(94,'1130100088','INNOVANCE PFA P2Y - B417022','',1,NULL,'ST_HEMA',1,1,NULL,NULL,'KIT','KIT',NULL,NULL,'Y','2025-02-18 08:56:54','2025-02-10 11:09:00',500),(95,'1130100089','PFA TRIGGER SOL - B417050','ST_HEMA',1,NULL,'ST_HEMA',1,1,NULL,NULL,'KIT','KIT',NULL,NULL,'Y','2025-02-18 08:56:54','2025-02-10 11:09:00',500),(96,'1130100090','PFA VACUUM TEST TUBE - B417075','SUPPLIES',1,NULL,'ST_HEMA',1,1,NULL,NULL,'PAK','PAK',NULL,NULL,'Y','2025-02-14 14:20:27','2025-02-10 11:09:00',500),(97,'1130100091','PFA CLEANING PADS - B417073','ST_HEMA',1,NULL,'ST_HEMA',1,1,NULL,NULL,'KIT','KIT',NULL,NULL,'Y','2025-02-18 08:56:54','2025-02-10 11:09:00',500),(98,'1130100092','XN CHECK ( L1 ) - BV661822','ST_HEMA',1,NULL,'ST_HEMA',1,1,NULL,NULL,'VIAL','VIAL',NULL,NULL,'Y','2025-02-18 08:56:54','2025-02-10 11:09:00',500),(99,'1130100093','XN CHECK ( L2 ) - AK060533','ST_HEMA',1,NULL,'ST_HEMA',1,1,NULL,NULL,'VIAL','VIAL',NULL,NULL,'Y','2025-02-18 08:56:54','2025-02-10 11:09:00',500),(100,'1130100094','XN CHECK ( L3 ) - BR875289','ST_HEMA',1,NULL,'ST_HEMA',1,1,NULL,NULL,'VIAL','VIAL',NULL,NULL,'Y','2025-02-18 08:56:54','2025-02-10 11:09:00',500),(101,'1130100095','XN CHECK BF - BY698063','ST_HEMA',1,NULL,'ST_HEMA',1,1,NULL,NULL,'KIT','KIT',NULL,NULL,'Y','2025-02-18 08:56:54','2025-02-10 11:09:00',500),(102,'1130100097','E - CHECK XT  ( KSO )','',1,NULL,'ST_HEMA',1,1,NULL,NULL,'SET','SET',NULL,NULL,'Y','2025-02-18 08:56:54','2025-02-10 11:09:00',500),(103,'1130100098','DADE INOVIN  ( B421240 ) -  SIEMENS','',1,NULL,'ST_HEMA',1,1,NULL,NULL,'KIT','BOTOL',NULL,NULL,'Y','2025-02-18 08:56:54','2025-02-10 11:09:00',500),(104,'1130100035','SD MALARIA Ag P.f / P.V 25 T - 5FK80','ST_HEMA',1,NULL,'ST_HEMA',1,1,NULL,NULL,'KIT','KIT',NULL,NULL,'Y','2025-02-14 14:20:27','2025-02-10 11:09:00',500),(105,'1130100122','CD 32 K INLINE FILTER -  6H92.01','SUPPLIES',1,NULL,'ST_HEMA',1,1,NULL,NULL,'UNIT','UNIT',NULL,NULL,'Y','2025-02-14 14:20:27','2025-02-10 11:09:00',500),(106,'1130100120','REAGEN HBA 1 C PREMIER HB 9210 500 T ( 09-03-0008 )','REAGEN',1,NULL,'ST_HEMA',1,1,NULL,NULL,'KIT','KIT',NULL,NULL,'Y','2025-02-14 14:20:27','2025-02-10 11:09:00',500),(107,'1130100108','SULFOLYSER SLS 210 A  P90411317  500 ml  (  XN L 550 )','',1,NULL,'ST_HEMA',1,1,NULL,NULL,'BOTOL','BOTOL',NULL,NULL,'Y','2025-02-18 08:56:54','2025-02-10 11:09:00',500),(108,'1130100015','SULFOLYSER SLS - 210 A ( KSO )','',1,NULL,'ST_HEMA',1,1,NULL,NULL,'BOTOL','BOTOL',NULL,NULL,'Y','2025-02-18 08:56:54','2025-02-10 11:09:00',500),(109,'1130200604','SEBIA CAPICLEAN  CAT 2058','ST_KIMIA',1,NULL,'ST_HEMA',1,1,NULL,NULL,'PAK','PAK',NULL,NULL,'Y','2025-02-18 08:56:54','2025-02-10 11:09:00',500),(110,'1130100107','TE CONTROL - N 010 ( NORMAL COAGULATION )','ST_KIMIA',1,NULL,'ST_HEMA',1,1,NULL,NULL,'VIAL','VIAL',NULL,NULL,'Y','2025-02-18 08:56:54','2025-02-10 11:09:00',500),(111,'1130100106','TE CLOT CALCIUM CHLORIDE 0,025 M','ST_KIMIA',1,NULL,'ST_HEMA',1,1,NULL,NULL,'VIAL','VIAL',NULL,NULL,'Y','2025-02-18 08:56:54','2025-02-10 11:09:00',500),(112,'1130100105','BCB 1% KEMASAN 50 ML','ST_KIMIA',1,NULL,'ST_HEMA',1,1,NULL,NULL,'BOTOL','BOTOL',NULL,NULL,'Y','2025-02-18 08:56:54','2025-02-10 11:09:00',500),(113,'1130100104','TE CLOTAPTT-S A0320-050','ST_KIMIA',1,NULL,'ST_HEMA',1,1,NULL,NULL,'VIAL','VIAL',NULL,NULL,'Y','2025-02-18 08:56:54','2025-02-10 11:09:00',500),(114,'1130100103','TE CLOT PT-S ( TROMBOPLASTIN ) 4 ML','ST_KIMIA',1,NULL,'ST_HEMA',1,1,NULL,NULL,'VIAL','VIAL',NULL,NULL,'Y','2025-02-18 08:56:54','2025-02-10 11:09:00',500),(115,'1130100121','VISION DONGLE  ( PEMERIKSAAN LED )','SUPPLIES',1,NULL,'ST_HEMA',1,1,NULL,NULL,'TEST','TEST',NULL,NULL,'Y','2025-02-14 14:20:27','2025-02-10 11:09:00',500),(116,'1130100171','KAOLIN SUSPENSION SIEMENS - OQAB45','ST_HEMA',1,NULL,'ST_HEMA',1,1,NULL,NULL,'KIT','KIT',NULL,NULL,'Y','2025-02-18 08:56:54','2025-02-10 11:09:00',500),(117,'1130100172','DILUENT DXH 05 - B 36845 10 LITER  ( BECKMAN COULTER )','ST_HEMA',1,NULL,'ST_HEMA',1,1,NULL,NULL,'BOX','BOX',NULL,NULL,'Y','2025-02-18 08:56:54','2025-02-10 11:09:00',500),(118,'1130100173','LYSE DXH 06 - B 36846 500 ML  (  BECKMAN COULTER )','ST_HEMA',1,NULL,'ST_HEMA',1,1,NULL,NULL,'BOTOL','BOTOL',NULL,NULL,'Y','2025-02-18 08:56:54','2025-02-10 11:09:00',500),(119,'1130100174','CLEANER DXH 08 - B 36868  500 ML  (  BECKMAN COULTER )','ST_HEMA',1,NULL,'ST_HEMA',1,1,NULL,NULL,'BOTOL','BOTOL',NULL,NULL,'Y','2025-02-18 08:56:54','2025-02-10 11:09:00',500),(120,'1130100175','CONTROL TRI LEVEL  DXH 02 - B 36872  6 X 2,3 ML   (  BECKMAN COULTER )','ST_HEMA',1,NULL,'ST_HEMA',1,1,NULL,NULL,'SET','SET',NULL,NULL,'Y','2025-02-18 08:56:54','2025-02-10 11:09:00',500),(121,'1130100176','CALIBRATOR  DXH 00 - B 36880  2 X 2  ML   (  BECKMAN COULTER )','ST_HEMA',1,NULL,'ST_HEMA',1,1,NULL,NULL,'SET','SET',NULL,NULL,'Y','2025-02-18 08:56:54','2025-02-10 11:09:00',500),(122,'1130100185','AIM MALARIA DUO RAPID TEST ( PAN / P.f ) - MAL D2 20','ST_HEMA',1,NULL,'ST_HEMA',1,1,NULL,NULL,'KIT','KIT',NULL,NULL,'Y','2025-02-14 14:20:27','2025-02-10 11:09:00',500),(123,'1130100186','CD RUBY ASP NDL - 9H06 - 01','ST_HEMA',1,NULL,'ST_HEMA',1,1,NULL,NULL,'KIT','KIT',NULL,NULL,'Y','2025-02-14 14:20:27','2025-02-10 11:09:00',500),(124,'1130100187','MALARIA P.f / P.V CARD GLORY ( GD - MALPF/PV )','ST_HEMA',1,NULL,'ST_HEMA',1,1,NULL,NULL,'TEST','TEST',NULL,NULL,'Y','2025-02-18 08:56:54','2025-02-10 11:09:00',500),(125,'1130100198','CALIBRATOR FOR ALIFAX ESR - REF SI 305.402-A','ST_HEMA',1,NULL,'ST_HEMA',1,1,NULL,NULL,'KIT','KIT',NULL,NULL,'Y','2025-02-18 08:56:54','2025-02-10 11:09:00',500),(126,'1130100167','HEMOSIL RECOMBI PLASTIN 2G ( 8 ML ) - HMS29','ST_HEMA',1,NULL,'ST_HEMA',1,1,NULL,NULL,'KIT','KIT',NULL,NULL,'Y','2025-02-14 14:20:27','2025-02-10 11:09:00',500),(127,'1130100168','HEMOSIL SYNTH ASII - SIL 68','ST_HEMA',1,NULL,'ST_HEMA',1,1,NULL,NULL,'KIT','KIT',NULL,NULL,'Y','2025-02-14 14:20:27','2025-02-10 11:09:00',500),(128,'1130100199','LYSERCELL WDF 1 X 2 L - ZPPAV021787','ST_HEMA',1,NULL,'ST_HEMA',1,1,NULL,NULL,'BOTOL','BOTOL',NULL,NULL,'Y','2025-02-18 08:56:54','2025-02-10 11:09:00',500),(129,'1130100165','METHANOL 100 ML','ST_HEMA',1,NULL,'ST_HEMA',1,1,NULL,NULL,'BOTOL','BOTOL',NULL,NULL,'Y','2025-02-18 08:56:54','2025-02-10 11:09:00',500),(130,'1139800874','CUVETTE FL SYSMEX KAT. AG 405-069 ( 500 PCS )','ST_HEMA',1,NULL,'ST_HEMA',1,1,NULL,NULL,'BOX','BOX',NULL,NULL,'Y','2025-02-18 08:56:54','2025-02-10 11:09:00',500),(131,'1130100166','HEMOSIL NORMAL CONTROL ASSAYED - HNCO 2','ST_HEMA',1,NULL,'ST_HEMA',1,1,NULL,NULL,'KIT','KIT',NULL,NULL,'Y','2025-02-14 14:20:27','2025-02-10 11:09:00',500),(132,'1130100164','CAIRAN NA CITRAT 3,8 % - 250 ML','ST_HEMA',1,NULL,'ST_HEMA',1,1,NULL,NULL,'BOTOL','BOTOL',NULL,NULL,'Y','2025-02-18 08:56:54','2025-02-10 11:09:00',500),(133,'1130100169','SMART CARD ALIFAX 1000','ST_HEMA',2,NULL,'ST_HEMA',1,1,NULL,NULL,'PCS','PCS',NULL,NULL,'Y','2025-02-18 09:01:12','2025-02-10 11:09:00',500),(134,'1130100170','LATEX CONTROL ALIFAX','ST_HEMA',1,NULL,'ST_HEMA',1,1,NULL,NULL,'KIT','KIT',NULL,NULL,'Y','2025-02-18 08:56:54','2025-02-10 11:09:00',500),(135,'1130100158','E CHECK XS LEVEL 2 ( NORMAL ) - 05438511','SUPPLIES',1,NULL,'ST_HEMA',1,1,NULL,NULL,'VIAL','VIAL',NULL,NULL,'Y','2025-02-14 14:20:27','2025-02-10 11:09:00',500),(136,'1130100159','E CHECK XS LEVEL 3 ( HIGH ) - 05438716','SUPPLIES',1,NULL,'ST_HEMA',1,1,NULL,NULL,'VIAL','VIAL',NULL,NULL,'Y','2025-02-14 14:20:27','2025-02-10 11:09:00',500),(137,'1130100161','STROMATOLYSER 4 DL ( FFD 220 A ) 2 LITER - 05433212','SUPPLIES',1,NULL,'ST_HEMA',1,1,NULL,NULL,'BOTOL','BOTOL',NULL,NULL,'Y','2025-02-14 14:20:27','2025-02-10 11:09:00',500),(138,'1130100119','PATHROMTIN SL - OQGS39','SUPPLIES',1,NULL,'ST_HEMA',1,1,NULL,NULL,'KIT','VIAL',NULL,NULL,'Y','2025-02-14 14:20:27','2025-02-10 11:09:00',500),(139,'1130100096','CELL CLEAN AUTO  CF  579595','',1,NULL,'ST_HEMA',1,1,NULL,NULL,'KIT','KIT',NULL,NULL,'Y','2025-02-18 08:56:54','2025-02-10 11:09:00',500),(140,'1139800607','LAMPU HALOGENSYSMEX - CR323182','SUPPLIES',1,NULL,'ST_HEMA',1,1,NULL,NULL,'PCS','PCS',NULL,NULL,'Y','2025-02-14 14:20:27','2025-02-10 11:09:00',500),(141,'1130100133','STROMATOLYSER - IM  10 L ( SIM 220 A )','SUPPLIES',1,NULL,'ST_HEMA',1,1,NULL,NULL,'BOX','BOX',NULL,NULL,'Y','2025-02-14 14:20:27','2025-02-10 11:09:00',500),(142,'1130100134','CUVETTE SUC 400A 064 - 1481 - 0','SUPPLIES',1,NULL,'ST_HEMA',1,1,NULL,NULL,'BOX','BOX',NULL,NULL,'Y','2025-02-14 14:20:27','2025-02-10 11:09:00',500),(143,'1130100135','XN CAL SYSMEX - AE 344243','ST_HEMA',1,NULL,'ST_HEMA',1,1,NULL,NULL,'VIAL','VIAL',NULL,NULL,'Y','2025-02-18 08:56:54','2025-02-10 11:09:00',500),(144,'1130100136','XN CAL SYSMEX - CY 310935','ST_HEMA',1,NULL,'ST_HEMA',1,1,NULL,NULL,'KIT','KIT',NULL,NULL,'Y','2025-02-18 08:56:54','2025-02-10 11:09:00',500),(145,'1139800647','WASTER GREAN, GREEN','SUPPLIES',1,NULL,'ST_HEMA',1,1,NULL,NULL,'PCS','PCS',NULL,NULL,'Y','2025-02-14 14:20:27','2025-02-10 11:09:00',500),(146,'1130100137','REAGEN SCALSET ','SUPPLIES',1,NULL,'ST_HEMA',1,1,NULL,NULL,'KIT','KIT',NULL,NULL,'Y','2025-02-14 14:20:27','2025-02-10 11:09:00',500),(147,'1130100140','CALCIUM CHLORIDE 3,2  ( AXIS SHIELD )','SUPPLIES',1,NULL,'ST_HEMA',1,1,NULL,NULL,'KIT','KIT',NULL,NULL,'Y','2025-02-14 14:20:27','2025-02-10 11:09:00',500),(148,'1130100138','THROMBIN TIME - OWHM13','ST_ADMIN',1,NULL,'ST_HEMA',1,1,NULL,NULL,'KIT','KIT',NULL,NULL,'Y','2025-02-18 08:56:54','2025-02-10 11:09:00',500),(149,'1130100139','ACTIN FS - APTT ( B 4218-20 )  SIEMENS','ST_HEMA',1,NULL,'ST_HEMA',1,1,NULL,NULL,'KIT','BOTOL',NULL,NULL,'Y','2025-02-18 08:56:54','2025-02-10 11:09:00',500),(150,'1130100131','CAT WRIGHT 500 ml MERCK - 1.01383.0.500','SUPPLIES',1,NULL,'ST_HEMA',1,1,NULL,NULL,'BOTOL','BOTOL',NULL,NULL,'Y','2025-02-14 14:20:27','2025-02-10 11:09:00',500),(151,'1130100142','PIMA CD4 ALERE - 160100100','ST_HEMA',3,NULL,'ST_HEMA',1,1,4,NULL,'KIT','TES',NULL,NULL,'Y','2025-02-18 08:57:22','2025-02-10 11:09:00',500),(152,'1130100109','LYSERCELL WDF - WDF 220A  BG 689680  2 Liter  ( XN L 550 )','',1,NULL,'ST_HEMA',1,1,NULL,NULL,'KIT','KIT',NULL,NULL,'Y','2025-02-18 08:56:54','2025-02-10 11:09:00',500),(153,'1130100111','CELL PACK DFL - DFL 310 A AR829995 1 Liter  ( XN L 550 )','',1,NULL,'ST_HEMA',1,1,NULL,NULL,'BOX','BOX',NULL,NULL,'Y','2025-02-18 08:56:54','2025-02-10 11:09:00',500),(154,'1130100145','PIMA BEAD STANDART ALERE - REF 260400011','SUPPLIES',1,NULL,'ST_HEMA',1,1,NULL,NULL,'KIT','BOTOL',NULL,NULL,'Y','2025-02-14 14:20:27','2025-02-10 11:09:00',500),(155,'1130100146','PIMA BEADS (  NORMAL )  ALERE ','SUPPLIES',1,NULL,'ST_HEMA',1,1,NULL,NULL,'KIT','KIT',NULL,NULL,'Y','2025-02-14 14:20:27','2025-02-10 11:09:00',500),(156,'1130100147','PIMA BEADS (  LOW )  ALERE  ','SUPPLIES',1,NULL,'ST_HEMA',1,1,NULL,NULL,'KIT','KIT',NULL,NULL,'Y','2025-02-14 14:20:27','2025-02-10 11:09:00',500),(157,'1130100141','CAT ZIEHL NEELSEN AIM  ( KEMASAN 65 ML ) ','SUPPLIES',1,NULL,'ST_HEMA',1,1,NULL,NULL,'SET','SET',NULL,NULL,'Y','2025-02-14 14:20:27','2025-02-10 11:09:00',500),(158,'1139800693','CONE INDICATOR','SUPPLIES',1,NULL,'ST_HEMA',1,1,NULL,NULL,'PCS','PCS',NULL,NULL,'Y','2025-02-14 14:20:27','2025-02-10 11:09:00',500),(159,'1130100150','AMMONIUM OXALAT 1% ','SUPPLIES',1,NULL,'ST_HEMA',1,1,NULL,NULL,'BOTOL','BOTOL',NULL,NULL,'Y','2025-02-14 14:20:27','2025-02-10 11:09:00',500),(160,'1130100151','LYSERCELL WNR 210 A - ZPPBL121531 ( XN 1000 )','SUPPLIES',1,NULL,'ST_HEMA',1,1,NULL,NULL,'KIT','KIT',NULL,NULL,'Y','2025-02-14 14:20:27','2025-02-10 11:09:00',500),(161,'1130100152','LYSERCELL WDF 210 A - ZPPAL337564 ( XN 1000 )','SUPPLIES',1,NULL,'ST_HEMA',1,1,NULL,NULL,'BOX','BOX',NULL,NULL,'Y','2025-02-14 14:20:27','2025-02-10 11:09:00',500),(162,'1130100143','VISION QUALITY CONTROL LEVEL 1','SUPPLIES',1,NULL,'ST_HEMA',1,1,NULL,NULL,'BOTOL','BOTOL',NULL,NULL,'Y','2025-02-14 14:20:27','2025-02-10 11:09:00',500),(163,'1130100144','VISION QUALITY CONTROL LEVEL 2','SUPPLIES',1,NULL,'ST_HEMA',1,1,NULL,NULL,'BOTOL','BOTOL',NULL,NULL,'Y','2025-02-14 14:20:27','2025-02-10 11:09:00',500),(164,'1130100129','NA CITRAT 3.8 %','SUPPLIES',1,NULL,'ST_HEMA',1,1,NULL,NULL,'BOTOL','BOTOL',NULL,NULL,'Y','2025-02-14 14:20:27','2025-02-10 11:09:00',500),(165,'1130200586','SEBIA MINICAP ELP HEMOGLOBIN','ST_KIMIA',1,NULL,'ST_HEMA',1,1,NULL,NULL,'KIT','KIT',NULL,NULL,'Y','2025-02-18 08:56:54','2025-02-10 11:09:00',500),(166,'1130100102','CA CLEAN II  45 ML GEZ 520 A  ( BT-565-104 )','',1,NULL,'ST_HEMA',1,1,NULL,NULL,'BOTOL','BOTOL',NULL,NULL,'Y','2025-02-18 08:56:54','2025-02-10 11:09:00',500),(167,'1130100101','FILTER DILUENT ( CD RUBY )','SUPPLIES',1,NULL,'ST_HEMA',1,1,NULL,NULL,'KIT','KIT',NULL,NULL,'Y','2025-02-14 14:20:27','2025-02-10 11:09:00',500),(168,'1130100160','BRILLIANT CRESYL BLUE MERCK - 1.01384.0100 ( 100 ML )','SUPPLIES',1,NULL,'ST_HEMA',1,1,NULL,NULL,'BOTOL','BOTOL',NULL,NULL,'Y','2025-02-14 14:20:27','2025-02-10 11:09:00',500),(169,'1139800004','Na CL 0.9% - 1000 CC','',1,NULL,'ST_HEMA',1,1,NULL,NULL,'BOTOL','BOTOL',NULL,NULL,'Y','2025-02-18 08:56:54','2025-02-10 11:09:00',500),(170,'1139800070','TURK ( 100 CC )','',1,NULL,'ST_HEMA',1,1,NULL,NULL,'BOTOL','BOTOL',NULL,NULL,'Y','2025-02-18 08:56:54','2025-02-10 11:09:00',500),(171,'1139800071','XYLOL 250 ml','REAGEN',1,NULL,'ST_HEMA',1,1,NULL,NULL,'BOTOL','BOTOL',NULL,NULL,'Y','2025-02-14 14:20:27','2025-02-10 11:09:00',500),(172,'1130100100','METHANOL  250  ML','ST_KIMIA',1,NULL,'ST_HEMA',1,1,NULL,NULL,'BOTOL','BOTOL',NULL,NULL,'Y','2025-02-18 08:56:54','2025-02-10 11:09:00',500),(173,'1130100116','FALCIFAX MALARIA RAPID TEST - TULIP ','REAGEN',1,NULL,'ST_HEMA',1,1,NULL,NULL,'KIT','KIT',NULL,NULL,'Y','2025-02-14 14:20:27','2025-02-10 11:09:00',500),(174,'1130100154','MALARIA Pf / PAN  RAPID TEST CASSETTE (  RIGHT SIGN ) - IMPN - C52','SUPPLIES',1,NULL,'ST_HEMA',1,1,NULL,NULL,'KIT','KIT',NULL,NULL,'Y','2025-02-14 14:20:27','2025-02-10 11:09:00',500),(175,'1130100155','LIQUICHECK SEDIMENTATION RATE CONTROL LEVEL 1','SUPPLIES',1,NULL,'ST_HEMA',1,1,NULL,NULL,'VIAL','VIAL',NULL,NULL,'Y','2025-02-14 14:20:27','2025-02-10 11:09:00',500),(176,'1130100156','LIQUICHECK SEDIMENTATION RATE CONTROL LEVEL 2','SUPPLIES',1,NULL,'ST_HEMA',1,1,NULL,NULL,'VIAL','VIAL',NULL,NULL,'Y','2025-02-14 14:20:27','2025-02-10 11:09:00',500),(177,'1130100157','E CHECK XS LEVEL 1 ( LOW ) - 05438619','SUPPLIES',1,NULL,'ST_HEMA',1,1,NULL,NULL,'VIAL','VIAL',NULL,NULL,'Y','2025-02-14 14:20:27','2025-02-10 11:09:00',500),(178,'1130100110','FLUOROCELL WDF - WDF 810 A AA 325279  22 ml  ( XN L 550 )','',1,NULL,'ST_HEMA',1,1,NULL,NULL,'CATRIDGE','CATRIDGE',NULL,NULL,'Y','2025-02-18 08:56:54','2025-02-10 11:09:00',500),(179,'1130100112','FLUOROCELL RET - RET 810 A CU 920210 12 ml  ( XN L 550 )','',1,NULL,'ST_HEMA',1,1,NULL,NULL,'CATRIDGE','CATRIDGE',NULL,NULL,'Y','2025-02-18 08:56:54','2025-02-10 11:09:00',500),(180,'1130100113','XN CHECK ( L1 , L2, L3 )  3 X 3 ML  - SYSMEX L 550 ( KSO )','ST_HEMA',1,NULL,'ST_HEMA',1,1,NULL,NULL,'SET','SET',NULL,NULL,'Y','2025-02-18 08:56:54','2025-02-10 11:09:00',500),(181,'1130100114','XN CAL ( XN L 550 )','ST_HEMA',1,NULL,'ST_HEMA',1,1,NULL,NULL,'BOTOL','BOTOL',NULL,NULL,'Y','2025-02-18 08:56:54','2025-02-10 11:09:00',500),(182,'1130100115','CELL CLEAN AUTO  - CCA 500 CF 579595 4 ml X 20 VIAL ( XN L 550 )','REAGEN',1,NULL,'ST_HEMA',1,1,NULL,NULL,'KIT','BOTOL',NULL,NULL,'Y','2025-02-14 14:20:27','2025-02-10 11:09:00',500),(183,'1130100118','RHOFINAL ANTI D -  151105','',1,NULL,'ST_HEMA',1,1,NULL,NULL,'VIAL','VIAL',NULL,NULL,'Y','2025-02-14 14:20:27','2025-02-10 11:09:00',500),(184,'1130309315','ABO SCREEN TULIP','ST_IMMUN',1,NULL,'ST_HEMA',1,1,NULL,NULL,'VIAL','VIAL',NULL,NULL,'Y','2025-02-18 08:56:54','2025-02-10 11:09:00',500),(185,'1130100153','XN-L CHECK  ( L1,L2,L3 )  - BL254184/CB060015/AS975028  3 X 3 ML','ST_HEMA',1,NULL,'ST_HEMA',1,1,NULL,NULL,'SET','SET',NULL,NULL,'Y','2025-02-18 08:56:54','2025-02-10 11:09:00',500),(186,'1130100149','PREMIER CONTROL ( 01-03-0010 )','REAGEN',1,NULL,'ST_HEMA',1,1,NULL,NULL,'KIT','KIT',NULL,NULL,'Y','2025-02-14 14:20:27','2025-02-10 11:09:00',500),(187,'1130100148','PREMIER CALIBRATOR ( 01-04-0022 )','REAGEN',1,NULL,'ST_HEMA',1,1,NULL,NULL,'KIT','KIT',NULL,NULL,'Y','2025-02-14 14:20:27','2025-02-10 11:09:00',500),(188,'1130100132','PEWARNA MDT3 INDO REAGEN - 100 ML','REAGEN',1,NULL,'ST_HEMA',1,1,NULL,NULL,'BOTOL','BOTOL',NULL,NULL,'Y','2025-02-14 14:20:27','2025-02-10 11:09:00',500),(189,'1130100130','SMART CARD ALIFAX- ROLLER 20 ( 1000 TES )','SUPPLIES',1,NULL,'ST_HEMA',1,1,NULL,NULL,'PCS','PCS',NULL,NULL,'Y','2025-02-14 14:20:27','2025-02-10 11:09:00',500),(190,'1130100128','CD 18 PLUS CALIBRATOR - 9H70.01','ST_HEMA',1,NULL,'ST_HEMA',1,1,NULL,NULL,'KIT','KIT',NULL,NULL,'Y','2025-02-18 08:56:54','2025-02-10 11:09:00',500),(191,'1130100127','ALIFAX PULSA LED','SUPPLIES',1,NULL,'ST_HEMA',1,1,NULL,NULL,'PCS','PCS',NULL,NULL,'Y','2025-02-14 14:20:27','2025-02-10 11:09:00',500),(192,'1130100126','METHANOL MERCK 2,5 LITER - 1.06009.2500','SUPPLIES',1,NULL,'ST_HEMA',1,1,NULL,NULL,'BOTOL','BOTOL',NULL,NULL,'Y','2025-02-14 14:20:27','2025-02-10 11:09:00',500),(193,'1130100125','IODIUM 1% 100 ML','SUPPLIES',1,NULL,'ST_HEMA',1,1,NULL,NULL,'BOTOL','BOTOL',NULL,NULL,'Y','2025-02-14 14:20:27','2025-02-10 11:09:00',500),(194,'1130100073','CELL PACK PK 20 L ( NON KSO )','',1,NULL,'ST_HEMA',1,1,NULL,NULL,'KIT','KIT',NULL,NULL,'Y','2025-02-18 08:56:54','2025-02-10 11:09:00',500),(195,'1130100124','BUFFER pH 7,2  100 mL','REAGEN',1,NULL,'ST_HEMA',1,1,NULL,NULL,'BOTOL','BOTOL',NULL,NULL,'Y','2025-02-14 14:20:27','2025-02-10 11:09:00',500),(196,'1130100123','GIEMSA 100 ml','REAGEN',1,NULL,'ST_HEMA',1,1,NULL,NULL,'BOTOL','BOTOL',NULL,NULL,'Y','2025-02-14 14:20:27','2025-02-10 11:09:00',500),(256,'I25020013','coba item baru',NULL,3,'00123',NULL,1,0,6,0,NULL,NULL,NULL,NULL,'Y','2025-02-27 14:59:35','2025-02-27 14:59:35',355),(257,'I25020014','coba item baru 2 edit',NULL,2,'123 edit',NULL,2,0,0,2,NULL,NULL,NULL,NULL,'N','2025-02-28 10:33:44','2025-02-28 10:33:44',355),(258,'I25020015','coba coba',NULL,1,'',NULL,1,2,0,0,NULL,NULL,NULL,NULL,'Y','2025-02-27 15:08:48','2025-02-27 15:08:48',355),(259,'I25020016','coba item 4',NULL,2,'',NULL,1,0,0,2,NULL,NULL,NULL,NULL,'Y','2025-02-27 15:24:54','2025-02-27 15:24:54',355),(260,'I2502280021','coba item 5',NULL,4,'123456',NULL,4,0,0,0,NULL,NULL,NULL,NULL,'Y','2025-02-28 10:35:59','2025-02-28 10:35:59',355),(261,'I2503040001','test 1',NULL,1,'0000101',NULL,1,1,0,0,NULL,NULL,NULL,NULL,'Y','2025-03-04 15:50:16','2025-03-04 15:50:16',353);

--
-- Table structure for table `m_omzettype`
--

CREATE TABLE `m_omzettype` (
  `M_OmzetTypeID` int(11) NOT NULL AUTO_INCREMENT,
  `M_OmzetTypeName` varchar(25) NOT NULL,
  `M_OmzetTypeIsActive` char(1) NOT NULL DEFAULT 'Y',
  `M_OmzetTypeUserID` int(11) NOT NULL,
  `M_OmzetTypeCreated` datetime NOT NULL,
  `M_OmzetTypeLastUpdated` timestamp NOT NULL DEFAULT current_timestamp() ON UPDATE current_timestamp(),
  PRIMARY KEY (`M_OmzetTypeID`)
) ENGINE=InnoDB AUTO_INCREMENT=9 DEFAULT CHARSET=utf8mb4;

--
-- Dumping data for table `m_omzettype`
--

INSERT INTO `m_omzettype` VALUES (1,'APS','Y',1,'0000-00-00 00:00:00','0000-00-00 00:00:00'),(2,'Dokter','Y',1,'2019-10-21 10:26:05','0000-00-00 00:00:00'),(3,'Perusahaan','Y',1,'2019-10-21 10:26:18','0000-00-00 00:00:00'),(4,'Rujukan','Y',1,'2019-10-21 10:26:30','0000-00-00 00:00:00'),(5,'Anak Perusahaan','Y',1,'2019-10-21 10:26:51','2019-12-29 21:47:27'),(6,'Penelitian','Y',1,'2019-11-20 09:35:38','2019-11-19 19:35:38'),(7,'Rujukan Antar Pramita','Y',1,'2019-11-27 11:53:46','2019-12-29 21:47:48'),(8,'Rujukan Antar Pramita','N',1,'2019-10-21 10:26:30','2019-12-29 21:48:05');

--
-- Table structure for table `m_position`
--

CREATE TABLE `m_position` (
  `M_PositionID` int(11) NOT NULL AUTO_INCREMENT,
  `M_PositionCode` varchar(10) NOT NULL,
  `M_PositionName` varchar(50) NOT NULL,
  `M_PositionIsMarketing` char(1) NOT NULL DEFAULT 'N',
  `M_PositionIsActive` char(1) NOT NULL DEFAULT 'Y',
  `M_PositionUserID` int(11) NOT NULL DEFAULT 1,
  `M_PositionCreated` datetime NOT NULL DEFAULT '0000-00-00 00:00:00' ON UPDATE current_timestamp(),
  `M_PositionLastUpdated` timestamp NOT NULL DEFAULT current_timestamp() ON UPDATE current_timestamp(),
  PRIMARY KEY (`M_PositionID`),
  KEY `M_PositionID` (`M_PositionID`),
  KEY `M_PositionCode` (`M_PositionCode`),
  KEY `M_PositionName` (`M_PositionName`),
  KEY `M_PositionIsActive` (`M_PositionIsActive`),
  KEY `M_PositionUserID` (`M_PositionUserID`),
  KEY `M_PositionLastUpdate` (`M_PositionLastUpdated`),
  KEY `M_PositionIsMarketing` (`M_PositionIsMarketing`)
) ENGINE=InnoDB AUTO_INCREMENT=60 DEFAULT CHARSET=latin1;

--
-- Dumping data for table `m_position`
--

INSERT INTO `m_position` VALUES (1,'01','Analis','N','Y',353,'2025-02-12 09:59:32','2025-02-12 02:59:32'),(2,'02','Marketing','Y','Y',3,'2020-03-26 09:27:34','2020-03-25 12:27:34'),(3,'03','SDM & UMUM','N','Y',1,'0000-00-00 00:00:00','2018-12-25 20:25:33'),(4,'04','General Manager','N','N',1,'0000-00-00 00:00:00','2016-02-04 10:48:07'),(5,'04','Radiografer','N','Y',1,'0000-00-00 00:00:00','2018-12-04 07:21:50'),(6,'05','Keuangan','N','Y',1,'0000-00-00 00:00:00','2018-12-04 07:22:00'),(7,'06','Pengadaan','N','Y',1,'0000-00-00 00:00:00','2018-12-04 07:22:17'),(8,'07','Perawat','N','Y',3,'2019-12-19 12:02:46','2019-12-18 08:02:46'),(9,'08','Front Office','N','Y',348,'2020-09-08 12:43:20','2020-09-07 22:43:20'),(10,'09','SPV','N','Y',361,'2020-01-02 09:40:06','2020-01-01 05:40:06'),(11,'10','Kepala Cabang','N','Y',1,'0000-00-00 00:00:00','2018-12-27 19:05:59'),(12,'11','Pembantu Umum','N','Y',1,'0000-00-00 00:00:00','2018-12-10 22:38:45'),(13,'','Petugas Keamanan','N','Y',286,'2019-12-02 10:32:48','2019-12-01 06:32:48'),(14,'','Medi RO','N','Y',3,'2019-12-09 07:13:40','2019-12-08 03:13:40'),(15,'','Pelaksana IT','N','Y',3,'2019-12-29 14:47:47','2019-12-28 10:47:47'),(16,'','dr. PJ','N','Y',341,'2020-09-07 09:03:02','2020-09-06 19:03:02'),(17,'','','N','Y',361,'2020-01-02 09:39:54','2020-01-01 05:39:54'),(18,'','','N','N',348,'2020-09-08 09:10:29','2020-09-07 19:10:29'),(19,'','Wk Mgr Marketing','Y','Y',1,'2020-03-26 09:27:05','2020-03-25 12:27:05'),(20,'','Manager Marketing','Y','Y',1,'2020-03-26 09:27:05','2020-03-25 12:27:05'),(21,'','Admin Marketing','Y','Y',1,'2020-03-26 09:27:05','2020-03-25 12:27:05'),(22,'','Marketing Medis','Y','Y',1,'2020-03-26 09:27:05','2020-03-25 12:27:05'),(23,'','Marketing Rujukan','Y','Y',1,'2020-03-26 09:27:05','2020-03-25 12:27:05'),(24,'','Marketing Corporate','Y','Y',1,'2020-03-26 09:27:05','2020-03-25 12:27:05'),(25,'','Part Time (Marketing)','Y','Y',1,'2020-03-26 09:27:05','2020-03-25 12:27:05'),(26,'','IT','N','Y',3,'2020-08-27 22:30:14','2020-08-27 08:30:14'),(27,'','','N','N',348,'2020-09-07 14:08:53','2020-09-07 00:08:53'),(28,'','Manager Pelayanan','N','Y',349,'2020-08-31 15:29:48','2020-08-31 01:29:48'),(29,'','Manager Keuangan','N','Y',349,'2020-08-31 15:48:21','2020-08-31 01:48:21'),(30,'','Manager SDM dan Umum','N','Y',349,'2020-08-31 15:49:06','2020-08-31 01:49:06'),(31,'','Manager Laboratorium','N','Y',349,'2020-08-31 15:49:41','2020-08-31 01:49:41'),(32,'','Wkl. Manager Keuangan','N','Y',349,'2020-08-31 15:51:24','2020-08-31 01:51:24'),(33,'','Koordinator Umum','N','Y',349,'2020-08-31 15:52:17','2020-08-31 01:52:17'),(34,'','Wkl. Manager SDM dan Umum','N','Y',349,'2020-08-31 15:53:08','2020-08-31 01:53:08'),(35,'','Spv. Pelayanan','N','Y',349,'2020-08-31 15:53:17','2020-08-31 01:53:17'),(36,'','Spv. Laboratorium','N','Y',349,'2020-08-31 15:53:25','2020-08-31 01:53:25'),(37,'','Operator Telpon','N','Y',349,'2020-08-31 15:53:55','2020-08-31 01:53:55'),(38,'','','N','Y',341,'2020-09-07 09:02:56','2020-09-06 19:02:56'),(39,'','Dokter Penanggung Jawab Teknis Lab.','N','Y',341,'2020-09-07 09:03:31','2020-09-06 19:03:31'),(40,'','Dokter Penanggung Jawab Biomolekuler','N','Y',341,'2020-09-07 09:04:34','2020-09-06 19:04:34'),(41,'','','N','N',348,'2020-09-08 12:45:56','2020-09-07 22:45:56'),(42,'','Admin Marketing','N','Y',348,'2020-09-08 08:19:07','2020-09-07 18:19:07'),(43,'','Logistik','N','Y',348,'2020-09-08 08:53:22','2020-09-07 18:53:22'),(44,'','Pembelian','N','Y',348,'2020-09-08 08:57:53','2020-09-07 18:57:53'),(45,'','Customer Care','N','Y',348,'2020-09-08 09:11:35','2020-09-07 19:11:35'),(46,'','Customer Service','N','Y',348,'2020-09-08 12:46:19','2020-09-07 22:46:19'),(47,'','Dokter Pelayanan Medis','N','Y',348,'2020-09-08 13:07:43','2020-09-07 23:07:43'),(48,'','Manajer Mutu','N','Y',348,'2020-09-08 13:29:03','2020-09-07 23:29:03'),(49,'','Teknisi','N','Y',348,'2020-09-08 13:30:18','2020-09-07 23:30:18'),(50,'','Fisikawan Medis','N','Y',348,'2020-09-08 14:13:39','2020-09-08 00:13:39'),(51,'','Penagihan Keuangan','N','Y',373,'2020-09-15 07:52:01','2020-09-14 17:52:01'),(52,'','PPR','N','Y',349,'2021-04-01 07:48:45','2021-03-31 17:48:45'),(53,'','Design Grafis','N','Y',349,'2021-07-08 12:17:07','2021-07-07 22:17:07'),(54,'','','N','N',353,'2025-02-12 09:59:56','2025-02-12 02:59:56'),(55,'','','N','N',353,'2025-02-12 09:59:54','2025-02-12 02:59:54'),(56,'','','N','N',353,'2025-02-12 09:59:52','2025-02-12 02:59:52'),(57,'','','N','N',353,'2025-02-12 09:59:50','2025-02-12 02:59:50'),(58,'','','N','N',353,'2025-02-12 09:59:40','2025-02-12 02:59:40'),(59,'','','N','N',353,'2025-02-12 10:00:10','2025-02-12 03:00:10');

--
-- Table structure for table `m_religion`
--

CREATE TABLE `m_religion` (
  `M_ReligionID` int(11) NOT NULL AUTO_INCREMENT,
  `M_ReligionName` varchar(25) NOT NULL,
  `M_ReligionCreated` datetime DEFAULT current_timestamp(),
  `M_ReligionM_UserID` int(11) DEFAULT NULL,
  `M_ReligionLastUpdated` datetime DEFAULT current_timestamp() ON UPDATE current_timestamp(),
  `M_ReligionIsActive` char(1) DEFAULT 'Y',
  PRIMARY KEY (`M_ReligionID`),
  KEY `M_ReligionName` (`M_ReligionName`),
  KEY `M_ReligionIsActive` (`M_ReligionIsActive`)
) ENGINE=InnoDB AUTO_INCREMENT=14 DEFAULT CHARSET=utf8mb4;

--
-- Dumping data for table `m_religion`
--

INSERT INTO `m_religion` VALUES (1,'ISLAM','2019-03-08 15:50:34',NULL,'2019-03-08 15:50:34','Y'),(2,'KRISTEN','2019-03-08 15:50:34',NULL,'2019-03-08 15:50:34','Y'),(3,'KATHOLIK','2019-03-08 15:50:34',NULL,'2019-03-08 15:50:34','Y'),(4,'HINDU','2019-03-08 15:50:34',NULL,'2019-03-08 15:50:34','Y'),(5,'BUDDHA','2019-03-08 15:50:34',NULL,'2019-03-08 15:50:34','Y'),(6,'OTHERS','2019-03-08 15:50:34',NULL,'2019-03-08 15:50:34','Y'),(10,'Zen','2024-06-04 11:00:46',340,'2024-06-04 11:07:17','N'),(11,'TRAINING ITEM 2','2024-06-18 16:44:15',NULL,'2024-06-19 15:51:47','N'),(12,'training item 3','2024-06-19 15:50:51',NULL,'2024-06-19 15:51:38','N'),(13,'item training 2','2024-06-19 16:01:23',NULL,'2024-06-19 16:02:07','N');

--
-- Table structure for table `m_sex`
--

CREATE TABLE `m_sex` (
  `M_SexID` int(11) NOT NULL AUTO_INCREMENT,
  `M_SexCode` char(1) NOT NULL,
  `m_sexname` varchar(15) DEFAULT NULL,
  `M_SexNameLang` varchar(15) DEFAULT NULL,
  `M_SexCreated` datetime DEFAULT current_timestamp(),
  `M_SexLastUpdated` datetime DEFAULT current_timestamp() ON UPDATE current_timestamp(),
  `M_SexIsActive` char(1) DEFAULT 'Y',
  PRIMARY KEY (`M_SexID`),
  KEY `M_SexCode` (`M_SexCode`),
  KEY `M_SexName` (`m_sexname`)
) ENGINE=InnoDB AUTO_INCREMENT=6 DEFAULT CHARSET=utf8mb4;

--
-- Dumping data for table `m_sex`
--

INSERT INTO `m_sex` VALUES (1,'L','Laki - Laki ','Male','2019-03-08 15:42:05','2020-04-19 17:34:15','Y'),(2,'P','Perempuan.','Female','2019-03-08 15:42:05','2022-04-29 17:45:20','Y'),(3,'O','Lain-Lain','OTHER','2024-06-04 13:01:44','2024-06-04 13:04:55','N'),(4,'O','Lain-Lain','OTHER','2024-06-06 17:17:14','2024-06-06 17:17:14','Y'),(5,'O','Lain-Lain','OTHER','2024-06-10 15:32:07','2024-06-10 15:32:07','Y');

--
-- Table structure for table `m_staff`
--

CREATE TABLE `m_staff` (
  `M_StaffID` int(11) NOT NULL AUTO_INCREMENT,
  `M_StaffM_BranchID` int(11) NOT NULL DEFAULT 14,
  `M_StaffName` varchar(100) NOT NULL,
  `M_StaffDOB` date DEFAULT NULL,
  `M_StaffM_SexID` int(11) DEFAULT NULL,
  `M_StaffAddress` varchar(500) DEFAULT NULL,
  `M_StaffM_CityID` int(11) DEFAULT NULL,
  `M_StaffM_SubareaID` int(11) DEFAULT NULL,
  `M_StaffPhone` varchar(25) DEFAULT NULL,
  `M_StaffHP` varchar(25) DEFAULT NULL,
  `M_StaffM_ReligionID` int(11) DEFAULT NULL,
  `M_StaffStartDate` date DEFAULT NULL,
  `M_StaffEndDate` date DEFAULT NULL,
  `M_StaffM_PositionID` int(11) DEFAULT NULL,
  `M_StaffNIK` varchar(100) DEFAULT NULL,
  `M_StaffTimeWork` varchar(100) DEFAULT NULL,
  `M_StaffTimeWorkSaturday` varchar(100) DEFAULT NULL,
  `M_StaffBlood` varchar(100) DEFAULT NULL,
  `M_StaffStudy` varchar(100) DEFAULT NULL,
  `M_StaffIsCourier` char(1) NOT NULL DEFAULT 'N',
  `M_StaffIsActive` char(1) NOT NULL DEFAULT 'Y',
  `M_StaffUserID` int(11) NOT NULL DEFAULT 1,
  `M_StaffLastUpdate` timestamp NOT NULL DEFAULT current_timestamp() ON UPDATE current_timestamp(),
  `M_StaffCode` varchar(50) DEFAULT '',
  `M_StaffIDNumber` varchar(25) DEFAULT NULL,
  PRIMARY KEY (`M_StaffID`),
  KEY `M_StaffID` (`M_StaffID`),
  KEY `M_StaffM_BranchID` (`M_StaffM_BranchID`),
  KEY `M_StaffName` (`M_StaffName`),
  KEY `M_StaffM_SexID` (`M_StaffM_SexID`),
  KEY `M_StaffAddress` (`M_StaffAddress`),
  KEY `M_StaffM_CityID` (`M_StaffM_CityID`),
  KEY `M_StaffM_SubareaID` (`M_StaffM_SubareaID`),
  KEY `M_StaffPhone` (`M_StaffPhone`),
  KEY `M_StaffHP` (`M_StaffHP`),
  KEY `M_StaffM_ReligionID` (`M_StaffM_ReligionID`),
  KEY `M_StaffStartDate` (`M_StaffStartDate`),
  KEY `M_StaffEndDate` (`M_StaffEndDate`),
  KEY `M_StaffM_PositionID` (`M_StaffM_PositionID`),
  KEY `M_StaffIsActive` (`M_StaffIsActive`),
  KEY `M_StaffUserID` (`M_StaffUserID`),
  KEY `M_StaffLastUpdate` (`M_StaffLastUpdate`)
) ENGINE=InnoDB AUTO_INCREMENT=46 DEFAULT CHARSET=latin1;

--
-- Dumping data for table `m_staff`
--

INSERT INTO `m_staff` VALUES (36,13,'ADMIN','1987-08-12',2,'Jl. Pangeran Diponegoro No. 14 Pesantunan Brebes',198,157,'','085226036006',1,'2008-10-20','2018-12-05',2,'01.02.03.04.05','8','8','','Politeknik Kesehatan Semarang','N','Y',422,'2020-10-01 06:03:20','STF01.02.03.04.05',NULL),(37,0,'Fajri HM','1988-06-22',1,'',0,0,'','',0,'0000-00-00','0000-00-00',29,'','','','','','N','Y',3,'2024-09-02 08:05:42','',NULL),(38,0,'Step','1999-06-10',1,'',0,0,'','',0,'0000-00-00','0000-00-00',0,'','','','','','N','Y',340,'2025-01-08 04:09:26','',NULL),(39,0,'Satria','1995-10-12',1,'',0,0,'','',0,'0000-00-00','0000-00-00',0,'','','','','','N','Y',3,'2025-02-05 08:55:34','',NULL),(40,0,'Karim','1999-12-12',1,'',0,0,'','',0,'0000-00-00','0000-00-00',0,'','','','','','Y','Y',353,'2025-02-12 02:58:13','',NULL),(41,0,'Agus','1999-01-12',1,'Solo',0,0,'0822453456565','081234234545',0,'2025-02-12','2026-01-01',0,'1234234243423452','8','8','B','Informatika','Y','Y',353,'2025-02-12 02:55:39','',NULL),(42,0,'Agung','1998-04-12',1,'',0,0,'084394859585','082343454545',0,'0000-00-00','0000-00-00',0,'1233343434345423','','','','','Y','Y',353,'2025-02-12 03:52:57','',NULL),(43,0,'Ari Antoni Kalbuadi','1987-01-16',1,'solo',0,0,'085647096050','085647096050',0,'0000-00-00','0000-00-00',6,'1111222233334444','','','','','N','Y',353,'2025-03-04 02:31:18','',NULL),(44,0,'Staff Regional','1991-01-01',1,'',0,0,'','',0,'0000-00-00','0000-00-00',0,'','','','','','N','Y',358,'2025-03-12 03:09:47','',NULL),(45,0,'Staf Cabang','1992-01-01',2,'',0,0,'','',0,'0000-00-00','0000-00-00',0,'','','','','','N','Y',358,'2025-03-12 03:10:20','',NULL);

--
-- Table structure for table `m_user`
--

CREATE TABLE `m_user` (
  `M_UserID` int(11) NOT NULL AUTO_INCREMENT,
  `M_UserM_BranchID` int(11) NOT NULL DEFAULT 0,
  `M_UserS_RegionalID` int(11) NOT NULL DEFAULT 0,
  `M_UserM_UserGroupID` int(11) DEFAULT NULL,
  `M_UserR_ReportGroupID` int(11) DEFAULT NULL,
  `M_UserM_StaffID` int(11) DEFAULT NULL,
  `M_UserM_DoctorID` int(11) DEFAULT NULL,
  `M_UserM_CompanyID` int(11) DEFAULT NULL,
  `M_UserUsername` varchar(50) NOT NULL,
  `M_UserPassword` varchar(32) NOT NULL,
  `M_UserFullName` varchar(255) NOT NULL,
  `M_UserSignature` varchar(255) NOT NULL,
  `M_UserIsCoordinator` char(1) NOT NULL DEFAULT 'N',
  `M_UserM_ApproveLevelID` int(11) NOT NULL DEFAULT 0,
  `M_UserDefaultT_SampleStationID` int(11) NOT NULL DEFAULT 0,
  `M_UserIsActive` varchar(1) NOT NULL DEFAULT 'Y',
  `M_UserCreated` datetime DEFAULT NULL,
  `M_UserLastUpdated` datetime DEFAULT NULL,
  `M_UserLastAccess` datetime NOT NULL,
  `M_UserIsLoggedIn` varchar(1) NOT NULL DEFAULT 'N',
  `M_UserActiveToken` varchar(2000) DEFAULT NULL,
  `M_UserM_UserID` int(11) NOT NULL DEFAULT 1,
  `M_UserLastUpdate` timestamp NOT NULL DEFAULT current_timestamp() ON UPDATE current_timestamp(),
  PRIMARY KEY (`M_UserID`),
  KEY `M_UserM_UserGroupID` (`M_UserM_UserGroupID`),
  KEY `M_UserUsername` (`M_UserUsername`),
  KEY `M_UserFullName` (`M_UserFullName`),
  KEY `M_UserIsActive` (`M_UserIsActive`),
  KEY `M_UserM_UserID` (`M_UserM_UserID`),
  KEY `M_UserIsLoggedIn` (`M_UserIsLoggedIn`),
  KEY `M_UserID` (`M_UserID`),
  KEY `M_UserPassword` (`M_UserPassword`),
  KEY `M_UserSignature` (`M_UserSignature`),
  KEY `M_UserIsCoordinator` (`M_UserIsCoordinator`),
  KEY `M_UserLastUpdate` (`M_UserLastUpdated`),
  KEY `M_UserLastLogin` (`M_UserLastAccess`),
  KEY `M_UserR_ReportGroupID` (`M_UserR_ReportGroupID`)
) ENGINE=InnoDB AUTO_INCREMENT=363 DEFAULT CHARSET=latin1;

--
-- Dumping data for table `m_user`
--

INSERT INTO `m_user` VALUES (3,0,1,1,2,36,NULL,NULL,'admin ','2e22f78a8cf7f2c2f613e432b4454e3e','Adhi','','N',0,0,'Y',NULL,'2025-01-08 17:28:04','2025-03-14 09:23:53','N',NULL,3,'2025-03-14 02:23:53'),(340,0,1,1,1,36,NULL,NULL,'adminsas ','b6e97c8022c4f2d6fdf75232da626a0e','Admin SAS','','N',1,0,'Y',NULL,'2025-01-08 15:17:44','2025-03-12 09:45:51','N',NULL,3,'2025-03-12 02:45:51'),(341,0,0,1,0,0,NULL,NULL,'stek','89ef4e5e623d2980e9e9b4a5bafe9f0f','','','N',0,0,'Y','2025-01-07 09:11:39','2025-01-07 09:11:39','2025-01-07 09:39:58','N',NULL,1,'2025-01-08 04:17:52'),(342,0,0,1,0,0,NULL,NULL,'','f6d4dc90b2f190c7451de172e74bcac9','','','N',0,0,'Y','2025-01-07 18:07:56','2025-01-07 18:07:56','0000-00-00 00:00:00','N',NULL,1,'2025-01-07 11:07:56'),(343,0,6,1,0,38,NULL,NULL,'stip-DELETED','1234567890XD3L3T3US312','','','N',0,0,'N','2025-01-08 11:10:15','2025-01-08 15:18:30','0000-00-00 00:00:00','N',NULL,1,'2025-01-08 08:18:30'),(344,0,3,1,0,36,NULL,NULL,'coba','343bfc5befdc4326d1688f55f26b83a8','','','N',0,0,'Y','2025-01-08 11:18:19','2025-01-08 15:24:24','0000-00-00 00:00:00','N',NULL,1,'2025-01-08 08:24:24'),(345,16,6,1,0,36,NULL,NULL,'cobabranch','343bfc5befdc4326d1688f55f26b83a8','','','N',0,0,'Y','2025-01-08 11:21:18','2025-01-10 09:31:57','2025-02-18 09:07:40','N',NULL,1,'2025-02-18 02:07:40'),(346,13,6,1,0,36,NULL,NULL,'cobabranch2','343bfc5befdc4326d1688f55f26b83a8','','','N',0,0,'Y','2025-01-08 11:46:16','2025-01-08 11:46:16','2025-01-08 14:52:19','Y','eyJ0eXAiOiJKV1QiLCJhbGciOiJIUzI1NiJ9.eyJNX1VzZXJJRCI6IjM0NiIsIk1fVXNlclVzZXJuYW1lIjoiY29iYWJyYW5jaDIiLCJNX1VzZXJHcm91cERhc2hib2FyZCI6Im9uZS11aVwvdGVzdFwvdnVleFwvYWNjLW9uZS1tZC1jb2FcLyIsIk1fVXNlckRlZmF1bHRUX1NhbXBsZVN0YXRpb25JRCI6IjAiLCJNX1N0YWZmTmFtZSI6IkFETUlOIiwiaXNfY291cmllciI6Ik4iLCJ0aW1lX2F1dG9sb2dvdXQiOiIxMjAiLCJNX1VzZXJMb2NhdGlvbklEIjoiMyIsIk1fVXNlckxvY2F0aW9uRmxhZyI6IkIiLCJTX1JlZ2lvbmFsTmFtZSI6IlN1cmFiYXlhIFJheWEiLCJNX0JyYW5jaE5hbWUiOiJQcmFtaXRhIE5nYWdlbCIsIk1fQnJhbmNoSUQiOiIxMyIsImxvZ2luTGV2ZWwiOiJicmFuY2giLCJNX0JyYW5jaENvbXBhbnlJRCI6IjEiLCJNX0JyYW5jaENvbXBhbnlOYW1lIjoiUFQgUFJBTUlUQSIsImlwIjoiMTQ5LjExMy4xMTkuMjQ2IiwiYWdlbnQiOiJNb3ppbGxhXC81LjAgKFdpbmRvd3MgTlQgMTAuMDsgV2luNjQ7IHg2NCkgQXBwbGVXZWJLaXRcLzUzNy4zNiAoS0hUTUwsIGxpa2UgR2Vja28pIENocm9tZVwvMTMxLjAuMC4wIFNhZmFyaVwvNTM3LjM2IEVkZ1wvMTMxLjAuMC4wIiwidmVyc2lvbiI6InYyIiwibGFzdC1sb2dpbiI6IjIwMjUtMDEtMDggMTQ6NTI6MTkiLCJNX1NhdGVsbGl0ZUlEIjowfQ.b0d2CWE5QsbeeujEWCRLSrqTRaFlSRElD8eGZ_GVBiQ',1,'2025-01-08 07:52:19'),(347,0,1,1,0,36,NULL,NULL,'stips','343bfc5befdc4326d1688f55f26b83a8','','','N',0,0,'Y','2025-01-08 15:11:34','2025-01-08 15:11:34','0000-00-00 00:00:00','N',NULL,1,'2025-01-08 08:11:34'),(348,0,1,1,0,36,NULL,NULL,'cobabranch3','343bfc5befdc4326d1688f55f26b83a8','','','N',0,0,'Y','2025-01-08 15:24:48','2025-01-08 15:24:48','0000-00-00 00:00:00','N',NULL,1,'2025-01-08 08:31:49'),(349,0,1,1,0,36,NULL,NULL,'cobabranch4','343bfc5befdc4326d1688f55f26b83a8','','','N',0,0,'Y','2025-01-08 15:25:54','2025-01-08 15:25:54','0000-00-00 00:00:00','N',NULL,1,'2025-01-08 08:31:54'),(350,10,5,1,0,36,NULL,NULL,'cobabranch5','343bfc5befdc4326d1688f55f26b83a8','','','N',0,0,'Y','2025-01-08 15:33:29','2025-01-10 09:51:17','0000-00-00 00:00:00','N',NULL,1,'2025-01-10 02:51:17'),(351,0,1,1,0,36,NULL,NULL,'fajriganteng','6cd34ff53ba8b31e3977c5ab1947ac04','','','N',0,0,'Y','2025-01-10 09:04:08','2025-01-10 09:04:08','2025-02-18 11:54:03','Y','eyJ0eXAiOiJKV1QiLCJhbGciOiJIUzI1NiJ9.eyJNX1VzZXJJRCI6IjM1MSIsIk1fVXNlclVzZXJuYW1lIjoiZmFqcmlnYW50ZW5nIiwiTV9Vc2VyR3JvdXBEYXNoYm9hcmQiOiJvbmUtdWlcL3Rlc3RcL3Z1ZXhcL2FjYy1vbmUtbWQtY29hXC8iLCJNX1VzZXJEZWZhdWx0VF9TYW1wbGVTdGF0aW9uSUQiOiIwIiwiTV9TdGFmZk5hbWUiOiJBRE1JTiIsImlzX2NvdXJpZXIiOiJOIiwidGltZV9hdXRvbG9nb3V0IjoiMTIwIiwiTV9Vc2VyTG9jYXRpb25JRCI6IjkiLCJNX1VzZXJMb2NhdGlvbkZsYWciOiJSIiwiU19SZWdpb25hbE5hbWUiOiJCYW5kdW5nIFJheWEiLCJTX1JlZ2lvbmFsSUQiOiIxIiwiTV9CcmFuY2hOYW1lIjoiIiwiTV9CcmFuY2hJRCI6IjAiLCJsb2dpbkxldmVsIjoicmVnaW9uYWwiLCJNX0JyYW5jaENvbXBhbnlJRCI6IjEiLCJNX0JyYW5jaENvbXBhbnlOYW1lIjoiUFQgUFJBTUlUQSIsImlwIjoiMTM5LjE5Mi4xNTguMTAzIiwiYWdlbnQiOiJNb3ppbGxhXC81LjAgKE1hY2ludG9zaDsgSW50ZWwgTWFjIE9TIFggMTBfMTVfNykgQXBwbGVXZWJLaXRcLzUzNy4zNiAoS0hUTUwsIGxpa2UgR2Vja28pIENocm9tZVwvMTMxLjAuMC4wIFNhZmFyaVwvNTM3LjM2IEVkZ1wvMTMxLjAuMC4wIiwidmVyc2lvbiI6InYyIiwibGFzdC1sb2dpbiI6IjIwMjUtMDEtMTAgMDk6MDU6MjEiLCJNX1NhdGVsbGl0ZUlEIjowfQ.-kk9X1Jl_DnCF4AcHaywqrVOM4EvG_IrQi6j7_Pjumo',1,'2025-02-18 04:54:03'),(352,0,1,1,0,36,NULL,NULL,'ira','759b98e31711deb5d45b248ce7a60204','','','N',0,0,'Y','2025-01-10 09:34:00','2025-01-10 09:34:00','2025-02-17 16:15:35','N',NULL,1,'2025-02-17 09:15:35'),(353,0,8,1,0,36,NULL,NULL,'admjkt','4db6ac852c8aa1d161e8b03704889862','admin jakarta','','N',1,0,'Y','2025-01-14 08:18:03','2025-01-14 08:18:03','2025-03-14 10:14:02','Y','eyJ0eXAiOiJKV1QiLCJhbGciOiJIUzI1NiJ9.eyJNX1VzZXJJRCI6IjM1MyIsIk1fVXNlclVzZXJuYW1lIjoiYWRtamt0IiwiTV9Vc2VyR3JvdXBEYXNoYm9hcmQiOiJvbmUtdWlcL3Rlc3RcL3Z1ZXhcL2FjYy1vbmUtanVybmFsXC8iLCJNX1VzZXJEZWZhdWx0VF9TYW1wbGVTdGF0aW9uSUQiOiIwIiwiTV9TdGFmZk5hbWUiOiJBRE1JTiIsImlzX2NvdXJpZXIiOiJOIiwidGltZV9hdXRvbG9nb3V0IjoiMTIwIiwiTV9Vc2VyTG9jYXRpb25JRCI6IjExIiwiTV9Vc2VyTG9jYXRpb25GbGFnIjoiUiIsIlNfUmVnaW9uYWxOYW1lIjoiSmFrYXJ0YSBSYXlhIiwiU19SZWdpb25hbElEIjoiOCIsIk1fQnJhbmNoTmFtZSI6IiIsIk1fQnJhbmNoQ29kZSI6IiIsIk1fQnJhbmNoSUQiOiIwIiwibG9naW5MZXZlbCI6InJlZ2lvbmFsIiwiTV9CcmFuY2hDb21wYW55SUQiOiIxIiwiTV9CcmFuY2hDb21wYW55TmFtZSI6IlBUIFBSQU1JVEEiLCJpcCI6IjExNy4xMDIuNjQuNDIiLCJhZ2VudCI6Ik1vemlsbGFcLzUuMCAoV2luZG93cyBOVCAxMC4wOyBXaW42NDsgeDY0KSBBcHBsZVdlYktpdFwvNTM3LjM2IChLSFRNTCwgbGlrZSBHZWNrbykgQ2hyb21lXC8xMzQuMC4wLjAgU2FmYXJpXC81MzcuMzYiLCJ2ZXJzaW9uIjoidjIiLCJsYXN0LWxvZ2luIjoiMjAyNS0wMy0xNCAwOToxMTozNyIsIk1fU2F0ZWxsaXRlSUQiOjB9.q_XJYRndgfFhtxn8KtO_EIktso4xSNf6yTLYPuaSYaI',1,'2025-03-14 03:14:02'),(354,23,8,1,0,36,NULL,NULL,'admmatraman','85efe3576db4712dab92f04d54e36d44','admin matraman','','N',1,0,'Y','2025-01-14 08:20:23','2025-01-14 08:24:41','2025-03-14 11:18:58','N',NULL,340,'2025-03-14 04:18:58'),(355,25,8,1,0,36,NULL,NULL,'admbonjer','06ab11b83bc0c80ac210519c1f9a71a8','','','N',0,0,'Y','2025-01-14 08:23:30','2025-01-14 08:23:30','2025-03-12 10:01:31','N',NULL,1,'2025-03-12 03:01:31'),(356,26,8,1,0,36,NULL,NULL,'admsamanhudi','5badbc80e9b65dfb5ec136182ae44d2c','','','N',0,0,'Y','2025-01-14 08:24:11','2025-01-14 08:24:11','2025-02-07 17:06:22','N',NULL,1,'2025-02-07 10:06:22'),(357,0,1,1,0,36,NULL,NULL,'admbandungraya','90574e45a283ef6b103a2349d5c71481','','','N',0,0,'Y','2025-01-15 18:53:38','2025-01-15 18:53:38','2025-03-04 15:54:07','N',NULL,1,'2025-03-04 08:54:07'),(358,0,6,1,1,43,NULL,NULL,'adhi','e8303727ef89e49f701cb64fce90f424','','','N',0,0,'Y','2025-03-04 09:32:09','2025-03-04 09:32:09','2025-03-12 13:39:39','N',NULL,1,'2025-03-12 06:39:39'),(359,13,6,21,1,45,NULL,NULL,'cabang','6324b69928c230d3e376d812e912b810','','','N',0,0,'Y','2025-03-12 10:11:01','2025-03-12 13:34:55','2025-03-12 13:37:08','N',NULL,1,'2025-03-12 06:37:08'),(360,0,6,27,0,44,NULL,NULL,'regional','c84537493ddee839d7e6ae386178ac59','','','N',0,0,'Y','2025-03-12 10:11:27','2025-03-12 10:11:27','2025-03-14 11:17:35','Y','eyJ0eXAiOiJKV1QiLCJhbGciOiJIUzI1NiJ9.eyJNX1VzZXJJRCI6IjM2MCIsIk1fVXNlclVzZXJuYW1lIjoicmVnaW9uYWwiLCJNX1VzZXJHcm91cERhc2hib2FyZCI6Im9uZS11aVwvdGVzdFwvdnVleFwvYWNjLW9uZS1qdXJuYWxcLyIsIk1fVXNlckRlZmF1bHRUX1NhbXBsZVN0YXRpb25JRCI6IjAiLCJNX1N0YWZmTmFtZSI6IlN0YWZmIFJlZ2lvbmFsIiwiaXNfY291cmllciI6Ik4iLCJ0aW1lX2F1dG9sb2dvdXQiOiIxMjAiLCJNX1VzZXJMb2NhdGlvbklEIjoiMTgiLCJNX1VzZXJMb2NhdGlvbkZsYWciOiJSIiwiU19SZWdpb25hbE5hbWUiOiJTdXJhYmF5YSBSYXlhIiwiU19SZWdpb25hbElEIjoiNiIsIk1fQnJhbmNoTmFtZSI6IiIsIk1fQnJhbmNoQ29kZSI6IiIsIk1fQnJhbmNoSUQiOiIwIiwibG9naW5MZXZlbCI6InJlZ2lvbmFsIiwiTV9CcmFuY2hDb21wYW55SUQiOiIxIiwiTV9CcmFuY2hDb21wYW55TmFtZSI6IlBUIFBSQU1JVEEiLCJpcCI6IjEzOS4wLjk3LjY0IiwiYWdlbnQiOiJNb3ppbGxhXC81LjAgKFdpbmRvd3MgTlQgMTAuMDsgV2luNjQ7IHg2NCkgQXBwbGVXZWJLaXRcLzUzNy4zNiAoS0hUTUwsIGxpa2UgR2Vja28pIENocm9tZVwvMTM0LjAuMC4wIFNhZmFyaVwvNTM3LjM2IiwidmVyc2lvbiI6InYyIiwibGFzdC1sb2dpbiI6IjIwMjUtMDMtMTIgMTM6Mzk6NTkiLCJNX1NhdGVsbGl0ZUlEIjowfQ.jZBVwKDX0_d5FmRiasRSXpaSDmPTU9gUNKMtVkBQj30',1,'2025-03-14 04:17:35'),(361,0,6,27,1,36,NULL,NULL,'test','c2b0539a25c96ddf503e2e8330c3fb51','','','N',0,0,'Y','2025-03-12 13:28:30','2025-03-12 13:28:30','0000-00-00 00:00:00','N',NULL,1,'2025-03-12 06:28:30'),(362,0,8,21,1,40,NULL,NULL,'coba123-DELETED','1234567890XD3L3T3US312','','','N',0,0,'N','2025-03-13 08:47:30','2025-03-13 08:51:20','0000-00-00 00:00:00','N',NULL,1,'2025-03-13 01:51:20');

--
-- Table structure for table `m_usergroup`
--

CREATE TABLE `m_usergroup` (
  `M_UserGroupID` int(11) NOT NULL AUTO_INCREMENT,
  `M_UserGroupName` varchar(25) NOT NULL DEFAULT '',
  `M_UserGroupDashboard` varchar(255) DEFAULT '',
  `M_UserGroupIsClinic` char(1) NOT NULL DEFAULT 'N',
  `M_UserGroupCreated` datetime NOT NULL DEFAULT current_timestamp(),
  `M_UserGroupLastUpdated` datetime NOT NULL DEFAULT current_timestamp() ON UPDATE current_timestamp(),
  `M_UserGroupIsActive` char(1) NOT NULL DEFAULT 'Y',
  PRIMARY KEY (`M_UserGroupID`),
  KEY `M_UserGroupName` (`M_UserGroupName`),
  KEY `M_UserGroupIsActive` (`M_UserGroupIsActive`),
  KEY `M_UserGroupDashboard` (`M_UserGroupDashboard`)
) ENGINE=InnoDB AUTO_INCREMENT=28 DEFAULT CHARSET=utf8mb4;

--
-- Dumping data for table `m_usergroup`
--

INSERT INTO `m_usergroup` VALUES (1,'Admin','one-ui/test/vuex/acc-one-jurnal/','N','2019-04-16 16:04:06','2025-01-15 19:31:06','Y'),(21,'Keuangan Cabang','one-ui/test/vuex/acc-one-jurnal/','Y','2020-01-06 08:58:41','2025-03-12 07:54:17','Y'),(27,'Manager Keuangan','one-ui/test/vuex/acc-one-jurnal/','Y','2020-06-08 12:04:20','2025-01-15 19:31:06','Y');

--
-- Table structure for table `m_userlocation`
--

CREATE TABLE `m_userlocation` (
  `M_UserLocationID` int(11) NOT NULL AUTO_INCREMENT,
  `M_UserLocationM_UserID` int(11) NOT NULL,
  `M_UserLocationFlag` char(1) NOT NULL,
  `M_UserLocationS_RegionalID` int(11) NOT NULL DEFAULT 0,
  `M_UserLocationM_BranchID` int(11) NOT NULL DEFAULT 0,
  `M_UserLocationIsActive` char(1) NOT NULL DEFAULT 'Y',
  `M_UserLocationCreated` datetime NOT NULL,
  `M_UserLocationLastUpdated` datetime NOT NULL,
  `M_UserLocationCreatedUserID` int(11) NOT NULL,
  `M_UserLocationLastUpdatedUserID` datetime NOT NULL,
  `M_UserLocationDeleted` datetime DEFAULT NULL,
  `M_UserLocationDeletedUserID` int(11) DEFAULT NULL,
  PRIMARY KEY (`M_UserLocationID`)
) ENGINE=InnoDB AUTO_INCREMENT=21 DEFAULT CHARSET=latin1;

--
-- Dumping data for table `m_userlocation`
--

INSERT INTO `m_userlocation` VALUES (1,3,'R',1,0,'Y','2025-01-07 19:21:01','2025-01-07 19:21:01',3,'2025-01-08 17:28:04',NULL,NULL),(2,345,'B',6,16,'Y','2025-01-08 11:22:35','2025-01-08 11:22:35',3,'2025-01-10 09:31:57',NULL,NULL),(3,346,'B',6,13,'Y','2025-01-08 11:46:16','2025-01-08 11:46:16',340,'2025-01-08 11:46:16',NULL,NULL),(4,347,'R',1,0,'Y','2025-01-08 15:11:34','2025-01-08 15:11:34',340,'2025-01-08 15:11:34',NULL,NULL),(5,348,'R',1,0,'Y','2025-01-08 15:24:48','2025-01-08 15:24:48',340,'2025-01-08 15:24:48',NULL,NULL),(6,349,'R',1,0,'Y','2025-01-08 15:25:54','2025-01-08 15:25:54',340,'2025-01-08 15:25:54',NULL,NULL),(7,350,'B',5,10,'Y','2025-01-08 15:33:29','2025-01-08 15:33:29',340,'2025-01-10 09:51:17',NULL,NULL),(8,340,'R',1,0,'Y','2025-01-08 15:11:34','2025-01-08 15:11:34',340,'2025-01-08 15:11:34',NULL,NULL),(9,351,'R',1,0,'Y','2025-01-10 09:04:08','2025-01-10 09:04:08',340,'2025-01-10 09:04:08',NULL,NULL),(10,352,'R',1,0,'Y','2025-01-10 09:34:00','2025-01-10 09:34:00',340,'2025-01-10 09:34:00',NULL,NULL),(11,353,'R',8,0,'Y','2025-01-14 08:18:03','2025-01-14 08:18:03',340,'2025-01-14 08:18:03',NULL,NULL),(12,354,'B',8,23,'Y','2025-01-14 08:20:23','2025-01-14 08:20:23',340,'2025-01-14 08:20:23',NULL,NULL),(13,355,'B',8,25,'Y','2025-01-14 08:23:30','2025-01-14 08:23:30',340,'2025-01-14 08:23:30',NULL,NULL),(14,356,'B',8,26,'Y','2025-01-14 08:24:11','2025-01-14 08:24:11',340,'2025-01-14 08:24:11',NULL,NULL),(15,357,'R',1,0,'Y','2025-01-15 18:53:38','2025-01-15 18:53:38',340,'2025-01-15 18:53:38',NULL,NULL),(16,358,'R',6,0,'Y','2025-03-04 09:32:09','2025-03-04 09:32:09',353,'2025-03-04 09:32:09',NULL,NULL),(17,359,'B',6,13,'Y','2025-03-12 10:11:01','2025-03-12 10:11:01',358,'2025-03-12 13:34:55',NULL,NULL),(18,360,'R',6,0,'Y','2025-03-12 10:11:27','2025-03-12 10:11:27',358,'2025-03-12 10:11:27',NULL,NULL),(19,361,'R',6,0,'Y','2025-03-12 13:28:30','2025-03-12 13:28:30',358,'2025-03-12 13:28:30',NULL,NULL),(20,362,'R',8,0,'Y','2025-03-13 08:47:30','2025-03-13 08:47:30',354,'2025-03-13 08:50:28',NULL,NULL);

--
-- Table structure for table `map_bank_coa`
--

CREATE TABLE `map_bank_coa` (
  `MapBank_ID` int(11) NOT NULL AUTO_INCREMENT,
  `MapBank_BranchCode` varchar(10) NOT NULL,
  `MapBank_NatBankID` int(11) NOT NULL,
  `MapBank_NatBankCode` varchar(24) NOT NULL,
  `MapBank_NatBankName` varchar(64) NOT NULL,
  `MapBank_NatBankIsEDC` char(1) NOT NULL,
  `MapBank_BankAccountNo` varchar(48) NOT NULL,
  `MapBank_CoaID` int(11) NOT NULL,
  `MapBank_CoaAccountNo` varchar(48) NOT NULL,
  `MapBank_CoaDescription` varchar(64) NOT NULL,
  `MapBank_EDC_CoaID` int(11) DEFAULT NULL,
  `MapBank_EDC_CoaAccountNo` varchar(48) DEFAULT NULL,
  `MapBank_EDC_CoaDescription` varchar(64) DEFAULT NULL,
  `MapBank_IsActive` char(1) NOT NULL DEFAULT 'Y',
  `MapBank_CreatedAt` timestamp NOT NULL DEFAULT current_timestamp() ON UPDATE current_timestamp(),
  `MapBank_LastUpdatedAt` timestamp NOT NULL DEFAULT '0000-00-00 00:00:00',
  PRIMARY KEY (`MapBank_ID`)
) ENGINE=InnoDB AUTO_INCREMENT=1198 DEFAULT CHARSET=latin1;

--
-- Dumping data for table `map_bank_coa`
--

INSERT INTO `map_bank_coa` VALUES (56,'BA',1,'Mandiri','Bank Mandiri','Y','0060009776455',80,'1110211072','MANDIRI PT PRAMITA (6455)',205,'1120301002','EDC MANDIRI','Y','2025-02-06 07:19:14','2025-02-04 06:55:01'),(57,'BA',3,'BNI','Bank Negara Indonesia (BNI)','Y','432205688',42,'1110211034','BNI PT PRAMITA (5688)',206,'1120301003','EDC BNI','Y','2025-02-06 07:19:17','2025-02-04 06:55:01'),(58,'BA',3,'BNI','Bank Negara Indonesia (BNI)','Y','1133557780',36,'1110211028','BNI PT PRAMITA (7780)',206,'1120301003','EDC BNI','Y','2025-02-04 12:35:39','2025-02-04 06:55:01'),(59,'BA',4,'BCA','Bank Central Asia (BCA)','Y','2582124338',9,'1110211001','BCA PT PRAMITA (4338)',204,'1120301001','EDC BCA','Y','2025-02-06 10:11:13','2025-02-06 10:11:13'),(60,'BA',4,'BCA','Bank Central Asia (BCA)','Y','3423235060',29,'1110211021','BCA PT PRAMITTA (5060)',204,'1120301001','EDC BCA','Y','2025-02-05 07:32:23','2025-02-05 07:32:23'),(61,'BA',4,'BCA','Bank Central Asia (BCA)','Y','3423023291',30,'1110211022','BCA PT PRAMITA (3291)',204,'1120301001','EDC BCA','Y','2025-02-04 12:35:39','2025-02-04 06:55:01'),(63,'BA',7,'BNI SYARIAH','BNI SYARIAH','Y','3803975240',35,'1110211027','BNI SYA PT PRAMITA (7524)',NULL,'','','Y','2025-03-04 06:22:09','2025-03-04 06:22:09'),(64,'BA',12,'DANA','DANA','Y','EDC',0,'','',219,'1120301016','EDC DANA','Y','2025-03-04 06:22:21','2025-03-04 06:22:21'),(65,'BA',13,'LinkAja','LinkAja','Y','EDC',0,'','',217,'1120301014','EDC LinkAja','Y','2025-03-04 06:12:54','2025-03-04 06:12:54'),(66,'BA',14,'GO PAY','GO PAY','Y','EDC',0,'','',218,'1120301015','EDC GOPAY','Y','2025-03-04 06:22:25','2025-03-04 06:22:25'),(67,'BA',15,'DIGI CASH BJB','DIGI CASH BJB','Y','EDC',0,'','',216,'1120301013','EDC DIGI CASH','Y','2025-03-04 06:13:01','2025-03-04 06:13:01'),(68,'BA',16,'OVO','OVO','Y','EDC',0,'','',215,'1120301012','EDC OVO','Y','2025-03-04 06:13:05','2025-03-04 06:13:05'),(69,'BA',17,'CIMB','CIMB','Y','800086058200',31,'1110211023','CIMB NIAGA PT PRAMITA (8200)',0,'','','Y','2025-03-04 06:22:31','2025-03-04 06:22:31'),(70,'BA',18,'BSM','BSM','Y','7030160357',32,'1110211024','BSM PT PRAMITA (0357)',0,'','','Y','2025-03-04 06:22:38','2025-03-04 06:22:38'),(71,'BB',1,'Mandiri','Bank Mandiri','Y','1160005165056',41,'1110211033','MANDIRI PT PRAMITA (5056)',205,'1120301002','EDC MANDIRI','Y','2025-03-04 06:09:55','2025-03-04 06:09:55'),(72,'BB',3,'BNI','Bank Negara Indonesia (BNI)','Y','432205688',42,'1110211034','BNI PT PRAMITA (5688)',206,'1120301003','EDC BNI','Y','2025-02-04 12:35:39','2025-02-04 06:55:01'),(73,'BB',4,'BCA','Bank Central Asia (BCA)','Y','4910307717',40,'1110211032','BCA PT PRAMITA (7717)',204,'1120301001','EDC BCA','Y','2025-02-18 07:53:13','2025-02-18 07:53:13'),(75,'BB',12,'DANA','DANA','N','EDC',0,'','',219,'1120301016','EDC DANA','Y','2025-03-04 06:13:58','2025-03-04 06:13:58'),(76,'BB',13,'LinkAja','LinkAja','Y','EDC',0,'','',217,'1120301014','EDC LinkAja','Y','2025-02-04 12:35:39','2025-02-04 06:55:01'),(77,'BB',14,'GO PAY','GO PAY','Y','EDC',0,'','',218,'1120301015','EDC GOPAY','Y','2025-02-04 12:35:39','2025-02-04 06:55:01'),(78,'BB',15,'DIGI CASH BJB','DIGI CASH BJB','N','EDC',0,'','',216,'1120301013','EDC DIGI CASH','Y','2025-03-04 06:10:19','2025-03-04 06:10:19'),(79,'BB',16,'OVO','OVO','Y','EDC',0,'','',215,'1120301012','EDC OVO','Y','2025-02-04 12:35:39','2025-02-04 06:55:01'),(631,'BC',1,'Mandiri','Bank Mandiri','Y','0060009776455',80,'1110211072','MANDIRI PT PRAMITA (6455)',205,'1120301002','EDC MANDIRI','Y','2025-02-07 01:08:21','2025-02-07 01:08:21'),(632,'BC',3,'BNI','Bank Negara Indonesia (BNI)','N','432205688',42,'1110211034','BNI PT PRAMITA (5688)',205,'1120301002','EDC MANDIRI','Y','2025-03-04 06:16:14','2025-03-04 06:16:14'),(633,'BC',4,'BCA','Bank Central Asia (BCA)','Y','0023332121',79,'1110211071','BCA PT PRAMITA (2121)',204,'1120301001','EDC BCA','Y','2025-03-04 06:16:07','2025-03-04 06:16:07'),(634,'BC',4,'BCA','Bank Central Asia (BCA)','N','0023222121',0,'','',NULL,NULL,NULL,'Y','2025-03-04 06:16:27','2025-03-04 06:16:27'),(635,'BC',12,'DANA','DANA','N','EDC',0,'','',NULL,'1120301016',NULL,'Y','2025-03-04 06:13:55','2025-03-04 06:13:55'),(636,'BC',13,'LinkAja','LinkAja','N','EDC',0,'','',NULL,'1120301014',NULL,'Y','2025-03-04 06:14:02','2025-03-04 06:14:02'),(637,'BC',14,'GO PAY','GO PAY','N','EDC',0,'','',NULL,'1120301015',NULL,'Y','2025-03-04 06:14:09','2025-03-04 06:14:09'),(638,'BC',15,'DIGI CASH BJB','DIGI CASH BJB','N','EDC',0,'','',NULL,'1120301013',NULL,'Y','2025-03-04 06:14:14','2025-03-04 06:14:14'),(639,'BC',16,'OVO','OVO','N','EDC',0,'','',NULL,'1120301012',NULL,'Y','2025-03-04 06:14:19','2025-03-04 06:14:19'),(640,'BC',17,'PANIN','PANIN','Y','0975003291',172,'1110212049','PANIN HSE (3291)',222,'1120301019','EDC PANIN','Y','2025-03-04 06:18:07','2025-03-04 06:18:07'),(641,'BC',18,'OCBC','OCBC','N','406800000399',0,'','',NULL,NULL,NULL,'Y','2025-02-06 08:40:47','2025-02-06 08:40:47'),(642,'BC',19,'UOB','UOB','N','3273066673',0,'','',NULL,NULL,NULL,'Y','2025-02-06 08:40:47','2025-02-06 08:40:47'),(643,'BC',20,'BJB','Bank BJB','Y','0120580057001',0,'','',NULL,NULL,NULL,'Y','2025-02-06 08:40:47','2025-02-06 08:40:47'),(644,'BC',21,'BSI','Bank Syariah Indonesia (BSI)','N','8888822284',0,'','',NULL,NULL,NULL,'Y','2025-02-06 08:40:47','2025-02-06 08:40:47'),(645,'BD',1,'Mandiri','Bank Mandiri','Y','0060010869018',0,'','',NULL,NULL,NULL,'Y','2025-02-06 08:40:47','2025-02-06 08:40:47'),(646,'BD',2,'BRI','Bank Rakyat Indonesia (BRI)','Y','033901002424302',0,'','',NULL,NULL,NULL,'Y','2025-02-06 08:40:47','2025-02-06 08:40:47'),(647,'BD',4,'BCA','Bank Central Asia (BCA)','Y','5540630269',0,'','',NULL,NULL,NULL,'Y','2025-03-04 06:17:04','2025-03-04 06:17:04'),(648,'BD',7,'BSI','Bank Syariah Indonesia','N','2808563337',0,'','',NULL,NULL,NULL,'Y','2025-02-06 08:40:47','2025-02-06 08:40:47'),(649,'BD',12,'DANA','DANA','Y','EDC',0,'','',NULL,'1120301016',NULL,'Y','2025-02-06 08:45:29','2025-02-06 08:40:47'),(650,'BD',13,'LinkAja','LinkAja','Y','EDC',0,'','',NULL,'1120301014',NULL,'Y','2025-02-06 08:45:29','2025-02-06 08:40:47'),(651,'BD',14,'GO PAY','GO PAY','Y','EDC',0,'','',NULL,'1120301015',NULL,'Y','2025-02-06 08:45:29','2025-02-06 08:40:47'),(652,'BD',15,'DIGI CASH BJB','DIGI CASH BJB','Y','EDC',0,'','',NULL,'1120301013',NULL,'Y','2025-02-06 08:45:29','2025-02-06 08:40:47'),(653,'BD',16,'OVO','OVO','Y','EDC',0,'','',NULL,'1120301012',NULL,'Y','2025-02-06 08:45:29','2025-02-06 08:40:47'),(654,'BD',18,'PANIN','BANK PANIN - HILMY','Y','0975777775',0,'','',NULL,NULL,NULL,'Y','2025-02-06 08:40:47','2025-02-06 08:40:47'),(655,'BF',1,'Mandiri','Bank Mandiri','N','1450013706755',0,'','',NULL,NULL,NULL,'Y','2025-02-06 08:40:47','2025-02-06 08:40:47'),(656,'BF',3,'BNI','Bank Negara Indonesia (BNI)','N','1100405723',0,'','',NULL,NULL,NULL,'Y','2025-02-06 08:40:47','2025-02-06 08:40:47'),(657,'BF',4,'BCA','Bank Central Asia (BCA)','Y','0663312330',0,'','',NULL,NULL,NULL,'Y','2025-02-06 08:40:47','2025-02-06 08:40:47'),(658,'BF',12,'DANA','DANA','Y','EDC',0,'','',NULL,NULL,NULL,'Y','2025-02-06 08:40:47','2025-02-06 08:40:47'),(659,'BF',13,'LinkAja','LinkAja','Y','EDC',0,'','',NULL,NULL,NULL,'Y','2025-02-06 08:40:47','2025-02-06 08:40:47'),(660,'BF',14,'GO PAY','GO PAY','Y','EDC',0,'','',NULL,NULL,NULL,'Y','2025-02-06 08:40:47','2025-02-06 08:40:47'),(661,'BF',15,'DIGI CASH BJB','DIGI CASH BJB','Y','EDC',0,'','',NULL,NULL,NULL,'Y','2025-02-06 08:40:47','2025-02-06 08:40:47'),(662,'BF',16,'OVO','OVO','Y','EDC',0,'','',NULL,NULL,NULL,'Y','2025-02-06 08:40:47','2025-02-06 08:40:47'),(663,'BF',19,'CIMB NIAGA MZH','Bank CIMB NIAGA','Y','860013012400',0,'','',NULL,NULL,NULL,'Y','2025-02-06 08:40:47','2025-02-06 08:40:47'),(664,'BF',20,'BJB','Bank BJB ','N','0127947376001',0,'','',NULL,NULL,NULL,'Y','2025-02-07 08:45:13','2025-02-07 08:45:13'),(665,'BF',21,'BSI','Bank Syariah Indonesia','N','7253832783',0,'','',NULL,NULL,NULL,'Y','2025-02-06 08:40:47','2025-02-06 08:40:47'),(741,'LA',1,'Mandiri','Bank Mandiri','Y','1420055001555',125,'1110212002','MANDIRI HSE (1555)',205,'1120301002','EDC MANDIRI','Y','2025-03-03 04:23:37','2025-03-03 04:23:37'),(742,'LA',1,'Mandiri','Bank Mandiri','Y','1420000500156',10,'1110211002','MANDIRI PT PRAMITA (0156)',205,'1120301002','EDC MANDIRI','Y','2025-03-03 04:21:16','2025-03-03 04:21:16'),(743,'LA',2,'BRI','Bank Rakyat Indonesia (BRI)','Y','115601443388300',188,'1110212066','BRI HSE (8300)',211,'1120301008','EDC BRI','Y','2025-03-03 04:25:31','2025-03-03 04:25:31'),(744,'LA',2,'BRI','Bank Rakyat Indonesia (BRI)','Y','021101000772305',12,'1110211004','BRI PT PRAMITA (2305)',211,'1120301008','EDC BRI','Y','2025-03-03 04:26:21','2025-03-03 04:26:21'),(745,'LA',3,'BNI','Bank Negara Indonesia (BNI)','Y','7171757577',107,'1110211099','BNI PT (7577)',206,'1120301003','EDC BNI','Y','2025-03-03 04:30:45','2025-03-03 04:30:45'),(746,'LA',4,'BCA','Bank Central Asia (BCA)','Y','2583855599',124,'1110212001','BCA HSE (5599)',204,'1120301001','EDC BCA','Y','2025-03-03 04:57:10','2025-03-03 04:57:10'),(747,'LA',4,'BCA','Bank Central Asia (BCA)','Y','2582124338',9,'1110211001','BCA PT PRAMITA (4338)',204,'1120301001','EDC BCA','Y','2025-03-03 04:58:42','2025-03-03 04:58:42'),(748,'LA',4,'BCA','Bank Central Asia (BCA)','N','0883994334',13,'1110211005','BCA PT PRAMITA (4334)',NULL,NULL,NULL,'Y','2025-02-18 06:11:50','2025-02-18 06:11:50'),(749,'LA',7,'BNI SYARIAH','BNI SYARIAH','N','0794597170',0,'','',NULL,NULL,NULL,'Y','2025-02-06 09:03:45','2025-02-06 09:03:45'),(750,'LA',9,'PERMATA','PERMATA','Y','701563799',0,'','',NULL,NULL,NULL,'Y','2025-02-06 09:03:45','2025-02-06 09:03:45'),(751,'LA',12,'DANA','DANA','Y','EDC',0,'','',219,'1120301016','EDC DANA','Y','2025-03-03 05:07:57','2025-03-03 05:07:57'),(752,'LA',13,'LinkAja','LinkAja','Y','EDC',0,'','',217,'1120301014','EDC LinkAja','Y','2025-03-03 05:08:31','2025-03-03 05:08:31'),(753,'LA',14,'GO PAY','GO PAY','Y','EDC',0,'','',218,'1120301015','EDC GOPAY','Y','2025-03-03 05:08:54','2025-03-03 05:08:54'),(754,'LA',15,'DIGI CASH BJB','DIGI CASH BJB','Y','EDC',0,'','',216,'1120301013','EDC DIGI CASH','Y','2025-03-03 05:09:25','2025-03-03 05:09:25'),(755,'LA',16,'OVO','OVO','Y','EDC',0,'','',215,'1120301012','EDC OVO','Y','2025-03-03 05:09:48','2025-03-03 05:09:48'),(756,'LA',17,'BANK JATIM','BANK JATIM','N','1461000661',11,'1110211003','BANK JATIM PT PRAMITA (0661)',NULL,NULL,NULL,'Y','2025-02-18 06:07:47','2025-02-18 06:07:47'),(757,'LB',1,'Mandiri','Bank Mandiri','Y','1420035559995',144,'1110212021','MANDIRI GHPE (9995)',205,'1120301002','EDC MANDIRI','Y','2025-03-03 05:15:14','2025-03-03 05:15:14'),(758,'LB',1,'Mandiri','Bank Mandiri','Y','1420000500156',10,'1110211002','MANDIRI PT PRAMITA (0156)',205,'1120301002','EDC MANDIRI','Y','2025-03-03 05:16:57','2025-03-03 05:16:57'),(759,'LB',2,'BRI','Bank Rakyat Indonesia (BRI)','Y','115601443388300',120,'1110211112','BRI PT (8300)',211,'1120301008','EDC BRI','Y','2025-03-03 05:27:28','2025-03-03 05:27:28'),(760,'LB',3,'BNI','Bank Negara Indonesia (BNI)','Y','0049835795',141,'1110212018','BNI HSE (5795)',206,'1120301003','EDC BNI','Y','2025-03-03 05:29:37','2025-03-03 05:29:37'),(761,'LB',4,'BCA','Bank Central Asia (BCA)','Y','0889903904',142,'1110212019','BCA GHPE (0889)',204,'1120301001','EDC BCA','Y','2025-03-03 06:35:53','2025-03-03 06:35:53'),(762,'LB',4,'BCA','Bank Central Asia (BCA)','Y','2582124338',9,'1110211001','BCA PT PRAMITA (4338)',204,'1120301001','EDC BCA','Y','2025-03-03 06:38:15','2025-03-03 06:38:15'),(763,'LB',4,'BCA','Bank Central Asia (BCA)','Y','0886514926',44,'1110211036','BCA PT PRAMITA (4926)',204,'1120301001','EDC BCA','Y','2025-03-03 06:41:11','2025-03-03 06:41:11'),(764,'LB',4,'BCA','Bank Central Asia (BCA)','Y','7880903904',143,'1110212020','BCA GHPE (7889)',204,'1120301001','EDC BCA','Y','2025-03-03 06:36:53','2025-03-03 06:36:53'),(765,'LB',12,'DANA','DANA','Y','EDC',0,'','',219,'1120301016','EDC DANA','Y','2025-03-03 06:41:35','2025-03-03 06:41:35'),(766,'LB',13,'LinkAja','LinkAja','Y','EDC',0,'','',217,'1120301014','EDC LinkAja','Y','2025-03-03 06:41:55','2025-03-03 06:41:55'),(767,'LB',14,'GO PAY','GO PAY','Y','EDC',0,'','',218,'1120301015','EDC GOPAY','Y','2025-03-03 06:42:17','2025-03-03 06:42:17'),(768,'LB',15,'DIGI CASH BJB','DIGI CASH BJB','Y','EDC',0,'','',216,'1120301013','EDC DIGI CASH','Y','2025-03-03 06:43:11','2025-03-03 06:43:11'),(769,'LB',16,'OVO','OVO','Y','EDC',0,'','',215,'1120301012','EDC OVO','Y','2025-03-03 06:43:31','2025-03-03 06:43:31'),(770,'LB',17,'DUITKU','DUITKU.COM','Y','0886514926',0,'','',220,'1120301017','EDC DUITKU.COM','Y','2025-03-03 06:43:52','2025-03-03 06:43:52'),(771,'LC',1,'Mandiri','Bank Mandiri','Y','1420035559995',144,'1110212021','MANDIRI GHPE (9995)',205,'1120301002','EDC MANDIRI','Y','2025-03-03 06:59:02','2025-03-03 06:59:02'),(772,'LC',4,'BCA','Bank Central Asia (BCA)','Y','0886514527',54,'1110211046','BCA PT PRAMITA (4527)',204,'1120301001','EDC BCA','Y','2025-03-03 07:00:39','2025-03-03 07:00:39'),(773,'LC',4,'BCA','Bank Central Asia (BCA)','Y','0889903904',142,'1110212019','BCA GHPE (0889)',204,'1120301001','EDC BCA','Y','2025-03-03 07:31:14','2025-03-03 07:31:14'),(774,'LC',4,'BCA','Bank Central Asia (BCA)','Y','2582124338',9,'1110211001','BCA PT PRAMITA (4338)',204,'1120301001','EDC BCA','Y','2025-03-03 07:33:01','2025-03-03 07:33:01'),(775,'LC',4,'BCA','Bank Central Asia (BCA)','Y','7880903904',143,'1110212020','BCA GHPE (7889)',204,'1120301001','EDC BCA','Y','2025-03-03 07:32:24','2025-03-03 07:32:24'),(776,'LC',12,'DANA','DANA','Y','EDC',0,'','',219,'1120301016','EDC DANA','Y','2025-03-03 07:33:54','2025-03-03 07:33:54'),(777,'LC',13,'LinkAja','LinkAja','Y','EDC',0,'','',217,'1120301014','EDC LinkAja','Y','2025-03-03 07:34:22','2025-03-03 07:34:22'),(778,'LC',14,'GO PAY','GO PAY','Y','EDC',0,'','',218,'1120301015','EDC GOPAY','Y','2025-03-03 07:34:45','2025-03-03 07:34:45'),(779,'LC',15,'DIGI CASH BJB','DIGI CASH BJB','Y','EDC',0,'','',216,'1120301013','EDC DIGI CASH','Y','2025-03-03 07:35:06','2025-03-03 07:35:06'),(780,'LC',16,'OVO','OVO','Y','EDC',0,'','',215,'1120301012','EDC OVO','Y','2025-03-03 07:35:30','2025-03-03 07:35:30'),(781,'LC',18,'BRI','BANK RAKYAT INDONESIA','Y','115601443388300',188,'1110212066','BRI HSE (8300)',211,'1120301008','EDC BRI','Y','2025-03-03 07:36:24','2025-03-03 07:36:24'),(782,'LD',1,'Mandiri','Bank Mandiri','Y','1420000500156',10,'1110211002','MANDIRI PT PRAMITA (0156)',205,'1120301002','EDC MANDIRI','Y','2025-03-03 06:51:10','2025-03-03 06:51:10'),(783,'LD',2,'BRI','Bank Rakyat Indonesia (BRI)','Y','115601443388300',188,'1110212066','BRI HSE (8300)',211,'1120301008','EDC BRI','Y','2025-03-03 06:52:02','2025-03-03 06:52:02'),(784,'LD',4,'BCA','Bank Central Asia (BCA)','Y','2582124338',9,'1110211001','BCA PT PRAMITA (4338)',204,'1120301001','EDC BCA','Y','2025-03-03 06:54:07','2025-03-03 06:54:07'),(785,'LD',12,'DANA','DANA','Y','EDC',0,'','',219,'1120301016','EDC DANA','Y','2025-03-03 06:54:42','2025-03-03 06:54:42'),(786,'LD',13,'LinkAja','LinkAja','Y','EDC',0,'','',217,'1120301014','EDC LinkAja','Y','2025-03-03 06:55:03','2025-03-03 06:55:03'),(787,'LD',14,'GO PAY','GO PAY','Y','EDC',0,'','',218,'1120301015','EDC GOPAY','Y','2025-03-03 06:55:39','2025-03-03 06:55:39'),(788,'LD',15,'DIGI CASH BJB','DIGI CASH BJB','Y','EDC',0,'','',216,'1120301013','EDC DIGI CASH','Y','2025-03-03 06:56:12','2025-03-03 06:56:12'),(789,'LD',16,'OVO','OVO','Y','EDC',0,'','',215,'1120301012','EDC OVO','Y','2025-03-03 06:56:33','2025-03-03 06:56:33'),(790,'LD',17,'DUITKU','DUITKU.COM','Y','2582124338',0,'','',220,'1120301017','EDC DUITKU.COM','Y','2025-03-03 06:57:09','2025-03-03 06:57:09'),(791,'LE',1,'Mandiri','Bank Mandiri','Y','1420000500156',10,'1110211002','MANDIRI PT PRAMITA (0156)',10,'1110211002','MANDIRI PT PRAMITA (0156)','Y','2025-02-14 03:29:37','2025-02-14 03:29:37'),(792,'LE',1,'Mandiri','Bank Mandiri','Y','1420035559995',144,'1110212021','MANDIRI GHPE (9995)',144,'1110212021','MANDIRI GHPE (9995)','Y','2025-02-14 03:32:26','2025-02-14 03:32:26'),(793,'LE',2,'BRI','Bank Rakyat Indonesia (BRI)','Y','115601443388300',188,'1110212066','BRI HSE (8300)',211,'1120301008','EDC BRI','Y','2025-03-03 07:37:59','2025-03-03 07:37:59'),(794,'LE',4,'BCA','Bank Central Asia (BCA)','Y','0889903904',142,'1110212019','BCA GHPE (0889)',204,'1120301001','EDC BCA','Y','2025-03-03 07:41:07','2025-03-03 07:41:07'),(795,'LE',4,'BCA','Bank Central Asia (BCA)','Y','2582124338',0,'','',NULL,NULL,NULL,'Y','2025-02-06 09:03:46','2025-02-06 09:03:46'),(796,'LE',4,'BCA','Bank Central Asia (BCA)','Y','7889903904',0,'','',NULL,NULL,NULL,'Y','2025-02-06 09:03:46','2025-02-06 09:03:46'),(797,'LE',4,'BCA','Bank Central Asia (BCA)','Y','0886514829',0,'','',NULL,NULL,NULL,'Y','2025-02-06 09:03:46','2025-02-06 09:03:46'),(798,'LE',12,'DANA','DANA','Y','EDC',0,'','',NULL,NULL,NULL,'Y','2025-02-06 09:03:46','2025-02-06 09:03:46'),(799,'LE',13,'LinkAja','LinkAja','Y','EDC',0,'','',NULL,NULL,NULL,'Y','2025-02-06 09:03:46','2025-02-06 09:03:46'),(800,'LE',14,'GO PAY','GO PAY','Y','EDC',0,'','',NULL,NULL,NULL,'Y','2025-02-06 09:03:46','2025-02-06 09:03:46'),(801,'LE',15,'DIGI CASH BJB','DIGI CASH BJB','Y','EDC',0,'','',NULL,NULL,NULL,'Y','2025-02-06 09:03:46','2025-02-06 09:03:46'),(802,'LE',16,'OVO','OVO','Y','EDC',0,'','',NULL,NULL,NULL,'Y','2025-02-06 09:03:46','2025-02-06 09:03:46'),(803,'LE',18,'DUITKU','DUITKU.COM','Y','0886514829',0,'','',NULL,NULL,NULL,'Y','2025-02-06 09:03:46','2025-02-06 09:03:46'),(804,'LF',1,'Mandiri','Bank Mandiri','Y','142000050011',0,'','',NULL,NULL,NULL,'Y','2025-02-06 09:03:46','2025-02-06 09:03:46'),(805,'LF',1,'Mandiri','Bank Mandiri','Y','1420000500156',0,'','',NULL,NULL,NULL,'Y','2025-02-06 09:03:46','2025-02-06 09:03:46'),(806,'LF',2,'BRI','Bank Rakyat Indonesia (BRI)','Y','115601443388300',0,'','',NULL,NULL,NULL,'Y','2025-02-06 09:03:46','2025-02-06 09:03:46'),(807,'LF',4,'BCA','Bank Central Asia (BCA)','Y','2582124338',0,'','',NULL,NULL,NULL,'Y','2025-02-06 09:03:46','2025-02-06 09:03:46'),(808,'LF',4,'BCA','Bank Central Asia (BCA)','Y','0886514730',0,'','',NULL,NULL,NULL,'Y','2025-02-06 09:03:46','2025-02-06 09:03:46'),(809,'LF',4,'BCA','Bank Central Asia (BCA)','Y','088008228',0,'','',NULL,NULL,NULL,'Y','2025-02-06 09:03:46','2025-02-06 09:03:46'),(810,'LF',12,'DANA','DANA','Y','EDC',0,'','',NULL,NULL,NULL,'Y','2025-02-06 09:03:46','2025-02-06 09:03:46'),(811,'LF',13,'LinkAja','LinkAja','Y','EDC',0,'','',NULL,NULL,NULL,'Y','2025-02-06 09:03:46','2025-02-06 09:03:46'),(812,'LF',14,'GO PAY','GO PAY','Y','EDC',0,'','',NULL,NULL,NULL,'Y','2025-02-06 09:03:46','2025-02-06 09:03:46'),(813,'LF',15,'DIGI CASH BJB','DIGI CASH BJB','Y','EDC',0,'','',NULL,NULL,NULL,'Y','2025-02-06 09:03:46','2025-02-06 09:03:46'),(814,'LF',16,'OVO','OVO','Y','EDC',0,'','',NULL,NULL,NULL,'Y','2025-02-06 09:03:46','2025-02-06 09:03:46'),(815,'LF',17,'DUITKU','DUITKU.COM','Y','0886514730',0,'','',NULL,NULL,NULL,'Y','2025-02-06 09:03:46','2025-02-06 09:03:46'),(816,'DA',1,'Mandiri','Bank Mandiri','Y','1310000886889',127,'1110212004','MANDIRI HSE (6889)',205,'1120301002','EDC MANDIRI','Y','2025-02-18 07:27:06','2025-02-18 07:27:06'),(817,'DA',1,'Mandiri','Bank Mandiri','N','13000022832284',16,'1110211008','MANDIRI PT PRAMITA (2284)',NULL,NULL,NULL,'Y','2025-02-18 07:29:23','2025-02-18 07:29:23'),(818,'DA',2,'BRI','Bank Rakyat Indonesia (BRI)','N','000501002320305',17,'1110211009','BRI PT PRAMITA (0305)',0,'','','Y','2025-02-18 07:29:34','2025-02-18 07:29:34'),(819,'DA',3,'BNI','Bank Negara Indonesia (BNI)','Y','8888333214',15,'1110211007','BNI PT PRAMITA (3214)',206,'1120301003','EDC BNI','Y','2025-02-18 07:38:08','2025-02-18 07:38:08'),(820,'DA',4,'BCA','Bank Central Asia (BCA)','Y','3423235060',0,'','',NULL,NULL,NULL,'Y','2025-02-06 09:16:44','2025-02-06 09:16:44'),(821,'DA',4,'BCA','Bank Central Asia (BCA)','Y','2582124338',0,'','',NULL,NULL,NULL,'Y','2025-02-06 09:16:44','2025-02-06 09:16:44'),(822,'DA',4,'BCA','Bank Central Asia (BCA)','Y','0863113331',14,'1110211006','BCA PT PRAMITA (3331)',204,'1120301001','EDC BCA','Y','2025-02-18 07:38:54','2025-02-18 07:38:54'),(823,'DA',4,'BCA','Bank Central Asia (BCA)','Y','0863066660',126,'1110212003','BCA HSE (6660)',204,'1120301001','EDC BCA','Y','2025-02-18 07:40:20','2025-02-18 07:40:20'),(824,'DA',7,'CIMB NIAGA','CIMB NIAGA','N','800086058200',0,'','',NULL,NULL,NULL,'Y','2025-02-06 09:16:44','2025-02-06 09:16:44'),(825,'DA',9,'BJB','BJB','N','1717021717001',18,'1110211010','BJB PT PRAMITA (7001)',NULL,NULL,NULL,'Y','2025-02-18 07:31:42','2025-02-18 07:31:42'),(826,'DA',11,'OVO','OVO','Y','EDC',0,'','',215,'1120301012','EDC OVO','Y','2025-02-18 07:00:30','2025-02-18 07:00:30'),(827,'DA',12,'BTN','BTN','N','0000601300202831',20,'1110211012','BTN PT PRAMITA (2831)',NULL,NULL,NULL,'Y','2025-02-18 07:33:18','2025-02-18 07:33:18'),(828,'DA',13,'WOORI','WOORI','N','200170000024',19,'1110211011','BANK WOORI PT PRAMITA (0024)',NULL,NULL,NULL,'Y','2025-02-18 07:32:23','2025-02-18 07:32:23'),(829,'DA',14,'DANAMON','DANAMON','N','0014098630',0,'','',NULL,NULL,NULL,'Y','2025-02-06 09:16:44','2025-02-06 09:16:44'),(830,'DA',15,'LinkAja','LinkAja','Y','EDC',0,'','',217,'1120301014','EDC LinkAja','Y','2025-02-18 07:00:51','2025-02-18 07:00:51'),(831,'DA',16,'GO PAY','GO PAY','Y','EDC',0,'','',218,'1120301015','EDC GOPAY','Y','2025-02-18 07:01:11','2025-02-18 07:01:11'),(832,'DA',17,'DIGI CASH BJB','DIGI CASH BJB','Y','EDC',0,'','',216,'1120301013','EDC DIGI CASH','Y','2025-02-18 07:02:11','2025-02-18 07:02:11'),(833,'DA',18,'DANA','DANA','Y','EDC',0,'','',219,'1120301016','EDC DANA','Y','2025-02-18 07:02:27','2025-02-18 07:02:27'),(834,'DA',19,'DUITKU','DUITKU.COM','Y','8888333214',0,'','',220,'1120301017','EDC DUITKU.COM','Y','2025-02-18 07:36:35','2025-02-18 07:36:35'),(835,'DB',1,'Mandiri','Bank Mandiri','N','1310076076076',46,'1110211038','MANDIRI PT PRAMITA (6076)',0,'','','Y','2025-03-04 02:57:02','2025-03-04 02:57:02'),(836,'DB',2,'BRI','Bank Rakyat Indonesia (BRI)','N','002020234322',0,'','',NULL,NULL,NULL,'Y','2025-03-04 02:55:51','2025-03-04 02:55:51'),(837,'DB',2,'BRI','Bank Rakyat Indonesia (BRI)','Y','000501002320305',17,'1110211009','BRI PT PRAMITA (0305)',211,'1120301008','EDC BRI','Y','2025-03-04 03:05:32','2025-03-04 03:05:32'),(838,'DB',3,'BNI','Bank Negara Indonesia (BNI)','Y','8888333214',15,'1110211007','BNI PT PRAMITA (3214)',206,'1120301003','EDC BNI','Y','2025-02-07 01:10:03','2025-02-07 01:10:03'),(839,'DB',4,'BCA','Bank Central Asia (BCA)','N','0863113331',0,'','',NULL,NULL,NULL,'Y','2025-03-04 03:05:49','2025-03-04 03:05:49'),(840,'DB',4,'BCA','Bank Central Asia (BCA)','N','2582124338',0,'','',NULL,NULL,NULL,'Y','2025-03-04 03:06:00','2025-03-04 03:06:00'),(841,'DB',4,'BCA','Bank Central Asia (BCA)','N','3423235060',0,'','',NULL,NULL,NULL,'Y','2025-03-04 03:06:05','2025-03-04 03:06:05'),(842,'DB',4,'BCA','Bank Central Asia (BCA)','Y','0863330472',45,'1110211037','BCA PT PRAMITA (0472)',204,'1120301001','EDC BCA','Y','2025-03-04 03:00:51','2025-03-04 03:00:51'),(843,'DB',7,'CIMB NIAGA','CIMB NIAGA','Y','800138319000',159,'1110212036','CIMB NIAGA HSE (9000)',210,'1120301007','EDC CIMB NIAGA','Y','2025-03-04 03:07:25','2025-03-04 03:07:25'),(844,'DB',9,'BJB','BJB','N','1717021717001',0,'','',NULL,NULL,NULL,'Y','2025-03-04 03:07:39','2025-03-04 03:07:39'),(845,'DB',11,'BCA HSE','Bank Central Asia (BCA) HSE','N','0863660472',145,'1110212022','BCA HSE (0472)',NULL,NULL,NULL,'Y','2025-03-04 03:07:58','2025-03-04 03:07:58'),(846,'DB',12,'OVO','OVO','Y','EDC',0,'','',215,'1120301012','EDC OVO','Y','2025-03-04 03:25:12','2025-03-04 03:25:12'),(847,'DB',13,'LinkAja','LinkAja','Y','EDC',0,'','',217,'1120301014','EDC LinkAja','Y','2025-03-04 03:25:49','2025-03-04 03:25:49'),(848,'DB',14,'GO PAY','GO PAY','Y','EDC',0,'','',218,'1120301015','EDC GOPAY','Y','2025-03-04 03:26:07','2025-03-04 03:26:07'),(849,'DB',15,'DIGI CASH BJB','DIGI CASH BJB','Y','EDC',0,'','',216,'1120301013','EDC DIGI CASH','Y','2025-03-04 03:27:23','2025-03-04 03:27:23'),(850,'DB',16,'DANA','DANA','Y','EDC',0,'','',219,'1120301016','EDC DANA','Y','2025-03-04 03:26:50','2025-03-04 03:26:50'),(851,'DB',18,'MANDIRI 2284',' BANK MANDIRI CABANG ALUN –ALUN BANDUNG','N','1300022832284',0,'','',NULL,NULL,NULL,'Y','2025-03-04 03:08:45','2025-03-04 03:08:45'),(852,'DB',19,'CIMB 200','Bank CIMB NIAGA Cab. Thamrin','N','800086058200',0,'','',NULL,NULL,NULL,'Y','2025-03-04 03:08:54','2025-03-04 03:08:54'),(853,'DB',20,'BCA PAJ','BANK CENTRAL ASIA (BCA)','N','3423235060',0,'','',NULL,NULL,NULL,'Y','2025-03-04 03:09:00','2025-03-04 03:09:00'),(854,'DB',20,'BCA PAJ','BANK CENTRAL ASIA (BCA)','N','0863014554',0,'','',NULL,NULL,NULL,'Y','2025-02-06 09:16:44','2025-02-06 09:16:44'),(855,'DB',21,'DUITKU','DUITKU.COM','Y','0863330472',0,'','',220,'1120301017','EDC DUITKU.COM','Y','2025-03-04 03:10:25','2025-03-04 03:10:25'),(856,'DB',22,'BNI DAAN MOGOT','BANK BNI CABANG DAAN MOGOT JAKARTA','N','432205688',0,'','',NULL,NULL,NULL,'Y','2025-02-06 09:16:44','2025-02-06 09:16:44'),(857,'DB',23,'Bank BCA Cabang','Bank BCA Cabang Relasi Indah Jakata','N','4910307717',0,'','',NULL,NULL,NULL,'Y','2025-02-06 09:16:44','2025-02-06 09:16:44'),(858,'DB',24,'bca DIPO','BCA CABANG DIPONEGORO','N','2582124338',0,'','',NULL,NULL,NULL,'Y','2025-02-06 09:16:44','2025-02-06 09:16:44'),(859,'DC',1,'Mandiri','Bank Mandiri','Y','1310008608608',53,'1110211045','MANDIRI PT PRAMITA (8608)',205,'1120301002','EDC MANDIRI','Y','2025-03-04 08:07:23','2025-03-04 08:07:23'),(860,'DC',1,'Mandiri','Bank Mandiri','Y','1310000886889',0,'','',NULL,NULL,NULL,'Y','2025-02-06 09:16:44','2025-02-06 09:16:44'),(861,'DC',1,'Mandiri','Bank Mandiri','Y','131000022832284',0,'','',NULL,NULL,NULL,'Y','2025-02-06 09:16:44','2025-02-06 09:16:44'),(862,'DC',2,'BRI','Bank Rakyat Indonesia (BRI)','Y','000501002320305',0,'','',12,'1110211004','BRI PT PRAMITA (2305)','Y','2025-03-04 08:09:20','2025-03-04 08:09:20'),(863,'DC',4,'BCA','Bank Central Asia (BCA)','Y','0863014554',60,'1110211052','BCA PT PRAMITA (4554)',NULL,NULL,NULL,'Y','2025-03-04 08:07:54','2025-03-04 08:07:54'),(864,'DC',7,'CIMB NIAGA','CIMB NIAGA','Y','800138319000',0,'','',159,'1110212036','CIMB NIAGA HSE (9000)','Y','2025-03-04 08:10:12','2025-03-04 08:10:12'),(865,'DC',9,'BJB','BJB','Y','0007872674001',62,'1110211054','BJB PT PRAMITA (4001)',NULL,NULL,NULL,'Y','2025-03-04 08:10:26','2025-03-04 08:10:26'),(866,'DC',12,'OVO','OVO','Y','EDC',0,'','',215,'1120301012','EDC OVO','Y','2025-03-04 08:13:21','2025-03-04 08:13:21'),(867,'DC',13,'LinkAja','LinkAja','Y','EDC',0,'','',217,'1120301014','EDC LinkAja','Y','2025-03-04 08:13:29','2025-03-04 08:13:29'),(868,'DC',14,'GO PAY','GO PAY','Y','EDC',0,'','',218,'1120301015','EDC GOPAY','Y','2025-03-04 08:13:40','2025-03-04 08:13:40'),(869,'DC',15,'DIGI CASH BJB','DIGI CASH BJB','Y','EDC',0,'','',216,'1120301013','EDC DIGI CASH','Y','2025-03-04 08:13:51','2025-03-04 08:13:51'),(870,'DC',16,'DANA','DANA','Y','EDC',0,'','',219,'1120301016','EDC DANA','Y','2025-03-04 08:14:03','2025-03-04 08:14:03'),(871,'DC',18,'Bank BNI Cabang','Bank BNI Cabang Perintis Kemerdekaan','N','8888333214',15,'1110211007','BNI PT PRAMITA (3214)',15,'1110211007','BNI PT PRAMITA (3214)','Y','2025-03-04 08:14:36','2025-03-04 08:14:36'),(872,'DC',19,'Bank BCA','Bank BCA Cabang Matraman Raya','N','3423235060',0,'','',NULL,NULL,NULL,'Y','2025-02-06 09:16:44','2025-02-06 09:16:44'),(873,'DC',20,'BCA CABANG','Bank BCA Cabang Diponegoro','N','2582124338',0,'','',NULL,NULL,NULL,'Y','2025-02-06 09:16:44','2025-02-06 09:16:44'),(874,'DC',21,'BANK CABANG','Bank Mandiri Cabang','N','1300022832284',0,'','',NULL,NULL,NULL,'Y','2025-02-06 09:16:44','2025-02-06 09:16:44'),(875,'DC',23,'BJB CABANG','BANK BJB CABANG MARTADINATA','N','1717021717001',0,'','',NULL,NULL,NULL,'Y','2025-02-06 09:16:44','2025-02-06 09:16:44'),(876,'DC',24,'BCA REGIONAL','BANK BCA (REGIONAL)','N','0863330472',45,'1110211037','BCA PT PRAMITA (0472)',NULL,NULL,NULL,'Y','2025-03-13 01:11:48','2025-03-13 01:11:48'),(877,'DD',1,'Mandiri','Bank Mandiri','Y','001020234321',0,'','',NULL,NULL,NULL,'Y','2025-02-06 09:16:45','2025-02-06 09:16:45'),(878,'DD',1,'Mandiri','Bank Mandiri','Y','1300022832284',0,'','',NULL,NULL,NULL,'Y','2025-02-06 09:16:45','2025-02-06 09:16:45'),(879,'DD',2,'BRI','Bank Rakyat Indonesia (BRI)','Y','002020234322',0,'','',NULL,NULL,NULL,'Y','2025-02-06 09:16:45','2025-02-06 09:16:45'),(880,'DD',2,'BRI','Bank Rakyat Indonesia (BRI)','Y','000501002320305',0,'','',NULL,NULL,NULL,'Y','2025-02-06 09:16:45','2025-02-06 09:16:45'),(881,'DD',3,'BNI','Bank Negara Indonesia (BNI)','Y','1121121192',0,'','',NULL,NULL,NULL,'Y','2025-02-06 09:16:45','2025-02-06 09:16:45'),(882,'DD',3,'BNI','Bank Negara Indonesia (BNI)','Y','0820086009',0,'','',NULL,NULL,NULL,'Y','2025-02-06 09:16:45','2025-02-06 09:16:45'),(883,'DD',4,'BCA','Bank Central Asia (BCA)','Y','1393460460',0,'','',NULL,NULL,NULL,'Y','2025-02-06 09:16:45','2025-02-06 09:16:45'),(884,'DD',4,'BCA','Bank Central Asia (BCA)','Y','1399121211',0,'','',NULL,NULL,NULL,'Y','2025-02-06 09:16:45','2025-02-06 09:16:45'),(885,'DD',9,'BJB','BJB','Y','1717021717001',0,'','',NULL,NULL,NULL,'Y','2025-02-06 09:16:45','2025-02-06 09:16:45'),(886,'DD',11,'OVO','OVO','Y','EDC',0,'','',NULL,NULL,NULL,'Y','2025-02-06 09:16:45','2025-02-06 09:16:45'),(887,'DD',12,'LinkAja','LinkAja','Y','EDC',0,'','',NULL,NULL,NULL,'Y','2025-02-06 09:16:45','2025-02-06 09:16:45'),(888,'DD',13,'GO PAY','GO PAY','Y','EDC',0,'','',NULL,NULL,NULL,'Y','2025-02-06 09:16:45','2025-02-06 09:16:45'),(889,'DD',14,'DIGI CASH BJB','DIGI CASH BJB','Y','EDC',0,'','',NULL,NULL,NULL,'Y','2025-02-06 09:16:45','2025-02-06 09:16:45'),(890,'DD',15,'DANA','DANA','Y','EDC',0,'','',NULL,NULL,NULL,'Y','2025-02-06 09:16:45','2025-02-06 09:16:45'),(891,'DD',16,'DUITKU','DUITKU.COM','Y','1393460460',0,'','',NULL,NULL,NULL,'Y','2025-02-06 09:16:45','2025-02-06 09:16:45'),(892,'HD',1,'Mandiri','Bank Mandiri','Y','13900211189380',0,'','',NULL,NULL,NULL,'Y','2025-02-06 09:16:53','2025-02-06 09:16:53'),(893,'HD',2,'BRI','Bank Rakyat Indonesia (BRI) TEGAL','Y','010101001785300',0,'','',NULL,NULL,NULL,'Y','2025-02-06 09:16:53','2025-02-06 09:16:53'),(894,'HD',3,'BNI','Bank Negara Indonesia (BNI)','Y','0971223580',0,'','',NULL,NULL,NULL,'Y','2025-02-06 09:16:53','2025-02-06 09:16:53'),(895,'HD',4,'BCA TEGAL','Bank Central Asia (BCA) PT','Y','3423235060',0,'','',NULL,NULL,NULL,'Y','2025-02-06 09:16:53','2025-02-06 09:16:53'),(896,'HD',4,'BCA TEGAL','Bank Central Asia (BCA) PT','Y','0471221880',0,'','',NULL,NULL,NULL,'Y','2025-02-06 09:16:53','2025-02-06 09:16:53'),(897,'HD',7,'BNI SYARIAH','BNI SYARIAH','N','0794597170',0,'','',NULL,NULL,NULL,'Y','2025-02-06 09:16:53','2025-02-06 09:16:53'),(898,'HD',9,'PERMATA','PERMATA','Y','701563799',0,'','',NULL,NULL,NULL,'Y','2025-02-06 09:16:53','2025-02-06 09:16:53'),(899,'HD',12,'DANA','DANA','Y','EDC',0,'','',NULL,NULL,NULL,'Y','2025-02-06 09:16:53','2025-02-06 09:16:53'),(900,'HD',13,'LinkAja','LinkAja','Y','EDC',0,'','',NULL,NULL,NULL,'Y','2025-02-06 09:16:53','2025-02-06 09:16:53'),(901,'HD',14,'GO PAY','GO PAY','Y','EDC',0,'','',NULL,NULL,NULL,'Y','2025-02-06 09:16:53','2025-02-06 09:16:53'),(902,'HD',15,'DIGI CASH BJB','DIGI CASH BJB','Y','EDC',0,'','',NULL,NULL,NULL,'Y','2025-02-06 09:16:53','2025-02-06 09:16:53'),(903,'HD',16,'OVO','OVO','Y','EDC',0,'','',NULL,NULL,NULL,'Y','2025-02-06 09:16:53','2025-02-06 09:16:53'),(904,'HD',17,'BSI','BANK SYARIAH INDONESIA','Y','7945971700',0,'','',NULL,NULL,NULL,'Y','2025-02-06 09:16:53','2025-02-06 09:16:53'),(905,'HD',18,'CIMB NIAGA CAB.','CIMB NIAGA CAB. THAMRIN','Y','800086058200',0,'','',NULL,NULL,NULL,'Y','2025-02-06 09:16:53','2025-02-06 09:16:53'),(906,'HD',19,'1','Bank Rakyat Indonesia (BRI) SLAWI','N','066101001057307',0,'','',NULL,NULL,NULL,'Y','2025-02-06 09:16:53','2025-02-06 09:16:53'),(907,'HD',20,'2','Bank Rakyat Indonesia (BRI) Brebes','N','0014010001518302',0,'','',NULL,NULL,NULL,'Y','2025-02-06 09:16:53','2025-02-06 09:16:53'),(908,'HD',21,'DUITKU','DUITKU.COM','Y','0471221880',0,'','',NULL,NULL,NULL,'Y','2025-02-06 09:16:53','2025-02-06 09:16:53'),(909,'HD',22,'BANK JATENG SEM','BANK JATENG PT PRAMITA SEMARANG','N','1034019564',0,'','',NULL,NULL,NULL,'Y','2025-02-06 09:16:53','2025-02-06 09:16:53'),(910,'HD',23,'121','BCA CAB. DIPONEGORO  ','N','2582124338',0,'','',NULL,NULL,NULL,'Y','2025-02-06 09:16:53','2025-02-06 09:16:53'),(911,'TA',1,'Mandiri','Bank Mandiri','N','1500013538143',0,'','',NULL,NULL,NULL,'Y','2025-02-06 09:17:00','2025-02-06 09:17:00'),(912,'TA',2,'BRI','Bank Rakyat Indonesia (BRI)','N','068901000486307',0,'','',NULL,NULL,NULL,'Y','2025-02-06 09:17:00','2025-02-06 09:17:00'),(913,'TA',3,'BNI','Bank Negara Indonesia (BNI)','N','8877778847',0,'','',NULL,NULL,NULL,'Y','2025-02-06 09:17:00','2025-02-06 09:17:00'),(914,'TA',4,'BCA','Bank Central Asia (BCA)','N','0268830688',0,'','',NULL,NULL,NULL,'Y','2025-02-06 09:17:00','2025-02-06 09:17:00'),(915,'TA',12,'SULUTGO','SULUTGO','N','00101520016006',0,'','',NULL,NULL,NULL,'Y','2025-02-06 09:17:00','2025-02-06 09:17:00'),(916,'TA',13,'QRIS','QRIS','N','0268830688',0,'','',NULL,NULL,NULL,'Y','2025-02-06 09:17:00','2025-02-06 09:17:00'),(917,'TA',14,'OVO','OVO','Y','EDC',0,'','',NULL,NULL,NULL,'Y','2025-02-06 09:17:00','2025-02-06 09:17:00'),(918,'TA',15,'LinkAja','LinkAja','Y','EDC',0,'','',NULL,NULL,NULL,'Y','2025-02-06 09:17:00','2025-02-06 09:17:00'),(919,'TA',16,'GO PAY','GO PAY','Y','EDC',0,'','',NULL,NULL,NULL,'Y','2025-02-06 09:17:00','2025-02-06 09:17:00'),(920,'TA',17,'DIGI CASH BJB','DIGI CASH BJB','Y','EDC',0,'','',NULL,NULL,NULL,'Y','2025-02-06 09:17:00','2025-02-06 09:17:00'),(921,'TA',18,'DANA','DANA','Y','EDC',0,'','',NULL,NULL,NULL,'Y','2025-02-06 09:17:00','2025-02-06 09:17:00'),(922,'PA',1,'Mandiri','Bank Mandiri','Y','1460017932463',0,'','',NULL,NULL,NULL,'Y','2025-02-06 09:17:06','2025-02-06 09:17:06'),(923,'PA',2,'BRI','Bank Rakyat Indonesia (BRI)','Y','056901000441303',0,'','',NULL,NULL,NULL,'Y','2025-02-06 09:17:06','2025-02-06 09:17:06'),(924,'PA',3,'BNI','Bank Negara Indonesia (BNI)','Y','8113187119',0,'','',NULL,NULL,NULL,'Y','2025-02-06 09:17:06','2025-02-06 09:17:06'),(925,'PA',3,'BNI','Bank Negara Indonesia (BNI)','Y','888754627',0,'','',NULL,NULL,NULL,'Y','2025-02-06 09:17:06','2025-02-06 09:17:06'),(926,'PA',4,'BCA','Bank Central Asia (BCA)','Y','0299020004',0,'','',NULL,NULL,NULL,'Y','2025-02-06 09:17:06','2025-02-06 09:17:06'),(927,'PA',9,'PERMATA','PERMATA','Y','00702261112',0,'','',NULL,NULL,NULL,'Y','2025-02-06 09:17:06','2025-02-06 09:17:06'),(928,'PA',12,'OVO','OVO','Y','EDC',0,'','',NULL,NULL,NULL,'Y','2025-02-06 09:17:06','2025-02-06 09:17:06'),(929,'PA',13,'LinkAja','LinkAja','Y','EDC',0,'','',NULL,NULL,NULL,'Y','2025-02-06 09:17:06','2025-02-06 09:17:06'),(930,'PA',14,'GO PAY','GO PAY','Y','EDC',0,'','',NULL,NULL,NULL,'Y','2025-02-06 09:17:06','2025-02-06 09:17:06'),(931,'PA',15,'DIGI CASH BJB','DIGI CASH BJB','Y','EDC',0,'','',NULL,NULL,NULL,'Y','2025-02-06 09:17:06','2025-02-06 09:17:06'),(932,'PA',16,'DANA','DANA','N','EDC',0,'','',NULL,NULL,NULL,'Y','2025-02-06 09:17:06','2025-02-06 09:17:06'),(933,'PA',18,'BSI','BANK SYARIAH INDONESIA','N','8887544443',0,'','',NULL,NULL,NULL,'Y','2025-02-06 09:17:06','2025-02-06 09:17:06'),(934,'PA',19,'DUITKU','DUITKU.COM','Y','0299020004',0,'','',NULL,NULL,NULL,'Y','2025-02-06 09:17:06','2025-02-06 09:17:06'),(935,'AA',1,'Mandiri - EDC','Bank Mandiri - EDC','Y','1370012152837',151,'1110212028','MANDIRI HSE (2837)',205,'1120301002','EDC MANDIRI','Y','2025-02-18 08:48:39','2025-02-18 08:48:39'),(936,'AA',2,'BRI','Bank Rakyat Indonesia (BRI)','Y','002901003278309',0,'','',211,'1120301008','EDC BRI','Y','2025-03-04 09:16:57','2025-03-04 09:16:57'),(937,'AA',3,'BNI - EDC','Bank Negara Indonesia (BNI) - EDC','Y','7978787776',154,'1110212031','BNI HSE (7776)',206,'1120301003','EDC BNI','Y','2025-02-18 08:59:55','2025-02-18 08:59:55'),(938,'AA',4,'BCA - EDC','Bank Central Asia (BCA) - EDC','Y','0373683377',155,'1110212032','BCA HSE (3377)',204,'1120301001','EDC BCA','Y','2025-02-18 09:01:00','2025-02-18 09:01:00'),(939,'AA',12,'OVO','OVO','Y','7797979789',48,'1110211040','BNI PT PRAMITA (9789)',215,'1120301012','EDC OVO','Y','2025-03-04 09:20:27','2025-03-04 09:20:27'),(940,'AA',14,'DANA','DANA','Y','7797979789',48,'1110211040','BNI PT PRAMITA (9789)',219,'1120301016','EDC DANA','Y','2025-03-04 09:21:20','2025-03-04 09:21:20'),(941,'AA',16,'BSI','Bank Syariah Indonesia','N','3744328100',0,'','',NULL,NULL,NULL,'Y','2025-02-06 09:17:35','2025-02-06 09:17:35'),(942,'AA',17,'DUITKU','DUITKU.COM','Y','0373683555',0,'','',NULL,NULL,NULL,'Y','2025-02-06 09:17:35','2025-02-06 09:17:35'),(943,'AA',18,'BCA - TF','Bank Central Asia (BCA) - Transfer','N','',0,'','',NULL,NULL,NULL,'N','2025-03-04 09:24:00','2025-03-04 09:24:00'),(944,'AA',19,'Mandiri - TF','Bank Mandiri - Transfer','N','1370012152878',50,'1110211042','MANDIRI PT PRAMITA (2878)',NULL,NULL,NULL,'Y','2025-03-04 09:24:48','2025-03-04 09:24:48'),(945,'AA',20,'BNI - TF','Bank Negara Indonesia (BNI) - Transfer','N','7797979789',48,'1110211040','BNI PT PRAMITA (9789)',0,'','','Y','2025-03-04 09:18:59','2025-03-04 09:18:59'),(946,'AB',1,'Mandiri - EDC','Bank Mandiri - EDC','Y','1370012152837',0,'','',NULL,NULL,NULL,'Y','2025-02-06 09:17:36','2025-02-06 09:17:36'),(947,'AB',2,'BRI','Bank Rakyat Indonesia (BRI)','Y','002901003278309',0,'','',NULL,NULL,NULL,'Y','2025-02-06 09:17:36','2025-02-06 09:17:36'),(948,'AB',3,'BNI - TF','Bank Negara Indonesia (BNI) - Transfer','N','7797979789',0,'','',NULL,NULL,NULL,'Y','2025-02-06 09:17:36','2025-02-06 09:17:36'),(949,'AB',4,'BCA - TF','Bank Central Asia (BCA) - Transfer','N','0372684800',0,'','',NULL,NULL,NULL,'Y','2025-02-06 09:17:36','2025-02-06 09:17:36'),(950,'AB',4,'BCA - TF','Bank Central Asia (BCA) - Transfer','N','0373683555',0,'','',NULL,NULL,NULL,'Y','2025-02-06 09:17:36','2025-02-06 09:17:36'),(951,'AB',12,'OVO','OVO','Y','7797979789',0,'','',NULL,NULL,NULL,'Y','2025-02-06 09:17:36','2025-02-06 09:17:36'),(952,'AB',14,'DANA','DANA','Y','7797979789',0,'','',NULL,NULL,NULL,'Y','2025-02-06 09:17:36','2025-02-06 09:17:36'),(953,'AB',16,'BSI','Bank Syariah Indonesia','N','3744328100',0,'','',NULL,NULL,NULL,'Y','2025-02-06 09:17:36','2025-02-06 09:17:36'),(954,'AB',17,'DUITKU','DUITKU.COM','Y','0373683555',0,'','',NULL,NULL,NULL,'Y','2025-02-06 09:17:36','2025-02-06 09:17:36'),(955,'AB',18,'BCA - EDC','Bank Central Asia (BCA) - EDC','Y','0373683377',0,'','',NULL,NULL,NULL,'Y','2025-02-06 09:17:36','2025-02-06 09:17:36'),(956,'AB',19,'BNI - EDC','Bank Negara Indonesia (BNI) - EDC','Y','7978787776',0,'','',NULL,NULL,NULL,'Y','2025-02-06 09:17:36','2025-02-06 09:17:36'),(957,'AB',20,'Mandiri - TF','Bank Mandiri - Transfer','N','1370012152878',0,'','',NULL,NULL,NULL,'Y','2025-02-06 09:17:36','2025-02-06 09:17:36'),(958,'DE',1,'Mandiri','Bank Mandiri KC Yos Sudarso','Y','1340010220233',27,'1110211019','MANDIRI PT PRAMITA (0233)',205,'1120301002','EDC MANDIRI','Y','2025-02-18 06:37:23','2025-02-18 06:37:23'),(959,'DE',1,'Mandiri','Bank Mandiri KC Yos Sudarso','Y','1340010222254',131,'1110212008','MANDIRI HSE (2254)',NULL,NULL,NULL,'Y','2025-02-18 06:41:08','2025-02-18 06:41:08'),(960,'DE',3,'BNI','Bank Nasional Indonesia (BNI)','Y','0610595958',130,'1110212007','BNI HSE (5958)',206,'1120301003','EDC BNI','Y','2025-02-18 06:42:03','2025-02-18 06:42:03'),(961,'DE',3,'BNI','Bank Nasional Indonesia (BNI)','N','0610610195',26,'1110211018','BNI PT PRAMITA (0195)',NULL,NULL,NULL,'Y','2025-02-18 06:34:45','2025-02-18 06:34:45'),(962,'DE',4,'BCA','Bank Central Asia (BCA)','N','8180169700',24,'1110211016','BCA PT PRAMITA (9700)',NULL,NULL,NULL,'Y','2025-02-18 06:26:51','2025-02-18 06:26:51'),(963,'DE',7,'BSI','BANK SYARIAH INDONESIA','N','2489900001',25,'1110211017','BSI PT PRAMITA (0001)',NULL,NULL,NULL,'Y','2025-02-18 06:31:57','2025-02-18 06:31:57'),(964,'DE',9,'PERMATA','PERMATA','Y','701563492',28,'1110211020','PERMATA PT PRAMITA (3492)',208,'1120301005','EDC PERMATA','Y','2025-02-18 06:38:48','2025-02-18 06:38:48'),(965,'DE',11,'BCA EDC H.SE','Bank Central Asia (BCA) HSE','Y','8180171666',128,'1110212005','BCA HSE (1666)',204,'1120301001','EDC BCA','Y','2025-02-18 06:45:16','2025-02-18 06:45:16'),(966,'DE',12,'DANA','DANA','Y','EDC',0,'','',219,'1120301016','EDC DANA','Y','2025-02-18 06:52:45','2025-02-18 06:52:45'),(967,'DE',13,'LinkAja','LinkAja','Y','EDC',0,'','',217,'1120301014','EDC LinkAja','Y','2025-02-18 06:56:01','2025-02-18 06:56:01'),(968,'DE',14,'GO PAY','GO PAY','Y','EDC',0,'','',218,'1120301015','EDC GOPAY','Y','2025-02-18 06:56:21','2025-02-18 06:56:21'),(969,'DE',15,'DIGI CASH BJB','DIGI CASH BJB','Y','EDC',0,'','',216,'1120301013','EDC DIGI CASH','Y','2025-02-18 06:56:38','2025-02-18 06:56:38'),(970,'DE',16,'OVO','OVO','Y','EDC',0,'','',215,'1120301012','EDC OVO','Y','2025-02-18 06:56:54','2025-02-18 06:56:54'),(971,'DE',17,'DUITKU','DUITKU.COM','N','1340010220233',0,'','',220,'1120301017','EDC DUITKU.COM','Y','2025-02-18 06:57:12','2025-02-18 06:57:12'),(972,'JA',1,'Mandiri','Bank Mandiri','Y','1120026688668',0,'','',NULL,NULL,NULL,'Y','2025-02-06 09:18:06','2025-02-06 09:18:06'),(973,'JA',1,'Mandiri','Bank Mandiri','Y','1120026686860',0,'','',NULL,NULL,NULL,'Y','2025-02-06 09:18:06','2025-02-06 09:18:06'),(974,'JA',1,'Mandiri','Bank Mandiri','Y','1120000400502',0,'','',NULL,NULL,NULL,'Y','2025-02-06 09:18:06','2025-02-06 09:18:06'),(975,'JA',3,'BNI','Bank Negara Indonesia (BNI)','Y','2540254025',0,'','',NULL,NULL,NULL,'Y','2025-02-06 09:18:06','2025-02-06 09:18:06'),(976,'JA',4,'BCA','Bank Central Asia (BCA)','Y','0213239900',0,'','',NULL,NULL,NULL,'Y','2025-02-06 09:18:06','2025-02-06 09:18:06'),(977,'JA',4,'BCA','Bank Central Asia (BCA)','Y','0212790000',0,'','',NULL,NULL,NULL,'Y','2025-02-06 09:18:06','2025-02-06 09:18:06'),(978,'JA',4,'BCA','Bank Central Asia (BCA)','Y','0213246655',0,'','',NULL,NULL,NULL,'Y','2025-02-06 09:18:06','2025-02-06 09:18:06'),(979,'JA',4,'BCA','Bank Central Asia (BCA)','Y','3423235060',0,'','',NULL,NULL,NULL,'Y','2025-02-06 09:18:06','2025-02-06 09:18:06'),(980,'JA',4,'BCA','Bank Central Asia (BCA)','Y','0213240088',0,'','',NULL,NULL,NULL,'Y','2025-02-06 09:18:06','2025-02-06 09:18:06'),(981,'JA',12,'DANA','DANA','Y','EDC',0,'','',NULL,NULL,NULL,'Y','2025-02-06 09:18:06','2025-02-06 09:18:06'),(982,'JA',13,'LinkAja','LinkAja','Y','EDC',0,'','',NULL,NULL,NULL,'Y','2025-02-06 09:18:06','2025-02-06 09:18:06'),(983,'JA',14,'GO PAY','GO PAY','Y','EDC',0,'','',NULL,NULL,NULL,'Y','2025-02-06 09:18:06','2025-02-06 09:18:06'),(984,'JA',15,'DIGI CASH BJB','DIGI CASH BJB','Y','EDC',0,'','',NULL,NULL,NULL,'Y','2025-02-06 09:18:06','2025-02-06 09:18:06'),(985,'JA',16,'OVO','OVO','Y','EDC',0,'','',NULL,NULL,NULL,'Y','2025-02-06 09:18:06','2025-02-06 09:18:06'),(986,'JB',1,'Mandiri','Bank Mandiri','Y','1120000400502',0,'','',NULL,NULL,NULL,'Y','2025-02-06 09:18:07','2025-02-06 09:18:07'),(987,'JB',1,'Mandiri','Bank Mandiri','Y','1120026686860',0,'','',NULL,NULL,NULL,'Y','2025-02-06 09:18:07','2025-02-06 09:18:07'),(988,'JB',3,'BNI','Bank Negara Indonesia (BNI)','Y','2540254025',0,'','',NULL,NULL,NULL,'Y','2025-02-06 09:18:07','2025-02-06 09:18:07'),(989,'JB',4,'BCA','Bank Central Asia (BCA)','Y','0212790000',0,'','',NULL,NULL,NULL,'Y','2025-02-06 09:18:07','2025-02-06 09:18:07'),(990,'JB',4,'BCA','Bank Central Asia (BCA)','Y','0213239900',0,'','',NULL,NULL,NULL,'Y','2025-02-06 09:18:07','2025-02-06 09:18:07'),(991,'JB',4,'BCA','Bank Central Asia (BCA)','Y','3423235060',0,'','',NULL,NULL,NULL,'Y','2025-02-06 09:18:07','2025-02-06 09:18:07'),(992,'JB',4,'BCA','Bank Central Asia (BCA)','Y','0213246655',0,'','',NULL,NULL,NULL,'Y','2025-02-06 09:18:07','2025-02-06 09:18:07'),(993,'JB',12,'DANA','DANA','Y','EDC',0,'','',NULL,NULL,NULL,'Y','2025-02-06 09:18:07','2025-02-06 09:18:07'),(994,'JB',13,'LinkAja','LinkAja','Y','EDC',0,'','',NULL,NULL,NULL,'Y','2025-02-06 09:18:07','2025-02-06 09:18:07'),(995,'JB',14,'GO PAY','GO PAY','Y','EDC',0,'','',NULL,NULL,NULL,'Y','2025-02-06 09:18:07','2025-02-06 09:18:07'),(996,'JB',15,'DIGI CASH BJB','DIGI CASH BJB','Y','EDC',0,'','',NULL,NULL,NULL,'Y','2025-02-06 09:18:07','2025-02-06 09:18:07'),(997,'JB',16,'OVO','OVO','Y','EDC',0,'','',NULL,NULL,NULL,'Y','2025-02-06 09:18:07','2025-02-06 09:18:07'),(998,'JC',1,'Mandiri','Bank Mandiri','Y','1130057776555',0,'','',NULL,NULL,NULL,'Y','2025-02-06 09:18:07','2025-02-06 09:18:07'),(999,'JC',1,'Mandiri','Bank Mandiri','Y','1120000400502',0,'','',NULL,NULL,NULL,'Y','2025-02-06 09:18:07','2025-02-06 09:18:07'),(1000,'JC',1,'Mandiri','Bank Mandiri','Y','1120026686860',0,'','',NULL,NULL,NULL,'Y','2025-02-06 09:18:07','2025-02-06 09:18:07'),(1001,'JC',3,'BNI','Bank Negara Indonesia (BNI)','Y','2540254025',0,'','',NULL,NULL,NULL,'Y','2025-02-06 09:18:07','2025-02-06 09:18:07'),(1002,'JC',4,'BCA','Bank Central Asia (BCA)','Y','3410622229',0,'','',NULL,NULL,NULL,'Y','2025-02-06 09:18:07','2025-02-06 09:18:07'),(1003,'JC',4,'BCA','Bank Central Asia (BCA)','Y','3423235060',0,'','',NULL,NULL,NULL,'Y','2025-02-06 09:18:07','2025-02-06 09:18:07'),(1004,'JC',4,'BCA','Bank Central Asia (BCA)','Y','0213239900',0,'','',NULL,NULL,NULL,'Y','2025-02-06 09:18:07','2025-02-06 09:18:07'),(1005,'JC',4,'BCA','Bank Central Asia (BCA)','Y','0213246655',0,'','',NULL,NULL,NULL,'Y','2025-02-06 09:18:07','2025-02-06 09:18:07'),(1006,'JC',4,'BCA','Bank Central Asia (BCA)','Y','0213246060',0,'','',NULL,NULL,NULL,'Y','2025-02-06 09:18:07','2025-02-06 09:18:07'),(1007,'JC',12,'DANA','DANA','Y','EDC',0,'','',NULL,NULL,NULL,'Y','2025-02-06 09:18:07','2025-02-06 09:18:07'),(1008,'JC',13,'LinkAja','LinkAja','Y','EDC',0,'','',NULL,NULL,NULL,'Y','2025-02-06 09:18:07','2025-02-06 09:18:07'),(1009,'JC',14,'GO PAY','GO PAY','Y','EDC',0,'','',NULL,NULL,NULL,'Y','2025-02-06 09:18:07','2025-02-06 09:18:07'),(1010,'JC',15,'DIGI CASH BJB','DIGI CASH BJB','Y','EDC',0,'','',NULL,NULL,NULL,'Y','2025-02-06 09:18:07','2025-02-06 09:18:07'),(1011,'JC',16,'OVO','OVO','Y','EDC',0,'','',NULL,NULL,NULL,'Y','2025-02-06 09:18:07','2025-02-06 09:18:07'),(1012,'DB',4,'BCA','Bank Central Asia (BCA)','N','8888333214',0,'','',NULL,NULL,NULL,'Y','2025-03-04 03:10:40','2025-03-04 03:10:40'),(1013,'TA',13,'QRIS','QRIS','N','068901000486307',0,'','',NULL,NULL,NULL,'Y','2025-02-06 09:20:12','2025-02-06 09:20:12'),(1014,'TA',13,'QRIS','QRIS','N','1500013538143',0,'','',NULL,NULL,NULL,'Y','2025-02-06 09:20:12','2025-02-06 09:20:12'),(1015,'TA',13,'QRIS','QRIS','N','8877778847',0,'','',NULL,NULL,NULL,'Y','2025-02-06 09:20:12','2025-02-06 09:20:12'),(1016,'AA',18,'BCA - TF','Bank Central Asia (BCA) - Transfer','N','0373683555',49,'1110211041','BCA PT PRAMITA (3555)',0,'','','Y','2025-03-04 09:19:13','2025-03-04 09:19:13'),(1017,'EA',1,'Mandiri','Bank Mandiri','Y','1060012544915',39,'1110211031','MANDIRI PT PRAMITA (4915)',205,'1120301002','EDC MANDIRI','Y','2025-02-18 07:11:16','2025-02-18 07:11:16'),(1018,'EA',1,'Mandiri','Bank Mandiri','N','1060012544949',137,'1110212014','MANDIRI HSE (4949)',NULL,NULL,NULL,'Y','2025-02-18 07:20:03','2025-02-18 07:20:03'),(1019,'EA',3,'BNI','Bank Nasional Indonesia (BNI)','N','1133557780',36,'1110211028','BNI PT PRAMITA (7780)',0,'','','Y','2025-02-18 07:09:17','2025-02-18 07:09:17'),(1020,'EA',4,'BCA','Bank Central Asia (BCA)','Y','3831377371',38,'1110211030','BCA PT PRAMITA (7371)',204,'1120301001','EDC BCA','Y','2025-02-18 07:10:21','2025-02-18 07:10:21'),(1021,'EA',4,'BCA','Bank Central Asia (BCA)','N','3831377397',138,'1110212015','BCA HSE (7397)',NULL,NULL,NULL,'Y','2025-02-18 07:21:05','2025-02-18 07:21:05'),(1022,'EA',12,'DANA','DANA','Y','EDC',0,'','',219,'1120301016','EDC DANA','Y','2025-02-18 07:22:02','2025-02-18 07:22:02'),(1023,'EA',13,'LinkAja','LinkAja','Y','EDC',0,'','',217,'1120301014','EDC LinkAja','Y','2025-02-18 07:22:18','2025-02-18 07:22:18'),(1024,'EA',14,'GO PAY','GO PAY','Y','EDC',0,'','',218,'1120301015','EDC GOPAY','Y','2025-02-18 07:22:44','2025-02-18 07:22:44'),(1025,'EA',15,'DIGI CASH BJB','DIGI CASH BJB','Y','EDC',0,'','',216,'1120301013','EDC DIGI CASH','Y','2025-02-18 07:23:01','2025-02-18 07:23:01'),(1026,'EA',16,'OVO','OVO','Y','EDC',0,'','',215,'1120301012','EDC OVO','Y','2025-02-18 07:23:17','2025-02-18 07:23:17'),(1027,'EA',17,'DANAMON','DANAMON','N','49023989',37,'1110211029','DANAMON PT PRAMITA (3989)',NULL,NULL,NULL,'Y','2025-02-18 07:09:36','2025-02-18 07:09:36'),(1028,'EB',1,'Mandiri','Bank Mandiri','Y','1060007586475',0,'','',NULL,NULL,NULL,'Y','2025-02-06 09:22:56','2025-02-06 09:22:56'),(1029,'EB',4,'BCA','Bank Central Asia (BCA)','Y','2588866659',0,'','',NULL,NULL,NULL,'Y','2025-02-06 09:22:56','2025-02-06 09:22:56'),(1030,'EB',7,'BSI','BANK SYARIAH INDONESIA','N','7070707754',0,'','',NULL,NULL,NULL,'Y','2025-02-06 09:22:56','2025-02-06 09:22:56'),(1031,'EB',9,'PERMATA','PERMATA','Y','0701835344',0,'','',NULL,NULL,NULL,'Y','2025-02-06 09:22:56','2025-02-06 09:22:56'),(1032,'EB',11,'BCA HSE','Bank Central Asia (BCA) HSE','N','3831377397',0,'','',NULL,NULL,NULL,'Y','2025-02-06 09:22:56','2025-02-06 09:22:56'),(1033,'EB',12,'DANA','DANA','Y','EDC',0,'','',NULL,NULL,NULL,'Y','2025-02-06 09:22:56','2025-02-06 09:22:56'),(1034,'EB',13,'LinkAja','LinkAja','Y','EDC',0,'','',NULL,NULL,NULL,'Y','2025-02-06 09:22:56','2025-02-06 09:22:56'),(1035,'EB',14,'GO PAY','GO PAY','Y','EDC',0,'','',NULL,NULL,NULL,'Y','2025-02-06 09:22:56','2025-02-06 09:22:56'),(1036,'EB',16,'OVO','OVO','Y','EDC',0,'','',NULL,NULL,NULL,'Y','2025-02-06 09:22:56','2025-02-06 09:22:56'),(1037,'EB',19,'BCA BARU','BCA HSE BARU','Y','3831677901',0,'','',NULL,NULL,NULL,'Y','2025-02-06 09:22:56','2025-02-06 09:22:56'),(1038,'EC',1,'Mandiri','Bank Mandiri','Y','13900211189380',0,'','',NULL,NULL,NULL,'Y','2025-02-06 09:22:56','2025-02-06 09:22:56'),(1039,'EC',1,'Mandiri','Bank Mandiri','Y','1060002982802',0,'','',NULL,NULL,NULL,'Y','2025-02-06 09:22:56','2025-02-06 09:22:56'),(1040,'EC',1,'Mandiri','Bank Mandiri','Y','1060007586475',0,'','',NULL,NULL,NULL,'Y','2025-02-06 09:22:56','2025-02-06 09:22:56'),(1041,'EC',2,'BRI','Bank Rakyat Indonesia (BRI)','Y','036701002712308',0,'','',NULL,NULL,NULL,'Y','2025-02-06 09:22:56','2025-02-06 09:22:56'),(1042,'EC',2,'BRI','Bank Rakyat Indonesia (BRI)','Y','010101001785300',0,'','',NULL,NULL,NULL,'Y','2025-02-06 09:22:56','2025-02-06 09:22:56'),(1043,'EC',4,'BCA','Bank Central Asia (BCA)','Y','3423235060',0,'','',NULL,NULL,NULL,'Y','2025-02-06 09:22:56','2025-02-06 09:22:56'),(1044,'EC',4,'BCA','Bank Central Asia (BCA)','Y','8005175085',0,'','',NULL,NULL,NULL,'Y','2025-02-06 09:22:56','2025-02-06 09:22:56'),(1045,'EC',4,'BCA','Bank Central Asia (BCA)','Y','2588866659',0,'','',NULL,NULL,NULL,'Y','2025-02-06 09:22:56','2025-02-06 09:22:56'),(1046,'EC',7,'BSI','BANK SYARIAH INDONESIA','N','0794597170',0,'','',NULL,NULL,NULL,'Y','2025-02-06 09:22:56','2025-02-06 09:22:56'),(1047,'EC',9,'PERMATA','PERMATA','Y','701563799',0,'','',NULL,NULL,NULL,'Y','2025-02-06 09:22:56','2025-02-06 09:22:56'),(1048,'EC',11,'BCA HSE','Bank Central Asia (BCA) HSE','N','3831377397',0,'','',NULL,NULL,NULL,'Y','2025-02-06 09:22:56','2025-02-06 09:22:56'),(1049,'EC',12,'DANA','DANA','Y','EDC',0,'','',NULL,NULL,NULL,'Y','2025-02-06 09:22:56','2025-02-06 09:22:56'),(1050,'EC',13,'LinkAja','LinkAja','Y','EDC',0,'','',NULL,NULL,NULL,'Y','2025-02-06 09:22:56','2025-02-06 09:22:56'),(1051,'EC',14,'GO PAY','GO PAY','Y','EDC',0,'','',NULL,NULL,NULL,'Y','2025-02-06 09:22:56','2025-02-06 09:22:56'),(1052,'EC',15,'DIGI CASH BJB','DIGI CASH BJB','Y','EDC',0,'','',NULL,NULL,NULL,'Y','2025-02-06 09:22:56','2025-02-06 09:22:56'),(1053,'EC',16,'OVO','OVO','Y','EDC',0,'','',NULL,NULL,NULL,'Y','2025-02-06 09:22:56','2025-02-06 09:22:56'),(1054,'EC',19,'BNI WAHID HASYI','Bank Nasional Indonesia (BNI)','Y','1722585469',0,'','',NULL,NULL,NULL,'Y','2025-02-06 09:22:56','2025-02-06 09:22:56'),(1055,'FA',1,'Mandiri','Bank Mandiri','Y','1110007360346',0,'','',NULL,NULL,NULL,'Y','2025-02-06 09:29:15','2025-02-06 09:29:15'),(1056,'FA',2,'BRI','Bank Rakyat Indonesia (BRI)','Y','005801003015308',0,'','',NULL,NULL,NULL,'Y','2025-02-06 09:29:15','2025-02-06 09:29:15'),(1057,'FA',2,'BRI','Bank Rakyat Indonesia (BRI)','Y','005801002438309',0,'','',NULL,NULL,NULL,'Y','2025-02-06 09:29:15','2025-02-06 09:29:15'),(1058,'FA',3,'BNI','Bank Negara Indonesia (BNI)','Y','556999881',0,'','',NULL,NULL,NULL,'Y','2025-02-06 09:29:15','2025-02-06 09:29:15'),(1059,'FA',4,'BCA','Bank Central Asia (BCA)','Y','1630522214',0,'','',NULL,NULL,NULL,'Y','2025-02-06 09:29:15','2025-02-06 09:29:15'),(1060,'FA',4,'BCA','Bank Central Asia (BCA)','Y','0322009508',0,'','',NULL,NULL,NULL,'Y','2025-02-06 09:29:15','2025-02-06 09:29:15'),(1061,'FA',4,'BCA','Bank Central Asia (BCA)','Y','3423235060',0,'','',NULL,NULL,NULL,'Y','2025-02-06 09:29:15','2025-02-06 09:29:15'),(1062,'FA',4,'BCA','Bank Central Asia (BCA)','Y','2582124338',0,'','',NULL,NULL,NULL,'Y','2025-02-06 09:29:15','2025-02-06 09:29:15'),(1063,'FA',12,'DANA','DANA','Y','EDC',0,'','',NULL,NULL,NULL,'Y','2025-02-06 09:29:15','2025-02-06 09:29:15'),(1064,'FA',13,'LinkAja','LinkAja','Y','EDC',0,'','',NULL,NULL,NULL,'Y','2025-02-06 09:29:15','2025-02-06 09:29:15'),(1065,'FA',14,'GO PAY','GO PAY','Y','EDC',0,'','',NULL,NULL,NULL,'Y','2025-02-06 09:29:15','2025-02-06 09:29:15'),(1066,'FA',15,'DIGI CASH BJB','DIGI CASH BJB','Y','EDC',0,'','',NULL,NULL,NULL,'Y','2025-02-06 09:29:15','2025-02-06 09:29:15'),(1067,'FA',16,'OVO','OVO','Y','EDC',0,'','',NULL,NULL,NULL,'Y','2025-02-06 09:29:15','2025-02-06 09:29:15'),(1068,'FA',17,'CIMB','CIMB NIAGA','N','80086058200',0,'','',NULL,NULL,NULL,'Y','2025-02-06 09:29:15','2025-02-06 09:29:15'),(1069,'FA',17,'CIMB','CIMB NIAGA','N','800147588500',0,'','',NULL,NULL,NULL,'Y','2025-02-06 09:29:15','2025-02-06 09:29:15'),(1070,'FA',18,'NAGARI','BANK NAGARI','Y','21000103042537',0,'','',NULL,NULL,NULL,'Y','2025-02-06 09:29:15','2025-02-06 09:29:15'),(1071,'FA',19,'DUITKU','DUITKU.COM','Y','556999881',0,'','',NULL,NULL,NULL,'Y','2025-02-06 09:29:15','2025-02-06 09:29:15'),(1072,'GA',1,'MANDIRI PT','BANK MANDIRI (PT)','Y','1080014679618',0,'','',NULL,NULL,NULL,'Y','2025-02-06 09:30:25','2025-02-06 09:30:25'),(1073,'GA',2,'BRI PT','Bank Rakyat Indonesia (BRI)','Y','109801000169301',0,'','',NULL,NULL,NULL,'Y','2025-02-06 09:30:25','2025-02-06 09:30:25'),(1074,'GA',3,'BNI PT','BNI (PT)','Y','0469274912',0,'','',NULL,NULL,NULL,'Y','2025-02-06 09:30:25','2025-02-06 09:30:25'),(1075,'GA',4,'BCA PT','Bank Central Asia (BCA) PT','Y','2588866632',0,'','',NULL,NULL,NULL,'Y','2025-02-06 09:30:25','2025-02-06 09:30:25'),(1076,'GA',7,'MANDIRI HSE','BANK MANDIRI (HSE)','N','1080014679642',0,'','',NULL,NULL,NULL,'Y','2025-02-06 09:30:25','2025-02-06 09:30:25'),(1077,'GA',11,'BNI HSE','BNI (HSE)','N','0483686917',0,'','',NULL,NULL,NULL,'Y','2025-02-06 09:30:25','2025-02-06 09:30:25'),(1078,'GA',12,'DANA','DANA','Y','EDC',0,'','',NULL,NULL,NULL,'Y','2025-02-06 09:30:25','2025-02-06 09:30:25'),(1079,'GA',13,'  QRIS MANDIRI','H.SARNO ERYANTO','Y','EDC',0,'','',NULL,NULL,NULL,'Y','2025-02-06 09:30:25','2025-02-06 09:30:25'),(1080,'GA',14,'GO PAY','GO PAY','Y','EDC',0,'','',NULL,NULL,NULL,'Y','2025-02-06 09:30:25','2025-02-06 09:30:25'),(1081,'GA',15,'DIGI CASH BJB','DIGI CASH BJB','Y','EDC',0,'','',NULL,NULL,NULL,'Y','2025-02-06 09:30:25','2025-02-06 09:30:25'),(1082,'GA',16,'OVO','OVO','Y','EDC',0,'','',NULL,NULL,NULL,'Y','2025-02-06 09:30:25','2025-02-06 09:30:25'),(1083,'HB',1,'Mandiri','Bank Mandiri','Y','1360028298880',0,'','',NULL,NULL,NULL,'Y','2025-02-06 09:32:00','2025-02-06 09:32:00'),(1084,'HB',2,'BRI','Bank Rakyat Indonesia (BRI)','Y','0048010001146566',0,'','',NULL,NULL,NULL,'Y','2025-02-06 09:32:00','2025-02-06 09:32:00'),(1085,'HB',3,'BNI','Bank Negara Indonesia (BNI)','Y','1809868880',0,'','',NULL,NULL,NULL,'Y','2025-02-06 09:32:00','2025-02-06 09:32:00'),(1086,'HB',4,'BCA','Bank Central Asia (BCA)','Y','1229798888',0,'','',NULL,NULL,NULL,'Y','2025-02-06 09:32:00','2025-02-06 09:32:00'),(1087,'HB',12,'DANA','DANA','Y','EDC',0,'','',NULL,NULL,NULL,'Y','2025-02-06 09:32:00','2025-02-06 09:32:00'),(1088,'HB',13,'LinkAja','LinkAja','Y','EDC',0,'','',NULL,NULL,NULL,'Y','2025-02-06 09:32:00','2025-02-06 09:32:00'),(1089,'HB',14,'GO PAY','GO PAY','Y','EDC',0,'','',NULL,NULL,NULL,'Y','2025-02-06 09:32:00','2025-02-06 09:32:00'),(1090,'HB',15,'DIGI CASH BJB','DIGI CASH BJB','Y','EDC',0,'','',NULL,NULL,NULL,'Y','2025-02-06 09:32:00','2025-02-06 09:32:00'),(1091,'HB',16,'OVO','OVO','Y','EDC',0,'','',NULL,NULL,NULL,'Y','2025-02-06 09:32:00','2025-02-06 09:32:00'),(1092,'HB',17,'BTN','Bank Tabungan Negara','N','0008101500081283',0,'','',NULL,NULL,NULL,'Y','2025-02-06 09:32:00','2025-02-06 09:32:00'),(1093,'HB',18,'DUITKU','DUITKU.COM','Y','1229798888',0,'','',NULL,NULL,NULL,'Y','2025-02-06 09:32:00','2025-02-06 09:32:00'),(1094,'HA',1,'MANDIRI','MANDIRI','N','1350014331050',76,'1110211068','MANDIRI PT PRAMITA (1050)',NULL,NULL,NULL,'Y','2025-03-04 03:31:22','2025-03-04 03:31:22'),(1095,'HA',1,'MANDIRI','MANDIRI','Y','EDC',170,'1110212047','MANDIRI HSE (1076)',205,'1120301002','EDC MANDIRI','Y','2025-03-04 03:32:51','2025-03-04 03:32:51'),(1096,'HA',3,'BNI','BNI','N','1888288829',74,'1110211066','BNI PT PRAMITA (8829)',NULL,NULL,NULL,'Y','2025-03-04 03:33:28','2025-03-04 03:33:28'),(1097,'HA',4,'BCA','BCA','N','0091311100',73,'1110211065','BCA PT PRAMITA (1100)',NULL,NULL,NULL,'Y','2025-03-04 03:27:58','2025-03-04 03:27:58'),(1098,'HA',9,'PERMATA','PERMATA','Y','702108853',77,'1110211069','PERMATA PT PRAMITA (8853)',220,'1120301017','EDC DUITKU.COM','Y','2025-03-04 03:35:51','2025-03-04 03:35:51'),(1099,'HA',17,'BSI','BSI','N','7375888120',75,'1110211067','BSI PT PRAMITA (8120)',NULL,NULL,NULL,'Y','2025-03-04 03:36:30','2025-03-04 03:36:30'),(1100,'HA',18,'BANK JATENG','BANK JATENG','N','1034019564',78,'1110211070','BANK JATENG PT PRAMITA (9564)',NULL,NULL,NULL,'Y','2025-03-04 03:37:30','2025-03-04 03:37:30'),(1101,'HE',1,'MANDIRI','MANDIRI','Y','13500224444242',0,'','',NULL,NULL,NULL,'Y','2025-02-06 09:32:21','2025-02-06 09:32:21'),(1102,'HE',1,'MANDIRI','MANDIRI','Y','',0,'','',NULL,NULL,NULL,'Y','2025-02-06 09:32:21','2025-02-06 09:32:21'),(1103,'HE',2,'BRI','BRI','Y','',0,'','',NULL,NULL,NULL,'Y','2025-02-06 09:32:21','2025-02-06 09:32:21'),(1104,'HE',2,'BRI','BRI','Y','043501211211302',0,'','',NULL,NULL,NULL,'Y','2025-02-06 09:32:21','2025-02-06 09:32:21'),(1105,'HE',4,'BCA','BCA','Y','',0,'','',NULL,NULL,NULL,'Y','2025-02-06 09:32:21','2025-02-06 09:32:21'),(1106,'HE',4,'BCA','BCA','Y','0097217070',0,'','',NULL,NULL,NULL,'Y','2025-02-06 09:32:21','2025-02-06 09:32:21'),(1107,'HE',17,'BSI','BSI','Y','',0,'','',NULL,NULL,NULL,'Y','2025-02-06 09:32:21','2025-02-06 09:32:21'),(1108,'HE',17,'BSI','BSI','Y','2112212216',0,'','',NULL,NULL,NULL,'Y','2025-02-06 09:32:21','2025-02-06 09:32:21'),(1109,'HC',1,'Mandiri','Bank Mandiri','Y','1360018575149',0,'','',NULL,NULL,NULL,'Y','2025-02-06 09:33:24','2025-02-06 09:33:24'),(1110,'HC',2,'BRI','Bank Rakyat Indonesia (BRI)','Y','008101001152309',0,'','',NULL,NULL,NULL,'Y','2025-02-06 09:33:24','2025-02-06 09:33:24'),(1111,'HC',3,'BNI','Bank Nasional Indonesia (BNI)','Y','1122432946',0,'','',NULL,NULL,NULL,'Y','2025-02-06 09:33:24','2025-02-06 09:33:24'),(1112,'HC',4,'BCA','Bank Central Asia (BCA)','Y','0131237676',0,'','',NULL,NULL,NULL,'Y','2025-02-06 09:33:24','2025-02-06 09:33:24'),(1113,'HC',12,'DANA','DANA','Y','EDC',0,'','',NULL,NULL,NULL,'Y','2025-02-06 09:33:24','2025-02-06 09:33:24'),(1114,'HC',13,'LinkAja','LinkAja','Y','EDC',0,'','',NULL,NULL,NULL,'Y','2025-02-06 09:33:24','2025-02-06 09:33:24'),(1115,'HC',14,'GO PAY','GO PAY','Y','EDC',0,'','',NULL,NULL,NULL,'Y','2025-02-06 09:33:24','2025-02-06 09:33:24'),(1116,'HC',15,'DIGI CASH BJB','DIGI CASH BJB','Y','EDC',0,'','',NULL,NULL,NULL,'Y','2025-02-06 09:33:24','2025-02-06 09:33:24'),(1117,'HC',16,'OVO','OVO','Y','EDC',0,'','',NULL,NULL,NULL,'Y','2025-02-06 09:33:24','2025-02-06 09:33:24'),(1118,'HC',17,'CIMB NIAGA','CIMB NIAGA','Y','800147154400',0,'','',NULL,NULL,NULL,'Y','2025-03-04 07:09:23','2025-03-04 07:09:23'),(1119,'LM',1,'Mandiri','Bank Mandiri','Y','1710003337774',0,'','',NULL,NULL,NULL,'Y','2025-02-06 09:33:40','2025-02-06 09:33:40'),(1120,'LM',2,'BRI','Bank Rakyat Indonesia (BRI)','Y','004501000663563',0,'','',NULL,NULL,NULL,'Y','2025-02-06 09:33:40','2025-02-06 09:33:40'),(1121,'LM',3,'BNI','Bank Negara Indonesia (BNI)','Y','0413899622',0,'','',NULL,NULL,NULL,'Y','2025-02-06 09:33:40','2025-02-06 09:33:40'),(1122,'LM',4,'BCA','Bank Central Asia (BCA)','Y','1773045899',0,'','',NULL,NULL,NULL,'Y','2025-02-06 09:33:40','2025-02-06 09:33:40'),(1123,'LM',12,'DANA','DANA','Y','EDC',0,'','',NULL,NULL,NULL,'Y','2025-02-06 09:33:40','2025-02-06 09:33:40'),(1124,'LM',13,'LinkAja','LinkAja','Y','EDC',0,'','',NULL,NULL,NULL,'Y','2025-02-06 09:33:40','2025-02-06 09:33:40'),(1125,'LM',14,'GO PAY','GO PAY','Y','EDC',0,'','',NULL,NULL,NULL,'Y','2025-02-06 09:33:40','2025-02-06 09:33:40'),(1126,'LM',15,'DIGI CASH BJB','DIGI CASH BJB','Y','EDC',0,'','',NULL,NULL,NULL,'Y','2025-02-06 09:33:40','2025-02-06 09:33:40'),(1127,'LM',16,'OVO','OVO','Y','EDC',0,'','',NULL,NULL,NULL,'Y','2025-02-06 09:33:40','2025-02-06 09:33:40'),(1128,'LM',17,'DUITKU','DUITKU.COM','Y','1773045899',0,'','',NULL,NULL,NULL,'Y','2025-02-06 09:33:40','2025-02-06 09:33:40'),(1129,'SA',1,'Mandiri','Bank Mandiri','Y','1490007736285',97,'1110211089','MANDIRI PT PRAMITA (6285)',205,'1120301002','EDC MANDIRI','Y','2025-03-06 00:35:48','2025-03-06 00:35:48'),(1130,'SA',3,'BNI HSE','Bank Negara Indonesia (BNI)','Y','2106101959',192,'1110212070','BNI HSE (4506)',206,'1120301003','EDC BNI','Y','2025-03-13 00:06:48','2025-03-13 00:06:48'),(1131,'SA',4,'BCA','Bank Central Asia (BCA)','Y','1912334141',96,'1110211088','BCA PT PRAMITA (4141)',NULL,NULL,NULL,'Y','2025-03-06 00:36:22','2025-03-06 00:36:22'),(1132,'SA',9,'PERMATA','PERMATA','Y','5504367373',102,'1110211094','PERMATA PT PRAMITA (7373)',NULL,NULL,NULL,'Y','2025-03-13 00:07:07','2025-03-13 00:07:07'),(1133,'SA',11,'BCA HSE','Bank Central Asia (BCA) HSE','Y','1913003300',184,'1110212061','BCA HSE (3300)',204,'1120301001','EDC BCA','Y','2025-03-06 00:37:19','2025-03-06 00:37:19'),(1134,'SA',18,'BCA HSE QRIS','Bank Central Asia (BCA) HSE QRIS','Y','1913003300',0,'','',NULL,NULL,NULL,'N','2025-03-13 00:04:45','2025-03-13 00:04:45'),(1135,'SA',20,'CIMB NIAGA HSE','Bank CIMB Niaga','Y','860013003100',189,'1110212067','CIMB NIAGA (3100)',210,'1120301007','EDC CIMB NIAGA','Y','2025-03-13 00:07:46','2025-03-13 00:07:46'),(1136,'SA',22,'BNI HSE QRIS','Bank Negara Indonesia (BNI) H.Sarno QRIS','Y','2106101959',0,'','',NULL,NULL,NULL,'N','2025-03-13 00:04:55','2025-03-13 00:04:55'),(1137,'SA',23,'BNI, PT','Bank Negara Indonesia','N','8510977771',100,'1110211092','BNI PT PRAMITA (7771)',NULL,NULL,NULL,'Y','2025-03-13 00:08:11','2025-03-13 00:08:11'),(1138,'SA',24,'Mandiri HSE QRI','Bank Mandiri QRIS','Y','1490007736285',0,'','',NULL,NULL,NULL,'N','2025-03-13 00:08:24','2025-03-13 00:08:24'),(1139,'SA',25,'CIMB HSE QRIS','Bank CIMB Niaga QRIS','Y','860013003100',0,'','',NULL,NULL,NULL,'N','2025-03-13 00:08:31','2025-03-13 00:08:31'),(1140,'SA',26,'BSI','Bank Syariah Indonesia','Y','785000007',99,'1110211091','BSI PT PRAMITA (0078)',NULL,NULL,NULL,'Y','2025-03-13 00:09:24','2025-03-13 00:09:24'),(1141,'SA',27,'BSI QRIS HSE','BANK SYARIAH INDONESIA QRIS','Y','785000007',0,'','',NULL,NULL,NULL,'N','2025-03-13 00:05:07','2025-03-13 00:05:07'),(1142,'VA',1,'Mandiri','Bank Mandiri','Y','1520015060383',0,'','',NULL,NULL,NULL,'Y','2025-02-06 09:35:45','2025-02-06 09:35:45'),(1143,'VA',1,'Mandiri','Bank Mandiri','Y','1520015060508',0,'','',NULL,NULL,NULL,'Y','2025-02-06 09:35:45','2025-02-06 09:35:45'),(1144,'VA',3,'BNI','Bank Negara Indonesia (BNI)','Y','8881011012',0,'','',NULL,NULL,NULL,'Y','2025-02-06 09:35:45','2025-02-06 09:35:45'),(1145,'VA',4,'BCA','Bank Central Asia (BCA)','Y','7890811544',0,'','',NULL,NULL,NULL,'Y','2025-02-06 09:35:45','2025-02-06 09:35:45'),(1146,'VA',7,'BANK SYARIAH IN','BANK SYARIAH INDONESIA','N','8787666556',0,'','',NULL,NULL,NULL,'Y','2025-02-06 09:35:45','2025-02-06 09:35:45'),(1147,'VA',12,'DANA','DANA','Y','EDC',0,'','',NULL,NULL,NULL,'Y','2025-02-06 09:35:45','2025-02-06 09:35:45'),(1148,'VA',13,'LinkAja','LinkAja','Y','EDC',0,'','',NULL,NULL,NULL,'Y','2025-02-06 09:35:45','2025-02-06 09:35:45'),(1149,'VA',14,'GO PAY','GO PAY','Y','EDC',0,'','',NULL,NULL,NULL,'Y','2025-02-06 09:35:45','2025-02-06 09:35:45'),(1150,'VA',15,'DIGI CASH BJB','DIGI CASH BJB','Y','EDC',0,'','',NULL,NULL,NULL,'Y','2025-02-06 09:35:45','2025-02-06 09:35:45'),(1151,'VA',16,'OVO','OVO','Y','EDC',0,'','',NULL,NULL,NULL,'Y','2025-02-06 09:35:45','2025-02-06 09:35:45'),(1152,'VB',4,'BCA','Bank Central Asia (BCA)','Y','7892320091',0,'','',NULL,NULL,NULL,'Y','2025-02-06 09:35:45','2025-02-06 09:35:45'),(1153,'VB',12,'DANA','DANA','Y','EDC',0,'','',NULL,NULL,NULL,'Y','2025-02-06 09:35:45','2025-02-06 09:35:45'),(1154,'VB',13,'LinkAja','LinkAja','Y','EDC',0,'','',NULL,NULL,NULL,'Y','2025-02-06 09:35:45','2025-02-06 09:35:45'),(1155,'VB',14,'GO PAY','GO PAY','Y','EDC',0,'','',NULL,NULL,NULL,'Y','2025-02-06 09:35:45','2025-02-06 09:35:45'),(1156,'VB',15,'DIGI CASH BJB','DIGI CASH BJB','Y','EDC',0,'','',NULL,NULL,NULL,'Y','2025-02-06 09:35:45','2025-02-06 09:35:45'),(1157,'VB',16,'OVO','OVO','Y','EDC',0,'','',NULL,NULL,NULL,'Y','2025-02-06 09:35:45','2025-02-06 09:35:45'),(1158,'VB',18,'BSI','Bank Syariah Indonesia (PT)','Y','8787666556',0,'','',NULL,NULL,NULL,'Y','2025-02-06 09:35:45','2025-02-06 09:35:45'),(1159,'NA',1,'Mandiri','Bank Mandiri','Y','1450013706755',0,'','',NULL,NULL,NULL,'Y','2025-02-06 09:36:11','2025-02-06 09:36:11'),(1160,'NA',2,'BRI','Bank Rakyat Indonesia (BRI)','Y','001701004723306',0,'','',NULL,NULL,NULL,'Y','2025-02-06 09:36:11','2025-02-06 09:36:11'),(1161,'NA',3,'BNI','Bank Negara Indonesia (BNI)','Y','1174606902',0,'','',NULL,NULL,NULL,'Y','2025-02-06 09:36:11','2025-02-06 09:36:11'),(1162,'NA',4,'BCA','Bank Central Asia (BCA)','Y','2588866641',0,'','',NULL,NULL,NULL,'Y','2025-02-06 09:36:11','2025-02-06 09:36:11'),(1163,'NA',12,'DANA','DANA','Y','EDC',0,'','',NULL,NULL,NULL,'Y','2025-02-06 09:36:11','2025-02-06 09:36:11'),(1164,'NA',13,'LinkAja','LinkAja','Y','EDC',0,'','',NULL,NULL,NULL,'Y','2025-02-06 09:36:11','2025-02-06 09:36:11'),(1165,'NA',14,'GO PAY','GO PAY','Y','EDC',0,'','',NULL,NULL,NULL,'Y','2025-02-06 09:36:11','2025-02-06 09:36:11'),(1166,'NA',15,'DIGI CASH BJB','DIGI CASH BJB','Y','EDC',0,'','',NULL,NULL,NULL,'Y','2025-02-06 09:36:11','2025-02-06 09:36:11'),(1167,'NA',16,'OVO','OVO','Y','EDC',0,'','',NULL,NULL,NULL,'Y','2025-02-06 09:36:11','2025-02-06 09:36:11'),(1168,'NA',18,'DUITKU','DUITKU.COM','Y','1450013706755',0,'','',NULL,NULL,NULL,'Y','2025-02-06 09:36:11','2025-02-06 09:36:11'),(1169,'NA',19,'DANAMON','Bank Danamon Indonesia','Y','003675168565',0,'','',NULL,NULL,NULL,'Y','2025-02-06 09:36:11','2025-02-06 09:36:11'),(1170,'DF',1,'Mandiri','Bank Mandiri','Y','1770018736253',0,'','',NULL,NULL,NULL,'Y','2025-02-06 09:37:36','2025-02-06 09:37:36'),(1171,'DF',3,'BNI','Bank Negara Indonesia (BNI)','Y','1100405723',0,'','',NULL,NULL,NULL,'Y','2025-02-06 09:37:36','2025-02-06 09:37:36'),(1172,'DF',4,'BCA','Bank Central Asia (BCA)','Y','0544709999',0,'','',NULL,NULL,NULL,'Y','2025-02-06 09:37:36','2025-02-06 09:37:36'),(1173,'DF',12,'DANA','DANA','Y','EDC',0,'','',NULL,NULL,NULL,'Y','2025-02-06 09:37:36','2025-02-06 09:37:36'),(1174,'DF',13,'LinkAja','LinkAja','Y','EDC',0,'','',NULL,NULL,NULL,'Y','2025-02-06 09:37:36','2025-02-06 09:37:36'),(1175,'DF',14,'GO PAY','GO PAY','Y','EDC',0,'','',NULL,NULL,NULL,'Y','2025-02-06 09:37:36','2025-02-06 09:37:36'),(1176,'DF',15,'DIGI CASH BJB','DIGI CASH BJB','Y','EDC',0,'','',NULL,NULL,NULL,'Y','2025-02-06 09:37:36','2025-02-06 09:37:36'),(1177,'DF',16,'OVO','OVO','Y','EDC',0,'','',NULL,NULL,NULL,'Y','2025-02-06 09:37:36','2025-02-06 09:37:36'),(1178,'DF',19,'CIMB NIAGA MZH','Bank CIMB NIAGA','Y','860013012400',0,'','',NULL,NULL,NULL,'Y','2025-02-06 09:37:36','2025-02-06 09:37:36'),(1179,'DF',20,'BJB','Bank BJB ','N','0127947376001',0,'','',NULL,NULL,NULL,'Y','2025-02-06 09:37:36','2025-02-06 09:37:36'),(1180,'LL',1,'Mandiri','Bank Mandiri','N','1450013706755',0,'','',NULL,NULL,NULL,'Y','2025-02-06 09:37:46','2025-02-06 09:37:46'),(1181,'LL',2,'BRI','Bank Rakyat Indonesia (BRI)','Y','001701004723306',0,'','',NULL,NULL,NULL,'Y','2025-02-06 09:37:46','2025-02-06 09:37:46'),(1182,'LL',2,'BRI','Bank Rakyat Indonesia (BRI)','Y','115601001358309',1417,'1110211117','BRI PT (0903)',211,'1120301008','EDC BRI','Y','2025-03-12 08:01:33','2025-03-12 08:01:33'),(1183,'LL',3,'BNI','Bank Negara Indonesia (BNI)','N','1174606902',0,'','',NULL,NULL,NULL,'Y','2025-02-06 09:37:46','2025-02-06 09:37:46'),(1184,'LL',4,'BCA','Bank Central Asia (BCA)','N','2588866641',0,'','',NULL,NULL,NULL,'Y','2025-02-06 09:37:46','2025-02-06 09:37:46'),(1185,'LL',4,'BCA','Bank Central Asia (BCA)','N','2582124338',0,'','',NULL,NULL,NULL,'Y','2025-02-06 09:37:46','2025-02-06 09:37:46'),(1186,'LL',12,'DANA','DANA','Y','EDC',0,'','',NULL,NULL,NULL,'Y','2025-02-06 09:37:46','2025-02-06 09:37:46'),(1187,'LL',13,'LinkAja','LinkAja','Y','EDC',0,'','',NULL,NULL,NULL,'Y','2025-02-06 09:37:46','2025-02-06 09:37:46'),(1188,'LL',14,'GO PAY','GO PAY','Y','EDC',0,'','',NULL,NULL,NULL,'Y','2025-02-06 09:37:46','2025-02-06 09:37:46'),(1189,'LL',15,'DIGI CASH BJB','DIGI CASH BJB','Y','EDC',0,'','',NULL,NULL,NULL,'Y','2025-02-06 09:37:46','2025-02-06 09:37:46'),(1190,'LL',16,'OVO','OVO','Y','EDC',0,'','',NULL,NULL,NULL,'Y','2025-02-06 09:37:46','2025-02-06 09:37:46'),(1191,'LL',18,'DUITKU','DUITKU.COM','Y','1450013706755',0,'','',220,'1120301017','EDC DUITKU.COM','Y','2025-03-12 08:02:45','2025-03-12 08:02:45'),(1197,'BB',4,'BCA','Bank Central Asia (BCA)','Y','4910199817',140,'1110212017','c',204,'1120301001','EDC BCA','Y','2025-03-04 06:23:51','2025-03-04 06:23:51');

--
-- Table structure for table `map_nat_group`
--

CREATE TABLE `map_nat_group` (
  `MapNatGroup_ID` int(11) NOT NULL AUTO_INCREMENT,
  `MapNatGroup_NatGroupID` int(11) NOT NULL,
  `MapNatGroup_Disc_coaID` int(11) NOT NULL,
  `MapNatGroup_Disc_coaAccNo` varchar(15) NOT NULL,
  `MapNatGroup_Disc_coaDesc` varchar(128) NOT NULL,
  `MapNatGroup_Retur_coaID` int(11) NOT NULL,
  `MapNatGroup_Retur_coaAccNo` varchar(15) NOT NULL,
  `MapNatGroup_Retur_coaDesc` varchar(128) NOT NULL,
  `MapNatGroup_Dp_coaID` int(11) NOT NULL,
  `MapNatGroup_Dp_coaAccNo` varchar(15) NOT NULL,
  `MapNatGroup_Dp_coaDesc` varchar(128) NOT NULL,
  `MapNatGroup_Debt_coaID` int(11) NOT NULL,
  `MapNatGroup_Debt_coaAccNo` varchar(15) NOT NULL,
  `MapNatGroup_Debt_coaDesc` varchar(128) NOT NULL,
  `MapNatGroup_IsActive` char(1) NOT NULL DEFAULT 'Y',
  `MapNatGroup_CreatedAt` datetime NOT NULL,
  `MapNatGroup_LastUpdatedAt` datetime NOT NULL,
  PRIMARY KEY (`MapNatGroup_ID`),
  KEY `MapNatGroup_Disc_coaAccNo` (`MapNatGroup_Disc_coaAccNo`),
  KEY `MapNatGroup_Retur_coaAccNo` (`MapNatGroup_Retur_coaAccNo`)
) ENGINE=InnoDB AUTO_INCREMENT=13 DEFAULT CHARSET=latin1;

--
-- Dumping data for table `map_nat_group`
--

INSERT INTO `map_nat_group` VALUES (1,1,865,'4110200001','DISCOUNT PENDAPATAN LABORATORIUM',866,'4110200002','RETUR PENDAPATAN LABORATORIUM',329,'1140104002','UANG MUKA PERALATAN LAB',532,'2110100001','HUTANG PEMBELIAN PERSEDIAAN LABORATORIUM','Y','2025-01-15 18:56:43','2025-02-07 13:52:11'),(2,2,874,'4110400001','DISCOUNT PENDAPATAN ELEKTRODIAGNOSTIK',886,'4110600002','RETUR PEND. RADIODIAGNOSTIK',0,'','',0,'','','N','2025-01-15 18:56:43','2025-02-03 18:42:13'),(3,3,885,'4110600001','DISC PEND. RADIODIAGNOSTIK',886,'4110600002','RETUR PEND. RADIODIAGNOSTIK',0,'','',1411,'2110100002','HUTANG PEMBELIAN PERSEDIAAN RADIODIAGNOSTIK	','Y','2025-01-15 18:56:43','2025-03-12 13:12:05'),(4,4,898,'4250600001','DISC PEND. LAYANAN KLINIK',899,'4250600002','RETUR PEND. LAYANAN KLINIK',335,'1140104005','UANG MUKA PERALATAN LAYANAN KLINIK',1413,'2110100004','HUTANG PEMBELIAN PERSEDIAAN LAYANAN KLINIK','Y','2025-01-15 18:56:43','2025-02-07 13:54:10'),(5,2,865,'4110200001','DISCOUNT PENDAPATAN LABORATORIUM',866,'4110200002','RETUR PENDAPATAN LABORATORIUM',309,'1140101001','UANG MUKA PPH Ps 21',532,'2110100001','HUTANG PEMBELIAN BAHAN','N','2025-02-01 10:21:06','2025-02-01 10:21:06'),(6,2,865,'4110200001','DISCOUNT PENDAPATAN LABORATORIUM',866,'4110200002','RETUR PENDAPATAN LABORATORIUM',309,'1140101001','UANG MUKA PPH Ps 21',532,'2110100001','HUTANG PEMBELIAN BAHAN','N','2025-02-01 10:26:31','2025-02-01 10:26:31'),(7,2,865,'4110200001','DISCOUNT PENDAPATAN LABORATORIUM',866,'4110200002','RETUR PENDAPATAN LABORATORIUM',309,'1140101001','UANG MUKA PPH Ps 21',532,'2110100001','HUTANG PEMBELIAN BAHAN','N','2025-02-01 10:53:58','2025-02-01 10:53:58'),(8,3,617,'2190100001','DISCOUNT PEMBELIAN',899,'4250600002','RETUR PEND. LAYANAN KLINIK',311,'1140101003','UANG MUKA PPH Ps 23',533,'2110100002','HUTANG PEMBELIAN INVENTORY KANTOR & ME IT','N','2025-02-01 10:55:10','2025-02-01 10:55:10'),(9,1,885,'4110600001','DISC PEND. RADIODIAGNOSTIK',875,'4110400002','RETUR PENDAPATAN ELEKTRODIAGNOSTIK',312,'1140101004','UANG MUKA PPH Ps 25',533,'2110100002','HUTANG PEMBELIAN INVENTORY KANTOR & ME IT','N','2025-02-01 10:58:46','2025-02-01 19:31:01'),(10,0,0,'','',0,'','',0,'','',1362,'6110400006','PENDAPATAN ADM. REQ ONLINE','N','2025-02-01 20:08:27','2025-02-01 20:08:27'),(11,2,874,'4110400001','DISCOUNT PENDAPATAN ELEKTRODIAGNOSTIK',886,'4110600002','RETUR PEND. RADIODIAGNOSTIK',1408,'1140104004','UANG MUKA PERALATAN ELEKTRODIAGNOSTIK	',1412,'2110100003','HUTANG PEMBELIAN PERSEDIAAN ELEKTRODIAGNOSTIK		','Y','2025-01-15 18:56:43','2025-02-07 13:54:32'),(12,2,885,'4110600001','DISC PEND. RADIODIAGNOSTIK',899,'4250600002','RETUR PEND. LAYANAN KLINIK',309,'1140101001','UANG MUKA PPH Ps 21',532,'2110100001','HUTANG PEMBELIAN BAHAN','N','2025-02-05 02:44:34','2025-02-05 02:53:26');

--
-- Table structure for table `map_nat_subgroup`
--

CREATE TABLE `map_nat_subgroup` (
  `MapNatSub_ID` int(11) NOT NULL AUTO_INCREMENT,
  `MapNatSub_NatGroupID` int(11) NOT NULL,
  `MapNatSub_NatSubGroupID` int(11) NOT NULL,
  `MapNatSub_NatSubGroupCode` char(2) NOT NULL,
  `MapNatSub_IsActive` char(1) NOT NULL DEFAULT 'Y',
  `MapNatSub_CreatedAt` datetime NOT NULL,
  `MapNatSub_LastUpdatedAt` datetime NOT NULL,
  `MapNatSub_PendapatanCoaID` int(11) DEFAULT NULL,
  `MapNatSub_PendapatanCoaAccountNo` varchar(15) DEFAULT NULL,
  `MapNatSub_PendapatanCoaDescription` varchar(200) DEFAULT NULL,
  `MapNatSub_BiayaCoaID` int(11) DEFAULT NULL,
  `MapNatSub_BiayaCoaAccountNo` varchar(15) DEFAULT NULL,
  `MapNatSub_BiayaCoaDescription` varchar(200) DEFAULT NULL,
  `MapNatSub_PersediaanCoaID` int(11) DEFAULT NULL,
  `MapNatSub_PersediaanCoaAccountNo` varchar(15) DEFAULT NULL,
  `MapNatSub_PersediaanCoaDescription` varchar(200) DEFAULT NULL,
  PRIMARY KEY (`MapNatSub_ID`),
  KEY `MapNatSub_NatGroupID` (`MapNatSub_NatGroupID`),
  KEY `MapNatSub_NatSubGroupID` (`MapNatSub_NatSubGroupID`),
  KEY `MapNatSub_PendapatanCoaID` (`MapNatSub_PendapatanCoaID`),
  KEY `MapNatSub_BiayaCoaID` (`MapNatSub_BiayaCoaID`),
  KEY `MapNatSub_PersediaanCoaID` (`MapNatSub_PersediaanCoaID`)
) ENGINE=InnoDB AUTO_INCREMENT=37 DEFAULT CHARSET=latin1;

--
-- Dumping data for table `map_nat_subgroup`
--

INSERT INTO `map_nat_subgroup` VALUES (1,1,1,'01','Y','2025-01-15 18:58:00','2025-02-07 14:46:46',853,'4110100001','PENDAPATAN HEMATOLOGI',951,'5150200001','BIAYA PERLENGKAPAN LAB',343,'1150100001','PERSEDIAAN HEMATOLOGI'),(2,1,2,'2','Y','2025-01-15 18:58:00','2025-01-15 18:58:00',854,'4110100002','PENDAPATAN URINALISIS',NULL,NULL,NULL,NULL,NULL,NULL),(3,1,3,'3','Y','2025-01-15 18:58:00','2025-01-15 18:58:00',855,'4110100003','PENDAPATAN FEACES & PARACITOLOGI',NULL,NULL,NULL,NULL,NULL,NULL),(4,1,4,'4','Y','2025-01-15 18:58:00','2025-01-15 18:58:00',856,'4110100004','PENDAPATAN ANALISA KLINIK RUTIN',NULL,NULL,NULL,NULL,NULL,NULL),(5,1,5,'5','Y','2025-01-15 18:58:00','2025-01-15 18:58:00',857,'4110100005','PENDAPATAN KIMIA KLINIK',NULL,NULL,NULL,NULL,NULL,NULL),(6,1,6,'6','Y','2025-01-15 18:58:00','2025-01-15 18:58:00',858,'4110100006','PENDAPATAN IMMUNOLOGI',NULL,NULL,NULL,NULL,NULL,NULL),(7,1,7,'7','Y','2025-01-15 18:58:00','2025-01-15 18:58:00',859,'4110100007','PENDAPATAN MIKROBIOLOGI',NULL,NULL,NULL,NULL,NULL,NULL),(8,1,8,'8','Y','2025-01-15 18:58:00','2025-01-15 18:58:00',860,'4110100008','PENDAPATAN MOLEKULER DIAGNOSTIK',NULL,NULL,NULL,NULL,NULL,NULL),(9,1,9,'9','Y','2025-01-15 18:58:00','2025-01-15 18:58:00',861,'4110100009','PENDAPATAN LAB PATHOLOGI ANATOMI',NULL,NULL,NULL,NULL,NULL,NULL),(10,1,10,'10','Y','2025-01-15 18:58:00','2025-01-15 18:58:00',862,'4110100010','PENDAPATAN PEMERIKSAAN LAB LAIN',NULL,NULL,NULL,NULL,NULL,NULL),(11,1,11,'11','Y','2025-01-15 18:58:00','2025-01-15 18:58:00',863,'4110100011','PENDAPATAN LAB RISET',NULL,NULL,NULL,NULL,NULL,NULL),(12,2,12,'1','Y','2025-01-15 18:58:00','2025-01-15 18:58:00',868,'4110300001','PEND.ELEKTRODIAGNOSTIK PEMERIKSAAN SYARAF',NULL,NULL,NULL,NULL,NULL,NULL),(13,2,13,'2','Y','2025-01-15 18:58:00','2025-01-15 18:58:00',869,'4110300002','PEND. ELEKTRODIAGNOSTIK JANTUNG & PEMBULUH DARAH',NULL,NULL,NULL,NULL,NULL,NULL),(14,2,14,'3','Y','2025-01-15 18:58:00','2025-01-15 18:58:00',870,'4110300003','PEND. ELEKTRODIAGNOSTIK FUNGSI PENDENGARAN',NULL,NULL,NULL,NULL,NULL,NULL),(15,2,15,'4','Y','2025-01-15 18:58:00','2025-01-15 18:58:00',871,'4110300004','PEND. ELEKTRODIAGNOSTIK FUNGSI PARU - PARU',NULL,NULL,NULL,NULL,NULL,NULL),(16,2,16,'5','Y','2025-01-15 18:58:00','2025-01-15 18:58:00',872,'4110300005','PEND. ELEKTRODIAGNOSTIK OTOT',NULL,NULL,NULL,NULL,NULL,NULL),(17,3,17,'1','Y','2025-01-15 18:58:00','2025-01-15 18:58:00',877,'4110500001','PEND. RAD. FOTO POLOS',NULL,NULL,NULL,NULL,NULL,NULL),(18,3,18,'2','Y','2025-01-15 18:58:00','2025-01-15 18:58:00',878,'4110500002','PEND. RAD. PANORAMIC & DENTAL',NULL,NULL,NULL,NULL,NULL,NULL),(19,3,19,'3','Y','2025-01-15 18:58:00','2025-01-15 18:58:00',879,'4110500003','PEND. RAD. FOTO KONTRAS',NULL,NULL,NULL,NULL,NULL,NULL),(20,3,20,'4','Y','2025-01-15 18:58:00','2025-01-15 18:58:00',880,'4110500004','PEND. RAD. BONDENSITOMETRI',NULL,NULL,NULL,NULL,NULL,NULL),(21,3,21,'5','Y','2025-01-15 18:58:00','2025-01-15 18:58:00',881,'4110500005','PEND. RAD. CT SCAN',NULL,NULL,NULL,NULL,NULL,NULL),(22,3,22,'6','Y','2025-01-15 18:58:00','2025-01-15 18:58:00',882,'4110500006','PEND. RAD. USG',NULL,NULL,NULL,NULL,NULL,NULL),(23,3,23,'7','Y','2025-01-15 18:58:00','2025-01-15 18:58:00',883,'4110500007','PEND. RAD. MRI',NULL,NULL,NULL,NULL,NULL,NULL),(24,4,24,'1','Y','2025-01-15 18:58:00','2025-01-15 18:58:00',887,'41107','PENDAPATAN LAYANAN KLINIK',NULL,NULL,NULL,NULL,NULL,NULL),(25,4,25,'2','Y','2025-01-15 18:58:00','2025-01-15 18:58:00',891,'4110700004','PEND. LAYANAN PEMERIKSAAN K3',NULL,NULL,NULL,NULL,NULL,NULL),(26,4,26,'3','Y','2025-01-15 18:58:00','2025-01-15 18:58:00',895,'4110700008','PEND. LAYANAN VAKSINASI',NULL,NULL,NULL,NULL,NULL,NULL),(27,4,27,'4','Y','2025-01-15 18:58:00','2025-01-15 18:58:00',894,'4110700007','PEND. LAYANAN FARMASI & ALAT MEDIS',NULL,NULL,NULL,NULL,NULL,NULL),(28,4,28,'5','Y','2025-01-15 18:58:00','2025-01-15 18:58:00',896,'4110700009','PEND. LAYANAN JASA MEDIS LAINNYA',NULL,NULL,NULL,NULL,NULL,NULL),(29,4,29,'6','Y','2025-01-15 18:58:00','2025-01-15 18:58:00',893,'4110700006','PEND. LAYANAN DENTAL LAB',NULL,NULL,NULL,NULL,NULL,NULL),(30,3,18,'02','N','2025-02-04 18:37:31','2025-02-04 18:37:31',613,'2140000001','PENDAPATAN DITERIMA DIMUKA',335,'1140104008','BIAYA DIBAYAR DIMUKA',0,'',''),(31,2,16,'05','Y','2025-02-04 18:39:51','2025-02-04 18:39:51',853,'4110100001','PENDAPATAN HEMATOLOGI',1178,'5310800001','BIAYA LISTRIK',347,'1150100005','PERSEDIAAN KIMIA KLINIK'),(32,2,2,'02','N','2025-02-04 18:43:20','2025-02-04 18:43:20',613,'2140000001','PENDAPATAN DITERIMA DIMUKA',946,'5140000002','BIAYA RUJUKAN EKSTERNAL',346,'1150100004','PERSEDIAAN ANALISA KLINIK RUTIN'),(33,1,2,'02','Y','2025-02-04 18:44:52','2025-02-04 18:44:52',853,'4110100001','PENDAPATAN HEMATOLOGI',0,'','',0,'',''),(34,1,4,'04','Y','2025-02-04 18:50:46','2025-02-04 18:50:46',613,'2140000001','PENDAPATAN DITERIMA DIMUKA',0,'','',0,'',''),(35,1,4,'04','N','2025-02-05 03:01:28','2025-02-05 03:01:28',0,'','',0,'','',0,'',''),(36,3,18,'02','N','2025-02-05 18:43:20','2025-02-06 05:58:40',854,'4110100002','PENDAPATAN URINALISIS',952,'5150200002','BIAYA PERLENGKAPAN PELAYANAN',352,'1150100010','PERSEDIAAN PEMERIKSAAN LAB LAINNYA');

--
-- Table structure for table `map_rk_cabang`
--

CREATE TABLE `map_rk_cabang` (
  `Map_RkCabang_ID` int(11) NOT NULL AUTO_INCREMENT,
  `Map_RkCabang_Rk_TypeID` int(11) DEFAULT NULL,
  `Map_RkCabang_SRegionalID` int(11) DEFAULT NULL,
  `Map_RkCabang_BranchCode` varchar(5) DEFAULT '',
  `Map_RkCabang_CoaID` int(11) DEFAULT NULL,
  `Map_RkCabang_CoaAccountNo` varchar(20) DEFAULT NULL,
  `Map_RkCabang_CoaDescription` varchar(128) DEFAULT NULL,
  `Map_RkCabang_IsActive` char(1) NOT NULL DEFAULT 'Y',
  `Map_RkCabang_CreatedAt` datetime DEFAULT NULL ON UPDATE current_timestamp(),
  `Map_RkCabang_LastUpdatedAt` datetime DEFAULT NULL,
  PRIMARY KEY (`Map_RkCabang_ID`),
  KEY `Map_RkCabang_Rk_TypeID` (`Map_RkCabang_Rk_TypeID`),
  KEY `Map_RkCabang_BranchCode` (`Map_RkCabang_BranchCode`),
  KEY `Map_RkCabang_SRegionalID` (`Map_RkCabang_SRegionalID`),
  KEY `Map_RkCabang_CoaID` (`Map_RkCabang_CoaID`)
) ENGINE=InnoDB AUTO_INCREMENT=114 DEFAULT CHARSET=latin1;

--
-- Dumping data for table `map_rk_cabang`
--

INSERT INTO `map_rk_cabang` VALUES (1,1,NULL,'LA',NULL,'3160100003','R/K CAB. ADITYAWARMAN - PELUNASAN PIUTANG','Y','2025-02-05 17:50:43',NULL),(2,1,NULL,'DA',NULL,'3160200003','R/K CAB. MARTADINATA - PELUNASAN PIUTANG','Y','2025-02-05 17:50:43',NULL),(3,1,NULL,'BA',NULL,'3160400003','R/K CAB. MATRAMAN - PELUNASAN PIUTANG','Y','2025-02-05 17:50:43',NULL),(4,1,NULL,'EA',NULL,'3160500003','R/K CAB. DIPONEGORO - PELUNASAN PIUTANG','Y','2025-02-05 17:50:43',NULL),(5,1,NULL,'BB',NULL,'3160600003','R/K CAB. KELAPA DUA RAYA - PELUNASAN PIUTANG','Y','2025-02-05 17:50:43',NULL),(6,1,NULL,'LB',NULL,'3160700003','R/K CAB. HR. MUHAMMAD - PELUNASAN PIUTANG','Y','2025-02-05 17:50:43',NULL),(7,2,8,'BA',674,'3160400001','R/K CAB. MATRAMAN - RUJUKAN','Y','2025-02-05 17:50:43',NULL),(8,3,8,'BA',675,'3160400002','R/K CAB. MATRAMAN - KEUANGAN','Y','2025-02-05 17:50:43',NULL),(9,4,8,'BA',677,'3160400004','R/K CAB. MATRAMAN - PERSEDIAAN','Y','2025-02-05 17:50:43',NULL),(10,5,8,'BA',678,'3160400005','R/K CAB. MATRAMAN - AKTIVA,ASSET,PERALATAN & PERLENGKAPAN','Y','2025-02-05 17:50:43',NULL),(11,6,8,'BA',679,'3160400006','R/K CAB. MATRAMAN - POINT REWARD PELANGGAN','Y','2025-02-05 17:50:43',NULL),(12,2,8,'',828,'3169200001','R/K REGIONAL JAKARTA - RUJUKAN','Y','2025-02-05 17:50:43',NULL),(13,3,8,NULL,829,'3169200002','R/K REGIONAL JAKARTA - KEUANGAN','Y','2025-02-07 11:48:22','2025-02-07 11:48:22'),(14,1,8,'',830,'3169200003','R/K REGIONAL JAKARTA - PELUNASAN PIUTANG','Y','2025-02-05 17:50:43',NULL),(15,4,8,'',831,'3169200004','R/K REGIONAL JAKARTA - PERSEDIAAN','Y','2025-02-05 17:50:43',NULL),(16,5,8,'',832,'3169200005','R/K REGIONAL JAKARTA - AKTIVA,PERALATAN & PERLENGKAPAN','Y','2025-02-05 17:50:43',NULL),(17,6,8,'',832,'3169200005','R/K REGIONAL JAKARTA - AKTIVA,PERALATAN & PERLENGKAPAN','Y','2025-02-05 17:50:43',NULL),(18,4,8,'BD',656,'3160100004','R/K CAB. ADITYAWARMAN - PERSEDIAAN','Y','2025-02-07 11:22:50','2025-02-07 11:22:50'),(19,2,0,NULL,646,'3160000001','R/K KANTOR PUSAT - RUJUKAN','Y','2025-02-07 09:20:40',NULL),(20,5,0,NULL,650,'3160000005','R/K KANTOR PUSAT - AKTIVA,ASET,PERALATAN & PERLENGKAPAN','Y','2025-02-07 10:05:43',NULL),(21,4,8,'BB',656,'3160100004','R/K CAB. ADITYAWARMAN - PERSEDIAAN','N','2025-02-07 11:44:19','2025-02-07 11:44:19'),(22,5,1,'DB',706,'3160800005','R/K CAB. TOHA - AKTIVA,ASSET,PERALATAN & PERLENGKAPAN','Y','2025-03-12 15:48:42','2025-03-12 15:48:42'),(23,1,1,'DA',662,'3160200003','R/K CAB. MARTADINATA - PELUNASAN PIUTANG','Y','2025-03-12 15:39:32','2025-03-12 15:39:32'),(24,1,6,'LA',655,'3160100003','R/K CAB. ADITYAWARMAN - PELUNASAN PIUTANG','Y','2025-03-12 13:24:52',NULL),(25,4,6,'LA',656,'3160100004','R/K CAB. ADITYAWARMAN - PERSEDIAAN','Y','2025-03-12 13:25:33',NULL),(26,3,6,'LA',654,'3160100002','R/K CAB. ADITYAWARMAN - KEUANGAN','Y','2025-03-12 13:55:04',NULL),(27,5,6,'LA',657,'3160100005','R/K CAB. ADITYAWARMAN - AKTIVA,ASSET,PERALATAAN & PERLENGKAPAN','Y','2025-03-12 14:01:13',NULL),(28,6,6,'LA',658,'3160100006','R/K CAB. ADITYAWARMAN - POINT REWARD PELANGGAN','Y','2025-03-12 14:03:02','2025-03-12 14:03:02'),(29,1,6,'LB',697,'3160700003','R/K CAB. HR. MUHAMMAD - PELUNASAN PIUTANG','Y','2025-03-12 14:05:12',NULL),(30,3,6,'LB',696,'3160700002','R/K CAB. HR. MUHAMMAD - KEUANGAN','Y','2025-03-12 14:06:09',NULL),(31,4,6,'LB',698,'3160700004','R/K CAB. HR. MUHAMMAD - PERSEDIAAN','Y','2025-03-12 14:20:37',NULL),(32,5,6,'LB',699,'3160700005','R/K CAB. HR. MUHAMMAD - AKTIVA,ASSET,PERALATAN & PERLENGKAPAN','Y','2025-03-12 14:21:22',NULL),(33,6,6,'LB',700,'3160700006','R/K CAB. HR. MUHAMMAD - POINT REWARD PELANGGAN','Y','2025-03-12 14:22:23',NULL),(34,1,6,'LD',732,'3161200003','R/K CAB. KENDANGSARI - PELUNASAN PIUTANG','Y','2025-03-12 14:23:31',NULL),(35,3,6,'LD',731,'3161200002','R/K CAB. KENDANGSARI - KEUANGAN','Y','2025-03-12 14:24:21',NULL),(36,4,6,'LD',733,'3161200004','R/K CAB. KENDANGSARI - PERSEDIAAN','Y','2025-03-12 14:25:03',NULL),(37,5,6,'LD',734,'3161200005','R/K CAB. KENDANGSARI - AKTIVA,ASSET, PERALATAN & PERLENGKAPAN','Y','2025-03-12 14:25:54',NULL),(38,6,6,'LD',735,'3161200006','R/K CAB. KENDANGSARI - POINT REWARD PELANGGAN','Y','2025-03-12 14:26:31',NULL),(39,1,6,'LC',718,'3161000003','R/K CAB. MULYOSARI - PELUNASAN PIUTANG','Y','2025-03-12 14:27:49',NULL),(40,3,6,'LC',717,'3161000002','R/K CAB. MULYOSARI - KEUANGAN','Y','2025-03-12 14:28:26',NULL),(41,4,6,'LC',719,'3161000004','R/K CAB. MULYOSARI - PERSEDIAAN','Y','2025-03-12 14:29:20',NULL),(42,5,6,'LC',720,'3161000005','R/K CAB. MULYOSARI - AKTIVA,ASSET,PERALATAN & PERLENGKAPAN','Y','2025-03-12 14:30:07',NULL),(43,6,6,'LC',721,'3161000006','R/K CAB. MULYOSARI - POINT REWARD PELANGGAN','Y','2025-03-12 14:30:58',NULL),(44,1,6,'LE',746,'3161400003','R/K CAB. NGAGEL - PELUNASAN PIUTANG','Y','2025-03-12 14:41:36',NULL),(45,3,6,'LE',745,'3161400002','R/K CAB. NGAGEL - KEUANGAN','Y','2025-03-12 14:42:24',NULL),(46,4,6,'LE',747,'3161400004','R/K CAB. NGAGEL - PERSEDIAAN','Y','2025-03-12 14:43:34',NULL),(47,5,6,'LE',748,'3161400005','R/K CAB. NGAGEL - AKTIVA,ASET,PERALATAN & PERLENGKAPAN','Y','2025-03-12 14:44:45',NULL),(48,6,6,'LE',749,'3161400006','R/K CAB. NGAGEL - POINT REWARD PELANGGAN','Y','2025-03-12 14:48:03',NULL),(49,1,6,'LF',781,'3161900003','R/K CAB. PARANGKUSUMA - PELUNASAN PIUTANG','Y','2025-03-12 14:56:49',NULL),(50,3,6,'LF',780,'3161900002','R/K CAB. PARANGKUSUMA - KEUANGAN','Y','2025-03-12 14:58:50',NULL),(51,4,6,'LF',782,'3161900004','R/K CAB. PARANGKUSUMA - PERSEDIAAN','Y','2025-03-12 15:00:06',NULL),(52,5,6,'LF',783,'3161900005','R/K CAB. PARANGKUSUMA - AKTIVA,ASET,PERLATAN & PERLENGKAPAN','Y','2025-03-12 15:02:50',NULL),(53,6,6,'LF',784,'3161900006','R/K CAB. PARANGKUSUMA - POINT REWARD PELANGGAN','Y','2025-03-12 15:03:30',NULL),(54,3,1,'DA',661,'3160200002','R/K CAB. MARTADINATA - KEUANGAN','Y','2025-03-12 15:36:11',NULL),(55,4,1,'DA',663,'3160200004','R/K CAB. MARTADINATA - PERSEDIAAN','Y','2025-03-12 15:37:10',NULL),(56,5,1,'DA',664,'3160200005','R/K CAB. MARTADINATA - AKTIVA,ASSET,PERALATAN & PERLENGKAPAN','Y','2025-03-12 15:37:45',NULL),(57,6,1,'DA',665,'316200006','R/K CAB. MARTADINATA - POINT REWARD PELANGGAN','Y','2025-03-12 15:38:26',NULL),(58,1,1,'DB',704,'3160800003','R/K CAB. TOHA - PELUNASAN PIUTANG','Y','2025-03-12 15:48:02',NULL),(59,3,1,'DB',703,'3160800002','R/K CAB. TOHA - KEUANGAN','Y','2025-03-12 15:49:30',NULL),(60,4,1,'DB',705,'3160800004','R/K CAB. TOHA - PERSEDIAAN','Y','2025-03-12 15:50:12',NULL),(61,6,1,'DB',707,'3160800006','R/K CAB. TOHA - POINT REWARD PELANGGAN','Y','2025-03-12 15:51:27',NULL),(62,1,8,'BD',261,'1130103005','PIUTANG KARYAWAN - JAKARTA','N','2025-03-13 09:12:48','2025-03-13 09:12:48'),(63,1,1,'DD',795,'3162100003','R/K CAB. AMIR MAHMUD - PELUNASAN PIUTANG','Y','2025-03-13 09:21:52',NULL),(64,3,1,'DD',794,'3162100002','R/K CAB. AMIR MAHMUD - KEUANGAN','Y','2025-03-13 09:22:56',NULL),(65,4,1,'DD',796,'3162100004','R/K CAB. AMIR MAHMUD - PERSEDIAAN','Y','2025-03-13 09:23:50','2025-03-13 09:23:50'),(66,5,1,'DD',797,'3162100005','R/K CAB. AMIR MAHMUD - AKTIVA,ASET,PERALATAN & PERLENGKAPAN','Y','2025-03-13 09:24:27',NULL),(67,6,1,'DD',798,'3162100006','R/K CAB. AMIR MAHMUD - POINT REWARD PELANGGAN','Y','2025-03-13 09:25:00',NULL),(68,1,1,'DC',739,'3161300003','R/K CAB. PADJAJARAN - PELUNASAN PIUTANG','Y','2025-03-13 09:25:55',NULL),(69,3,1,'DC',738,'3161300002','R/K CAB. PADJAJARAN - KEUANGAN','Y','2025-03-13 09:26:19',NULL),(70,4,1,'DC',740,'3161300004','R/K CAB. PADJAJARAN - PERSEDIAAN','Y','2025-03-13 09:27:09',NULL),(71,5,1,'DC',741,'3161300005','R/K CAB. PADJAJARAN - AKTIVA,ASET,PERALATAN & PERLENGKAPAN','Y','2025-03-13 09:27:35',NULL),(72,6,1,'DC',742,'3161300006','R/K CAB. PADJAJARAN - POINT REWARD PELANGGAN','Y','2025-03-13 09:28:01',NULL),(73,1,8,'BA',676,'3160400003','R/K CAB. MATRAMAN - PELUNASAN PIUTANG','Y','2025-03-13 10:06:40',NULL),(74,1,8,'BB',690,'3160600003','R/K CAB. KELAPA DUA RAYA - PELUNASAN PIUTANG','Y','2025-03-13 10:08:28',NULL),(75,3,8,'BB',689,'3160600002','R/K CAB. KELAPA DUA RAYA - KEUANGAN','Y','2025-03-13 10:09:16',NULL),(76,4,8,'BB',691,'3160600004','R/K CAB. KELAPA DUA RAYA - PERSEDIAAN','Y','2025-03-13 10:09:46',NULL),(77,5,8,'BB',692,'3160600005','R/K CAB. KELAPA DUA RAYA - AKTIVA,ASSET,PERALATAN & PERLENGKAPAN','Y','2025-03-13 10:10:19',NULL),(78,6,8,'BB',693,'3160600006','R/K CAB. KELAPA DUA RAYA - POINT REWARD PELANGGAN','Y','2025-03-13 10:10:58',NULL),(79,1,8,'BC',774,'3161800003','R/K CAB. SAMANHUDI - PELUNASAN PIUTANG','Y','2025-03-13 10:12:06',NULL),(80,3,8,'BC',773,'3161800002','R/K CAB. SAMANHUDI - KEUANGAN','Y','2025-03-13 10:12:39',NULL),(81,4,8,'BC',775,'3161800004','R/K CAB. SAMANHUDI - PERSEDIAAN','Y','2025-03-13 10:13:27',NULL),(82,5,8,'BC',776,'3161800005','R/K CAB. SAMANHUDI - AKTIVA,ASET,PERALTAN & PERLENGKAPAN','Y','2025-03-13 10:14:00',NULL),(83,6,8,'BC',777,'3161800006','R/K CAB. SAMANHUDI - POINT REWARD PELANGGAN','Y','2025-03-13 10:14:22',NULL),(84,1,5,'AA',711,'3160900003','R/K CAB. CIKDITIRO - PELUNASAN PIUTANG','Y','2025-03-13 10:19:44',NULL),(85,3,5,'AA',710,'3160900002','R/K CAB. CIKDITIRO - KEUANGAN','Y','2025-03-13 10:20:19',NULL),(86,4,5,'AA',712,'3160900004','R/K CAB. CIKDITIRO - PERSEDIAAN','Y','2025-03-13 10:20:53',NULL),(87,5,5,'AA',713,'3160900005','R/K CAB. CIKDITIRO - AKTIVA,ASSET, PERALATAN & PERLENGKAPAN','Y','2025-03-13 10:21:27',NULL),(88,6,5,'AA',714,'3160900006','R/K CAB. CIKDITIRO - POINT REWARD PELANGGAN','Y','2025-03-13 10:22:12',NULL),(89,6,5,'AB',770,'3161700006','R/K CAB. SULTAN AGUNG - POINT REWARD PELANGGAN','Y','2025-03-13 10:23:29',NULL),(90,5,5,'AB',769,'3161700005','R/K CAB. SULTAN AGUNG - AKTIVA,ASET,PERALATAN & PERLENGKAPAN','Y','2025-03-13 10:23:55',NULL),(91,1,5,'AB',767,'3161700003','R/K CAB. SULTAN AGUNG - PELUNASAN PIUTANG','Y','2025-03-13 10:24:20',NULL),(92,4,5,'AB',768,'3161700004','R/K CAB. SULTAN AGUNG - PERSEDIAAN','Y','2025-03-13 10:25:06',NULL),(93,3,5,'AB',766,'3161700002','R/K CAB. SULTAN AGUNG - KEUANGAN','Y','2025-03-13 10:25:50',NULL),(94,1,10,'EA',683,'3160500003','R/K CAB. DIPONEGORO - PELUNASAN PIUTANG','Y','2025-03-13 10:29:20',NULL),(95,3,10,'EA',682,'3160500002','R/K CAB. DIPONEGORO - KEUANGAN ','Y','2025-03-13 10:29:43',NULL),(96,4,10,'EA',684,'3160500004','R/K CAB. DIPONEGORO - PERSEDIAAN','Y','2025-03-13 10:47:17',NULL),(97,5,10,'EA',685,'3160500005','R/K CAB. DIPONEGORO - AKTIVA,ASSET,PERALATAN & PERLENGKAPAN','Y','2025-03-13 11:09:37',NULL),(98,6,10,'EA',686,'3160500006','R/K CAB. DIPONEGORO - POINT REWARD PELANGGAN','Y','2025-03-13 11:10:18',NULL),(99,1,10,'EB',725,'3161100003','R/K CAB. YAMIN - PELUNASAN PIUTANG','Y','2025-03-13 11:15:51',NULL),(100,3,10,'EB',724,'3161100002','R/K CAB. YAMIN - KEUANGAN','Y','2025-03-13 11:16:18',NULL),(101,4,10,'EB',726,'3161100004','R/K CAB. YAMIN - PERSEDIAAN','Y','2025-03-13 11:16:42',NULL),(102,5,10,'EB',727,'3161100005','R/K CAB. YAMIN - AKTIVA,ASSET,PERALATAN & PERLENGKAPAN','Y','2025-03-13 11:17:11',NULL),(103,6,10,'EB',728,'3161100006','R/K CAB. YAMIN - POINT REWARD PELANGGAN','Y','2025-03-13 11:17:45',NULL),(104,1,14,'HA',760,'3161600003','R/K CAB. PANJAITAN - PELUNASAN PIUTANG','Y','2025-03-13 11:25:15',NULL),(105,3,14,'HA',759,'3161600002','R/K CAB. PANJAITAN - KEUANGAN','Y','2025-03-13 11:25:43',NULL),(106,4,14,'HA',761,'3161600004','R/K CAB. PANJAITAN - PERSEDIAAN','Y','2025-03-13 11:26:07',NULL),(107,5,14,'HA',762,'3161600005','R/K CAB. PANJAITAN - AKTIVA,ASET,PERALATAN & PERLENGKAPAN','Y','2025-03-13 11:27:37',NULL),(108,6,14,'HA',763,'3161600006','R/K CAB. PANJAITAN - POINT REWARD PELANGGAN','Y','2025-03-13 11:28:05',NULL),(109,1,9,'JA',753,'3161500003','R/K CAB. VETERAN - PELUNASAN PIUTANG','Y','2025-03-13 11:30:28',NULL),(110,3,9,'JA',752,'3161500002','R/K CAB. VETERAN - KEUANGAN','Y','2025-03-13 11:31:15',NULL),(111,4,9,'JA',754,'3161500004','R/K CAB. VETERAN - PERSEDIAAN','Y','2025-03-13 11:32:46',NULL),(112,5,9,'JA',755,'3161500005','R/K CAB. VETERAN - AKTIVA,ASET,PERALATAN & PERLENGKAPAN','Y','2025-03-13 11:33:18',NULL),(113,6,9,'JA',756,'3161500006','R/K CAB. VETERAN - POINT REWARD PELANGGAN','Y','2025-03-13 11:33:41',NULL);

--
-- Table structure for table `nat_group`
--

CREATE TABLE `nat_group` (
  `Nat_GroupID` int(11) NOT NULL AUTO_INCREMENT,
  `Nat_GroupCode` char(1) NOT NULL,
  `Nat_GroupName` varchar(50) NOT NULL,
  `Nat_GroupCreated` datetime NOT NULL DEFAULT current_timestamp(),
  `Nat_GroupLastUpdated` datetime NOT NULL DEFAULT current_timestamp() ON UPDATE current_timestamp(),
  `Nat_GroupIsActive` char(1) NOT NULL DEFAULT 'Y',
  PRIMARY KEY (`Nat_GroupID`),
  KEY `Nat_GroupCode` (`Nat_GroupCode`),
  KEY `Nat_GroupName` (`Nat_GroupName`),
  KEY `Nat_GroupIsActive` (`Nat_GroupIsActive`)
) ENGINE=InnoDB AUTO_INCREMENT=5 DEFAULT CHARSET=utf8mb4;

--
-- Dumping data for table `nat_group`
--

INSERT INTO `nat_group` VALUES (1,'1','Laboratorium','2019-03-21 16:01:25','2019-03-21 16:01:25','Y'),(2,'2','Elektromedis','2019-03-21 16:01:25','2019-03-21 16:01:25','Y'),(3,'3','Radiologi','2019-03-21 16:01:25','2019-03-21 16:01:25','Y'),(4,'4','Layanan Medis lainnya','2019-03-21 16:01:25','2019-03-21 16:01:25','Y');

--
-- Table structure for table `nat_item`
--

CREATE TABLE `nat_item` (
  `Nat_ItemID` int(11) NOT NULL AUTO_INCREMENT,
  `ItemCode` varchar(30) DEFAULT NULL,
  `DocKey` varchar(30) DEFAULT NULL,
  `Description` varchar(300) DEFAULT NULL,
  `Desc2` varchar(300) DEFAULT NULL,
  `FurtherDescription` varchar(30) DEFAULT NULL,
  `ItemGroup` varchar(30) DEFAULT NULL,
  `ItemType` varchar(30) DEFAULT NULL,
  `AssemblyCost` varchar(30) DEFAULT NULL,
  `LeadTime` varchar(30) DEFAULT NULL,
  `StockControl` varchar(30) DEFAULT NULL,
  `HasSerialNo` varchar(30) DEFAULT NULL,
  `HasBatchNo` varchar(30) DEFAULT NULL,
  `DutyRate` varchar(30) DEFAULT NULL,
  `Taxtype` varchar(30) DEFAULT NULL,
  `Note` varchar(30) DEFAULT NULL,
  `ImageFileName` varchar(30) DEFAULT NULL,
  `CostingMethod` varchar(30) DEFAULT NULL,
  `SalesUOM` varchar(30) DEFAULT NULL,
  `PurchaseUOM` varchar(30) DEFAULT NULL,
  `ReportUOM` varchar(30) DEFAULT NULL,
  `LastModified` datetime DEFAULT current_timestamp(),
  `LastModifiedUserID` int(11) DEFAULT NULL,
  `CreatedTimeStamp` datetime DEFAULT current_timestamp(),
  `CreatedUserID` int(11) DEFAULT NULL,
  `IsActive` varchar(30) DEFAULT NULL,
  `LastUpdate` int(11) DEFAULT NULL,
  `SNFormatName` varchar(30) DEFAULT NULL,
  `IsCalcBonusPoint` varchar(30) DEFAULT NULL,
  `MarkupRatio` varchar(30) DEFAULT NULL,
  `HasPromoter` varchar(30) DEFAULT NULL,
  `GlobalCode` varchar(30) DEFAULT NULL,
  `ItemBrand` varchar(30) DEFAULT NULL,
  `ItemModel` varchar(30) DEFAULT NULL,
  `LeadTimeDay` varchar(30) DEFAULT NULL,
  `ExternalLink` varchar(30) DEFAULT NULL,
  `Discontinued` varchar(30) DEFAULT NULL,
  `AutoUOMConversion` varchar(30) DEFAULT NULL,
  `BaseUOM` varchar(30) DEFAULT NULL,
  `BackOrderControl` varchar(30) DEFAULT NULL,
  `PurchaseTaxType` varchar(30) DEFAULT NULL,
  PRIMARY KEY (`Nat_ItemID`),
  UNIQUE KEY `ItemCode` (`ItemCode`),
  KEY `DocKey` (`DocKey`)
) ENGINE=InnoDB AUTO_INCREMENT=5027 DEFAULT CHARSET=utf8mb4;

--
-- Dumping data for table `nat_item`
--

INSERT INTO `nat_item` VALUES (1,'1130200117','37830171','ELEKTRODE SODIUM ( Na ) - 3110419180','','','ST_KIMIA','ST_KIMIA','','','T','F','T','0','','','','1','KIT','KIT','KIT','2030-05-08 00:00:00',1,'2012-07-07 00:00:00',0,'T',11,'','T','','F','','','','','','F','T','KIT','T',''),(2,'1130100162','37830172','CELL PACK DFL - AR 829 995 1 LITER ( XN 1000 )','','','ST_HEMA','SUPPLIES','','','T','F','T','0','','','','1','BOX','BOX','BOX','0000-00-00 00:00:00',1,'2055-06-03 00:00:00',0,'T',2,'','T','','F','','','','','','F','T','BOX','T',''),(3,'1130100001','37830173','GOLONGAN DARAH ANTI A ','','\"{\rtf1ansiansicpg1252deff0defl','ST_HEMA','','','','T','F','T','0','','\"{\rtf1ansiansicpg1252deff0defl','','1','BOTOL','BOTOL','BOTOL','0000-00-00 00:00:00',0,'0000-00-00 00:00:00',0,'T',13,'','','','F','','','','','','F','','BOTOL','T',''),(4,'1130100002','37830174','GOLONGAN DARAH ANTI B','','\"{\rtf1ansiansicpg1252deff0defl','ST_HEMA','','','','T','F','T','0','','\"{\rtf1ansiansicpg1252deff0defl','','1','BOTOL','BOTOL','BOTOL','0000-00-00 00:00:00',0,'0000-00-00 00:00:00',0,'T',15,'','T','','F','','','','','','F','T','BOTOL','T',''),(5,'1130100003','37830175','GOLONGAN DARAH ANTI A ANTI B ','','\"{\rtf1ansiansicpg1252deff0defl','ST_HEMA','','','','T','F','T','0','','\"{\rtf1ansiansicpg1252deff0defl','','1','BOTOL','BOTOL','BOTOL','0000-00-00 00:00:00',0,'0000-00-00 00:00:00',0,'T',15,'','T','','F','','','','','','F','T','BOTOL','T',''),(6,'1130200001','37830176','PRECINORM U (651257)','','','ST_KIMIA','ST_KIMIA','','','T','F','T','0','','','','1','VIAL','VIAL','VIAL','0000-00-00 00:00:00',0,'0000-00-00 00:00:00',0,'T',5,'','T','','F','','','','','','F','T','VIAL','T',''),(7,'1130200002','37830177','PRECIPATH U (651265)','','','ST_KIMIA','ST_KIMIA','','','T','F','T','0','','','','1','VIAL','VIAL','VIAL','0000-00-00 00:00:00',0,'2014-12-06 00:00:00',0,'T',6,'','T','','F','','','','','','F','T','VIAL','T',''),(8,'1130309704','37830178','SARS-COV 2 ANTIGEN ','','','ST_IMUNO','REAGEN','','','T','F','T','0','','','','1','TEST','TEST','TEST','2057-12-00 00:00:00',0,'2057-12-00 00:00:00',0,'T',1,'','T','','F','','','','','','F','T','TEST','T',''),(9,'1139800760','37830179','NEEDLE QUICKHEEL LANCET ','','','ST_CL','SUPPLIES','','','T','F','T','0','','','','1','PCS','PCS','PCS','0000-00-00 00:00:00',1,'0000-00-00 00:00:00',0,'T',3,'','T','','F','','','','','','F','T','PCS','T',''),(10,'1139800761','37830180','NURSE CUP','','','ST_CL','SUPPLIES','','','T','F','T','0','','','','1','PCS','PCS','PCS','0000-00-00 00:00:00',0,'0000-00-00 00:00:00',0,'T',1,'','T','','F','','','','','','F','T','PCS','T',''),(11,'1139901743','37830181','BOX FILE WARNA (  PLASTIK )','','','ST_CETAK','CETAKAN','','','T','F','T','0','','','','1','PCS','PCS','PCS','0000-00-00 00:00:00',1,'0000-00-00 00:00:00',0,'T',3,'','T','','F','','','','','','F','T','PCS','T',''),(12,'1139800762','37830182','HAZMAT DEWASA','','','ST_CL','SUPPLIES','','','T','F','T','0','','','','1','PCS','PCS','PCS','0000-00-00 00:00:00',0,'0000-00-00 00:00:00',0,'T',1,'','T','','F','','','','','','F','T','PCS','T',''),(13,'1139800763','37830183','HAZMAT ANAK-ANAK','','','ST_CL','SUPPLIES','','','T','F','T','0','','','','1','PCS','PCS','PCS','0000-00-00 00:00:00',0,'0000-00-00 00:00:00',0,'T',1,'','T','','F','','','','','','F','T','PCS','T',''),(14,'1139800764','37830184','HAZMAT GOWN','','','ST_CL','SUPPLIES','','','T','F','T','0','','','','1','PCS','PCS','PCS','0000-00-00 00:00:00',0,'0000-00-00 00:00:00',0,'T',1,'','T','','F','','','','','','F','T','PCS','T',''),(15,'1139800765','37830185','OBAT KUMUR','','','ST_CL','SUPPLIES','','','T','F','T','0','','','','1','BOTOL','BOTOL','BOTOL','2014-09-05 00:00:00',0,'0000-00-00 00:00:00',0,'T',2,'','T','','F','','','','','','F','T','BOTOL','T',''),(16,'1139800766','37830186','FACE SHIELD / PELINDUNG WAJAH','','','ST_CL','SUPPLIES','','','T','F','T','0','','','','1','PCS','PCS','PCS','0000-00-00 00:00:00',1,'0000-00-00 00:00:00',0,'T',3,'','T','','F','','','','','','F','T','PCS','T',''),(17,'1130309705','37830187','COVID -19 ( SARS-COV-2 ) IgM / IgG ANTIBODY TEST KIT','','','ST_IMUNO','REAGEN','','','T','F','T','0','','','','1','KIT','KIT','KIT','0000-00-00 00:00:00',1,'2021-02-02 00:00:00',0,'T',3,'','T','','F','','','','','','F','T','KIT','T',''),(18,'1130309706','37830188','DNA  / RNA EXTRAC COVID - 19','','','ST_IMUNO','REAGEN','','','T','F','T','0','','','','1','KIT','KIT','KIT','0000-00-00 00:00:00',1,'0000-00-00 00:00:00',0,'T',2,'','T','','F','','','','','','F','T','KIT','T',''),(19,'1130309707','37830189','STRIP TUBE 0.2ML','','','ST_IMUNO','SUPPLIES','','','T','F','T','0','','','','1','PAK','PAK','PAK','0000-00-00 00:00:00',0,'0000-00-00 00:00:00',0,'T',1,'','T','','F','','','','','','F','T','PAK','T',''),(20,'1130309708','37830190','MICROCENTRIFUGE TUBE 1.5ML','','','ST_IMUNO','SUPPLIES','','','T','F','T','0','','','','1','PAK','PAK','PAK','0000-00-00 00:00:00',0,'0000-00-00 00:00:00',0,'T',1,'','T','','F','','','','','','F','T','PAK','T',''),(21,'1130309709','37830191','VTM SWAB COVID19','','','ST_CL','REAGEN','','','T','F','T','0','','','','1','PCS','PCS','PCS','0000-00-00 00:00:00',1,'0000-00-00 00:00:00',0,'T',3,'','T','','F','','','','','','F','T','PCS','T',''),(22,'1130309710','37830192','ALINITY I SCC CALIBRATOR - 9P33.01','','','ST_IMUNO','REAGEN','','','T','F','T','0','','','','1','KIT','KIT','KIT','0000-00-00 00:00:00',1,'0000-00-00 00:00:00',0,'T',2,'','T','','F','','','','','','F','T','KIT','T',''),(23,'1139901742','37830193','DEVIDER / PEMBATAS A4 ( JAN - DEC ) - 6059','','','ST_CETAK','ST_PELAYANAN','','','T','F','T','0','','','','1','PCS','PCS','PCS','0000-00-00 00:00:00',1,'0000-00-00 00:00:00',0,'T',4,'','T','','F','','','','','','F','T','PCS','T',''),(24,'1139901739','37830194','FORMULIR PEMERIKSAAN dr. MED. SANDJAJA','','','ST_CETAK','SUPPLIES','','','T','F','T','0','','','','1','BUKU','BUKU','BUKU','0000-00-00 00:00:00',1,'0000-00-00 00:00:00',0,'T',3,'','T','','F','','','','','','F','T','BUKU','T',''),(25,'1139901740','37830195','DOCUMENT KEEPER / CLEAR HOLDER  ISI 20 ( A4 )','','','ST_UMUM','ST_ADMIN','','','T','F','T','0','','','','1','PCS','PCS','PCS','0000-00-00 00:00:00',1,'0000-00-00 00:00:00',0,'T',5,'','T','','F','','','','','','F','T','PCS','T',''),(26,'1139901741','37830196','ISOLASI AUTOCLAVE','','','ST_RTU','ATK','','','T','F','T','0','','','','1','ROLL','ROLL','ROLL','0000-00-00 00:00:00',0,'0000-00-00 00:00:00',0,'T',1,'','T','','F','','','','','','F','T','ROLL','T',''),(27,'1130309711','37830197','ALINITY I SCC CONTROL - 9P33.13','','','ST_IMUNO','REAGEN','','','T','F','T','0','','','','1','KIT','KIT','KIT','0000-00-00 00:00:00',1,'0000-00-00 00:00:00',0,'T',2,'','T','','F','','','','','','F','T','KIT','T',''),(28,'1130309712','37830198','ALINITY I SCC REAGEN 200 T - 9P33.22','','','ST_IMUNO','REAGEN','','','T','F','T','0','','','','1','CATRIDGE','KIT','CATRIDGE','0000-00-00 00:00:00',4,'0000-00-00 00:00:00',0,'T',3,'','T','','F','','','','','','F','T','CATRIDGE','T',''),(29,'1139800772','37830199','MASKER KN 95','','','ST_LK','SUPPLIES','','','T','F','T','0','','','','1','PCS','PCS','PCS','0000-00-00 00:00:00',1,'0000-00-00 00:00:00',16,'T',5,'','T','','F','','','','','','F','T','PCS','T',''),(30,'1130200875','37860513','ABBOTT CHOLESTEROL 2 - 1000 T (4S92.20 )','','','ST_KIMIA','ST_KIMIA','','','T','F','T','0','','','','1','KIT','KIT','KIT','0000-00-00 00:00:00',1,'0000-00-00 00:00:00',1,'T',1,'','T','','F','','','','','','F','T','KIT','T',''),(31,'1130309783','37866135','ARCHITECH  SARS - COV 2 IgG II QUANT CONTROL  ( 6S60.12 )','','','ST_IMUNO','ST_IMMUN','','','T','F','T','0','','','','1','KIT','KIT','KIT','0000-00-00 00:00:00',1,'0000-00-00 00:00:00',1,'T',1,'','T','','F','','','','','','F','T','KIT','T',''),(32,'1139902032','38148259','AMPLOP MEDICAL USG ( KLINIK UTAMA )','','','ST_CETAK','SUPPLIES','','','T','F','T','0','','','','1','LEMBAR','LEMBAR','LEMBAR','0000-00-00 00:00:00',1,'2030-12-02 00:00:00',1,'T',4,'','T','','F','','','','','','F','T','LEMBAR','T',''),(33,'1130309873','38279869','ELECSYS CALSET ANTI TSHR - 8496641190','','','ST_IMUNO','ST_IMMUN','','','T','F','T','0','','','','1','SET','KIT','SET','0000-00-00 00:00:00',4,'0000-00-00 00:00:00',1,'T',3,'','T','','F','','','','','','F','T','SET','T',''),(34,'1139902050','38567371','COMPANY PROFILE PRAMITA LAB. - ( LIPAT A4 )','','','ST_CETAK','CETAKAN','','','T','F','T','0','','','','1','LEMBAR','LEMBAR','LEMBAR','0000-00-00 00:00:00',1,'2027-07-01 00:00:00',1,'T',3,'','T','','F','','','','','','F','T','LEMBAR','T',''),(35,'1139800916','38723046','KAPAS BOLA 75 GRAM ( ONE MED ) ','','','ST_SUPPL','SUPPLIES','','','T','F','T','0','','','','1','PACK','PACK','PACK','0000-00-00 00:00:00',1,'0000-00-00 00:00:00',1,'T',2,'','T','','F','','','','','','F','T','PACK','T',''),(36,'1130208913','38844000','START 1000 T - COBAS C 503 - 8059322190','','','ST_KIMIA','ST_KIMIA','','','T','F','T','0','','','','1','KIT','KIT','KIT','0000-00-00 00:00:00',1,'0000-00-00 00:00:00',1,'T',2,'','T','','F','','','','','','F','T','KIT','T',''),(37,'1139902058','39000606','AMPLOP HASIL ( LABORATORUM MEDIS  )','','','ST_CETAK','CETAKAN','','','T','F','F','0','','','','1','LEMBAR','LEMBAR','LEMBAR','0000-00-00 00:00:00',1,'0000-00-00 00:00:00',1,'F',2,'','T','','F','','','','','','F','T','LEMBAR','T',''),(38,'1130400539','39157332','ASAM ASETAT 6% - 1000 ML','','','ST_ULFL ','ST_KIMIA','','','T','F','T','0','','','','2','BOTOL','BOTOL','BOTOL','0000-00-00 00:00:00',1,'0000-00-00 00:00:00',1,'T',5,'','T','','F','','','','','','F','T','BOTOL','T',''),(39,'1130309909','39388926','ELECSYS PRECI CTRL HIV G2 - 6924107190','','','ST_IMUNO','ST_IMMUN','','','T','F','T','0','','','','1','KIT','KIT','KIT','0000-00-00 00:00:00',1,'0000-00-00 00:00:00',1,'T',2,'','T','','F','','','','','','F','T','KIT','T',''),(40,'1139902089','39559827','LETTER STEMPEL - 4929','','','ST_UMUM','ST_UMUM','','','T','F','T','0','','','','1','PCS','PCS','PCS','0000-00-00 00:00:00',1,'2005-05-01 00:00:00',1,'T',3,'','T','','F','','','','','','F','T','PCS','T',''),(41,'1130309917','39625875','DENGUE IgM / IgG FIA - SD BIOSENSOR ( 10DEN20D )','','','ST_IMUNO','ST_IMMUN','','','T','F','T','0','','','','2','TEST','KIT','KIT','0000-00-00 00:00:00',0,'0000-00-00 00:00:00',1,'T',4,'','T','','F','','','','','','F','T','TEST','T',''),(42,'1130208944','39733056','TINA QUANT A β-2 MICROGLOBULIN  - 11660551216','','','ST_KIMIA','ST_KIMIA','','','T','F','F','0','','','','1','KIT','KIT','KIT','0000-00-00 00:00:00',0,'0000-00-00 00:00:00',1,'T',7,'','T','','F','','','','','','F','T','KIT','T',''),(43,'1130309920','39814938','FEBRILE NEGATIVE CONTROL -  POLYVALENT NEGATIVE 1 x 1ml  FORTRESS  - FEBNCO01','','','ST_IMUNO','ST_IMMUN','','','T','F','T','0','','','','2','VIAL','VIAL','VIAL','0000-00-00 00:00:00',1,'0000-00-00 00:00:00',1,'T',1,'','T','','F','','','','','','F','T','VIAL','T',''),(44,'1130309921','39814961','FEBRILE POSITIVE  CONTROL -  POLYVALENT POSITIVE 1 x 1ml  FORTRESS  - FEBPCO01','','','ST_IMUNO','ST_IMMUN','','','T','F','T','0','','','','2','VIAL','VIAL','VIAL','0000-00-00 00:00:00',1,'0000-00-00 00:00:00',1,'T',1,'','T','','F','','','','','','F','T','VIAL','T',''),(45,'1130500829','39821314','PEWARNA SAFRANIN 0,25 % - 100 ML','','','ST_MIKRO','REAGEN','','','T','F','T','0','','','','2','BOTOL','BOTOL','BOTOL','0000-00-00 00:00:00',1,'0000-00-00 00:00:00',1,'T',2,'','T','','F','','','','','','F','T','BOTOL','T',''),(46,'1139800945','40284909','WELLNESS C BALL MINI 100 Gr','','','ST_LK','SUPPLIES','','','T','F','T','0','','','','1','PACK','PACK','PACK','0000-00-00 00:00:00',1,'0000-00-00 00:00:00',1,'T',2,'','T','','F','','','','','','F','T','PACK','T',''),(47,'1139800948','40433556','TUBE HEPARIN 4 ML - KANG JIAN ( KJH040SH )','','','ST_LK','SUPPLIES','','','T','F','T','0','','','','1','PCS','PCS','PCS','0000-00-00 00:00:00',1,'0000-00-00 00:00:00',1,'T',3,'','T','','F','','','','','','F','T','PCS','T',''),(48,'1139800949','40433633','TUBE GLUCOSE 3 ML - KANG JIAN  ( KJ030FX )','','','ST_LK','SUPPLIES','','','T','F','T','0','','','','1','PCS','PCS','PCS','0000-00-00 00:00:00',1,'2052-12-03 00:00:00',1,'T',3,'','T','','F','','','','','','F','T','PCS','T',''),(49,'1130309930','40433739','HIV 1.2.0 RAPID TEST CASSETTE - 25 T ( IHIV-C42 )','','','ST_IMUNO','ST_IMMUN','','','T','F','T','0','','','','2','TEST','TEST','TEST','0000-00-00 00:00:00',1,'2058-00-02 00:00:00',1,'T',1,'','T','','F','','','','','','F','T','TEST','T',''),(50,'1130200851','38401008','ALINITY C IRON 2300 T - 8P39.20','','','ST_KIMIA','ST_KIMIA','','','T','F','T','0','','','','1','KIT','KIT','KIT','0000-00-00 00:00:00',1,'2036-04-07 00:00:00',1,'T',1,'','T','','F','','','','','','F','T','KIT','T',''),(51,'1130200852','38401014','ALINITY C IRON CALBRATOR - 4U75.01','','','ST_KIMIA','ST_KIMIA','','','T','F','T','0','','','','1','KIT','KIT','KIT','0000-00-00 00:00:00',1,'2037-05-00 00:00:00',1,'T',1,'','T','','F','','','','','','F','T','KIT','T',''),(52,'1139902043','38434558','TINTA STEMPEL BIASA ( BIRU )','','','ST_RTU','ST_UMUM','','','T','F','T','0','','','','1','BOTOL','BOTOL','BOTOL','0000-00-00 00:00:00',1,'0000-00-00 00:00:00',1,'T',2,'','T','','F','','','','','','F','T','BOTOL','T',''),(53,'1139902044','38434562','SABUN CUCI PAKAIAN ( SACHET )','','','ST_RTU','ST_UMUM','','','T','F','T','0','','','','1','SACHET','SACHET','SACHET','0000-00-00 00:00:00',1,'0000-00-00 00:00:00',1,'T',3,'','T','','F','','','','','','F','T','SACHET','T',''),(54,'1139902045','38434566','DOCUMENT KEEPER / CLEAR HOLDER  ISI 20 ( F4 )','','','ST_UMUM','ST_ADMIN','','','T','F','T','0','','','','1','PCS','PCS','PCS','0000-00-00 00:00:00',1,'0000-00-00 00:00:00',1,'T',5,'','T','','F','','','','','','F','T','PCS','T',''),(55,'1130200849','38539714','C - REACTIVE PROTEIN ( LATEX ) GEN 3 -  CRPL 3 - 8057575190','','','ST_KIMIA','ST_KIMIA','','','T','F','T','0','','','','1','KIT','KIT','KIT','0000-00-00 00:00:00',1,'0000-00-00 00:00:00',1,'T',1,'','T','','F','','','','','','F','T','KIT','T',''),(56,'1130700029','39731159','ELEKTRODE ECG ARBO 200 MEDITRACE 100  ( REFF 31050522 ) -   KENDALL ','','','ST_EJPD','SUPPLIES','','','T','F','T','0','','','','2','PAK','PAK','PAK','0000-00-00 00:00:00',1,'0000-00-00 00:00:00',1,'T',4,'','T','','F','','','','','','F','T','PAK','T',''),(57,'1130309918','39731336','ELECSYS TG II E 2 G 300 TEST - 8906564190 ','COBAS 8000','','ST_IMUNO','ST_IMMUN','','','T','F','T','0','','','','1','KIT','KIT','KIT','0000-00-00 00:00:00',1,'0000-00-00 00:00:00',1,'T',2,'','T','','F','','','','','','F','T','KIT','T',''),(58,'1130500830','39906109','MAC CONKEY AGAR CM 0007 - OXOID','','','ST_MIKRO','REAGEN','','','T','F','T','0','','','','2','BOTOL','BOTOL','BOTOL','0000-00-00 00:00:00',1,'2042-07-00 00:00:00',1,'T',2,'','T','','F','','','','','','F','T','BOTOL','T',''),(59,'1130700031','39909815','ELECTRODE ECG DISPOSIBLE FOR TREADMIL SF 40, SF 11 ( 50 PACK PER PACK ) - ENDO','','','ST_EJPD','SUPPLIES','','','T','F','T','0','','','','1','PACK','PACK','PACK','0000-00-00 00:00:00',1,'0000-00-00 00:00:00',1,'T',4,'','T','','F','','','','','','F','T','PACK','T',''),(60,'1130500834','40356088','MICROSCAN Inoculum Water with Pluronic  25  ml BECKMAN COULTER  ','','','ST_MIKRO','REAGEN','','','T','F','T','0','','','','1','BOTOL','BOTOL','BOTOL','0000-00-00 00:00:00',0,'0000-00-00 00:00:00',1,'T',4,'','T','','F','','','','','','F','T','BOTOL','T',''),(61,'1130500835','40356284','MICROSCAN Neg Combo Panel Type 67 BECKMAN COULTER  ( B 1017 - 421 )','','','ST_MIKRO','REAGEN','','','T','F','T','0','','','','1','TEST','TEST','TEST','0000-00-00 00:00:00',1,'0000-00-00 00:00:00',1,'T',9,'','T','','F','','','','','','F','T','TEST','T',''),(62,'1130400552','41045222','LIQUICHEK URINALYSIS CTRL BIORAD  - BILEVEL ( LEVEL 1 & 2 )  KAT. 435','Box of 12, 6 of each level (12 x 12 mL)','','ST_UL','ST_KIMIA','','','T','F','T','0','','','','2','VIAL','VIAL','VIAL','0000-00-00 00:00:00',1,'0000-00-00 00:00:00',1,'T',2,'','T','','F','','','','','','F','T','VIAL','T',''),(63,'1139800946','40356492','INTRA - UTERINE INSEMINATION CATHETERS 180 mm- A1C18 ( COOPER SURGICAL )','','','ST_LK','SUPPLIES','','','T','F','T','0','','','','1','PCS','PCS','PCS','0000-00-00 00:00:00',0,'2004-09-01 00:00:00',1,'T',3,'','T','','F','','','','','','F','T','PCS','T',''),(64,'1130209017','42831199','ALBUMIN FS - 102209910022  - PROLINE ','','','ST_KIMIA','ST_KIMIA','','','T','F','T','0','','','','1','KIT','KIT','KIT','0000-00-00 00:00:00',1,'0000-00-00 00:00:00',1,'T',3,'','T','','F','','','','','','F','T','KIT','T',''),(65,'1139902176','42831255','BALIHO','','','ST_RTU','SUPPLIES','','','T','F','F','0','','','','1','PCS','PCS','PCS','0000-00-00 00:00:00',1,'0000-00-00 00:00:00',1,'T',1,'','T','','F','','','','','','F','T','PCS','T',''),(66,'1139902177','42831268','SPANDUK BANNER','','','ST_RTU','SUPPLIES','','','T','F','T','0','','','','1','PCS','PCS','PCS','0000-00-00 00:00:00',1,'2052-08-09 00:00:00',1,'T',1,'','T','','F','','','','','','F','T','PCS','T',''),(67,'1139902185','42999537','REFILL TONER HP 12 A','','','ST_RTU','ST_ADMIN','','','T','F','T','0','','','','1','PCS','PCS','PCS','0000-00-00 00:00:00',1,'0000-00-00 00:00:00',1,'T',3,'','T','','F','','','','','','F','T','PCS','T',''),(68,'1130209021','43175148','ISE REFERENCE ELECTROLYTE 300 ML - 11360981216','','','ST_KIMIA','ST_KIMIA','','','T','F','T','0','','','','1','KIT','KIT','KIT','0000-00-00 00:00:00',2,'0000-00-00 00:00:00',1,'T',2,'','T','','F','','','','','','F','T','KIT','T',''),(69,'1130208902','38378349','CC URIC ACID 1300 TEST - 3P39.22','','','ST_KIMIA','ST_KIMIA','','','T','F','T','0','','','','1','KIT','KIT','KIT','0000-00-00 00:00:00',1,'0000-00-00 00:00:00',1,'T',1,'','T','','F','','','','','','F','T','KIT','T',''),(70,'1130208903','38378370','ABBOTT CREATININ 3600T - 4S95.20','','','ST_KIMIA','ST_KIMIA','','','T','F','T','0','','','','1','KIT','KIT','KIT','0000-00-00 00:00:00',1,'0000-00-00 00:00:00',1,'T',1,'','T','','F','','','','','','F','T','KIT','T',''),(71,'1130309914','39574808','STANDART F NS 1 Ag FIA - SD BIOSENSOR ( 10DEN10D )','','','ST_IMUNO','ST_IMMUN','','','T','F','T','0','','','','2','TEST','KIT','TEST','0000-00-00 00:00:00',0,'0000-00-00 00:00:00',1,'T',6,'','T','','F','','','','','','F','T','TEST','T',''),(72,'1130309915','39594002','DENGUE NS 1 Ag 25 TEST - WONDFO','','','ST_IMUNO','ST_IMMUN','','','T','F','T','0','','','','1','TEST','KIT','TEST','0000-00-00 00:00:00',1,'0000-00-00 00:00:00',1,'T',2,'','T','','F','','','','','','F','T','TEST','T',''),(73,'1130400542','39594257','STERIZYME 5 LITER - J1001','','','ST_ULFL ','ST_KIMIA','','','T','F','T','0','','','','2','GALON','GALON','GALON','0000-00-00 00:00:00',1,'0000-00-00 00:00:00',1,'T',3,'','T','','F','','','','','','F','T','GALON','T',''),(74,'1130500828','39702641','GENE Xpert ® HCV VIRAL LOAD','','','ST_MD','REAGEN','','','T','F','T','0','','','','1','TEST','BOX','TEST','0000-00-00 00:00:00',1,'0000-00-00 00:00:00',1,'T',3,'','T','','F','','','','','','F','T','TEST','T',''),(75,'1130309960','41266347','BRAHMS PLGF PLUS K - CAL ( BR 85991 )','','','ST_IMUNO','ST_IMMUN','','','T','F','T','0','','','','2','KIT','KIT','KIT','0000-00-00 00:00:00',1,'2018-08-02 00:00:00',1,'T',2,'','T','','F','','','','','','F','T','KIT','T',''),(76,'1130309959','41266332','BRAHMS PLGF PLUS K - 075 ( BR 859.075 )','','','ST_IMUNO','ST_IMMUN','','','T','F','T','0','','','','2','KIT','KIT','KIT','0000-00-00 00:00:00',1,'0000-00-00 00:00:00',1,'T',1,'','T','','F','','','','','','F','T','KIT','T',''),(77,'1130309961','41266358','BRAHMS PLGF PLUS K - QC ( BR 85992 )','','','ST_IMUNO','ST_IMMUN','','','T','F','T','0','','','','2','KIT','KIT','KIT','0000-00-00 00:00:00',1,'0000-00-00 00:00:00',1,'T',2,'','T','','F','','','','','','F','T','KIT','T',''),(78,'1130208969','41289517','ABBOTT ALBUMIN BCG 2 1044 T - 4T34.20','','','ST_KIMIA','ST_KIMIA','','','T','F','T','0','','','','2','KIT','KIT','KIT','0000-00-00 00:00:00',1,'0000-00-00 00:00:00',1,'T',2,'','T','','F','','','','','','F','T','KIT','T',''),(79,'1130208970','41329875','ABBOTT ALANINE AMINOTRANSFERASE / ALT ( 1200 T ) - 4S88.20','','','ST_KIMIA','ST_KIMIA','','','T','F','T','0','','','','2','KIT','KIT','KIT','0000-00-00 00:00:00',1,'0000-00-00 00:00:00',1,'T',5,'','T','','F','','','','','','F','T','KIT','T',''),(80,'1139902122','41506575','TEH BOTOL SOSRO 220 ML','','','ST_UMUM','KONSUMSI','','','T','F','T','0','','','','1','BOTOL','BOTOL','BOTOL','0000-00-00 00:00:00',1,'0000-00-00 00:00:00',1,'T',2,'','T','','F','','','','','','F','T','BOTOL','T',''),(81,'1130600063','41507132','CASSETTE  + IP  UKURAN  35 X 43','','','ST_CR','ST_RADIO','','','T','F','T','0','','','','1','PCS','PCS','PCS','0000-00-00 00:00:00',1,'0000-00-00 00:00:00',1,'T',3,'','T','','F','','','','','','F','T','PCS','T',''),(82,'1130309968','41511593','ELECSYS CMV IgG E2G 300 V2 - 9118551190','','','ST_IMUNO','ST_IMMUN','','','T','F','T','0','','','','2','KIT','KIT','KIT','0000-00-00 00:00:00',1,'0000-00-00 00:00:00',1,'T',1,'','T','','F','','','','','','F','T','KIT','T',''),(83,'1130100188','41511668','ABX DILUENT 20 LITER - 901020','','','ST_HEMA','ST_HEMA','','','T','F','T','0','','','','1','GALON','GALON','GALON','0000-00-00 00:00:00',1,'2048-01-05 00:00:00',1,'T',1,'','T','','F','','','','','','F','T','GALON','T',''),(84,'1130100189','41511669','ABX BASOLYSER 5 LITER - 204050','','','ST_HEMA','ST_HEMA','','','T','F','T','0','','','','1','GALON','GALON','GALON','0000-00-00 00:00:00',1,'0000-00-00 00:00:00',1,'T',1,'','T','','F','','','','','','F','T','GALON','T',''),(85,'1130100190','41511670','ABX CLEANER 1 LITER - 903010','','','ST_HEMA','ST_HEMA','','','T','F','T','0','','','','1','BOTOL','BOTOL','BOTOL','0000-00-00 00:00:00',1,'0000-00-00 00:00:00',1,'T',1,'','T','','F','','','','','','F','T','BOTOL','T',''),(86,'1130100191','41511672','NUCEDIFF 1 LITER - 1300027030','','','ST_HEMA','ST_HEMA','','','T','F','T','0','','','','1','BOTOL','BOTOL','BOTOL','0000-00-00 00:00:00',1,'0000-00-00 00:00:00',1,'T',1,'','T','','F','','','','','','F','T','BOTOL','T',''),(87,'1130100192','41511674','ABX LYSEBIO 1 LITER - 906012','','','ST_HEMA','ST_HEMA','','','T','F','T','0','','','','2','BOTOL','BOTOL','BOTOL','0000-00-00 00:00:00',1,'0000-00-00 00:00:00',1,'T',1,'','T','','F','','','','','','F','T','BOTOL','T',''),(88,'1130100193','41511680','ABX MINOCLAIR 0,5 LITER - 401005','','','ST_HEMA','ST_HEMA','','','T','F','T','0','','','','1','BOTOL','BOTOL','BOTOL','0000-00-00 00:00:00',1,'2051-05-00 00:00:00',1,'T',1,'','T','','F','','','','','','F','T','BOTOL','T',''),(89,'1130100194','41511682','MINOCALCALIBRATOR 2 ML - 2032002','','','ST_HEMA','ST_HEMA','','','T','F','T','0','','','','2','PCS','PCS','PCS','0000-00-00 00:00:00',1,'0000-00-00 00:00:00',1,'T',1,'','T','','F','','','','','','F','T','PCS','T',''),(90,'1130100195','41511683','DIFFTROL 2N 3 ML - 2062203','','','ST_HEMA','ST_HEMA','','','T','F','T','0','','','','1','VIAL','VIAL','VIAL','0000-00-00 00:00:00',2,'0000-00-00 00:00:00',1,'T',3,'','T','','F','','','','','','F','T','VIAL','T',''),(91,'1130100196','41511687','DIFFTROL 2L 3 ML - 2062207','','','ST_HEMA','ST_HEMA','','','T','F','T','0','','','','1','VIAL','VIAL','VIAL','0000-00-00 00:00:00',2,'0000-00-00 00:00:00',1,'T',3,'','T','','F','','','','','','F','T','VIAL','T',''),(92,'1130100197','41511689','DIFFTROL 2H 3 ML - 2062208','','','ST_HEMA','ST_HEMA','','','T','F','T','0','','','','1','VIAL','VIAL','VIAL','0000-00-00 00:00:00',2,'0000-00-00 00:00:00',1,'T',5,'','T','','F','','','','','','F','T','VIAL','T',''),(93,'1130208980','41893471','ALINITY C TOTAL BILIRUBIN 2750 T - 4V51.21','','','ST_KIMIA','ST_KIMIA','','','T','F','T','0','','','','1','BOTOL','KIT','BOTOL','0000-00-00 00:00:00',1,'0000-00-00 00:00:00',1,'T',2,'','T','','F','','','','','','F','T','BOTOL','T',''),(94,'1130208901','38368136','TOTAL PROTEIN GEN 2  c 503 - 8058652190','','','ST_KIMIA','ST_KIMIA','','','T','F','T','0','','','','1','KIT','KIT','KIT','0000-00-00 00:00:00',2,'0000-00-00 00:00:00',1,'T',3,'','T','','F','','','','','','F','T','KIT','T',''),(95,'1130309787','38368270','ELECSYS TSH 300 T -  8443432190 ','','','ST_IMUNO','ST_IMMUN','','','T','F','T','0','','','','1','KIT','KIT','KIT','0000-00-00 00:00:00',1,'0000-00-00 00:00:00',1,'T',1,'','T','','F','','','','','','F','T','KIT','T',''),(96,'1130200842','38368344','BIL D2 1000T COBAS C 503 - 8056951190','','','ST_KIMIA','ST_KIMIA','','','T','F','T','0','','','','1','KIT','KIT','KIT','0000-00-00 00:00:00',1,'0000-00-00 00:00:00',1,'T',1,'','T','','F','','','','','','F','T','KIT','T',''),(97,'1130200843','38368403','BILT3 1050 T COBAS C 503 - 8056960190','','','ST_KIMIA','ST_KIMIA','','','T','F','T','0','','','','1','KIT','KIT','KIT','0000-00-00 00:00:00',1,'2003-00-03 00:00:00',1,'T',1,'','T','','F','','','','','','F','T','KIT','T',''),(98,'1130309992','42746824','MEDICHECK COVID 19 - ANTIGEN TEST KIT COLLOIDAL GOLD 25 T ','','','ST_IMUNO','ST_IMMUN','','','T','F','T','0','','','','1','TEST','KIT','TEST','0000-00-00 00:00:00',1,'0000-00-00 00:00:00',1,'T',4,'','T','','F','','','','','','F','T','TEST','T',''),(99,'1139902167','42746827','LAMPU TL 15  WATT','','','ST_RTU','ST_UMUM','','','T','F','T','0','','','','1','PCS','PCS','PCS','0000-00-00 00:00:00',1,'0000-00-00 00:00:00',1,'T',4,'','T','','F','','','','','','F','T','PCS','T',''),(100,'1130309993','42749614','INTERSKALA  COVID 19 ( SARS -CoV - 2 ) ANTIGEN TEST KIT COLLOIDAL GOLD 25 T  ( NASAL SWAB )','','','ST_IMUNO','ST_IMMUN','','','T','F','T','0','','','','1','TEST','KIT','TEST','0000-00-00 00:00:00',1,'0000-00-00 00:00:00',1,'T',7,'','T','','F','','','','','','F','T','TEST','T',''),(101,'1130100180','39173039','LYSERCELL WPC 2 X 1,5 LITER SYSMEX - CS 412800','XN 1000','','ST_HEMA','ST_HEMA','','','T','F','T','0','','','','2','BOTOL','BOX','BOTOL','0000-00-00 00:00:00',0,'2024-11-09 00:00:00',1,'T',2,'','T','','F','','','','','','F','T','BOTOL','T',''),(102,'1130100181','39173099','FLUOROCELL WPC 2 X 12 ML SYSMEX - BU306227','','','ST_HEMA','ST_HEMA','','','T','F','T','0','','','','2','CATRIDGE','BOX','CATRIDGE','0000-00-00 00:00:00',0,'0000-00-00 00:00:00',1,'T',3,'','T','','F','','','','','','F','T','CATRIDGE','T',''),(103,'1130100182','39173141','FLUOROCELL RET 2 X 12 ML SYSMEX - BN337547','','','ST_HEMA','ST_HEMA','','','T','F','T','0','','','','2','BOTOL','BOX','BOTOL','0000-00-00 00:00:00',0,'0000-00-00 00:00:00',1,'T',3,'','T','','F','','','','','','F','T','BOTOL','T',''),(104,'1130100183','39173206','FLUOROCELL PLT 2 X 12 ML SYSMEX - CD994563','','','ST_HEMA','ST_HEMA','','','T','F','T','0','','','','2','CATRIDGE','BOX','CATRIDGE','0000-00-00 00:00:00',0,'0000-00-00 00:00:00',1,'T',2,'','T','','F','','','','','','F','T','CATRIDGE','T',''),(105,'1130100184','39173254','FLUOROCELL WDF 2 X 22 ML SYSMEX - AA325279 ( XN 550 )','','','ST_HEMA','ST_HEMA','','','T','F','T','0','','','','2','CATRIDGE','BOX','CATRIDGE','0000-00-00 00:00:00',1,'0000-00-00 00:00:00',1,'T',3,'','T','','F','','','','','','F','T','CATRIDGE','T',''),(106,'1130100177','39172703','SULFOLYSER 3 X 500 ML SYSMEX - P90411317 ','','','ST_HEMA','ST_HEMA','','','T','F','T','0','','','','2','BOTOL','BOX','BOTOL','0000-00-00 00:00:00',0,'0000-00-00 00:00:00',1,'T',3,'','T','','F','','','','','','F','T','BOTOL','T',''),(107,'1130100178','39172734','FLUOROCELL WNR 2 X 82 ML SYSMEX - CP066715','','','ST_HEMA','ST_HEMA','','','T','F','T','0','','','','2','BOTOL','BOX','BOTOL','0000-00-00 00:00:00',0,'0000-00-00 00:00:00',1,'T',3,'','T','','F','','','','','','F','T','BOTOL','T',''),(108,'1130100179','39172740','FLUOROCELL WDF 2 X 42 ML SYSMEX - CV377552 ( XN 1000 )','','','ST_HEMA','ST_HEMA','','','T','F','T','0','','','','2','BOTOL','BOX','BOTOL','0000-00-00 00:00:00',0,'2021-12-04 00:00:00',1,'T',3,'','T','','F','','','','','','F','T','BOTOL','T',''),(109,'1139902168','42755205','REFILL TONER HP 26 A','','','ST_RTU','ST_ADMIN','','','T','F','T','0','','','','1','pcs','pcs','pcs','0000-00-00 00:00:00',1,'0000-00-00 00:00:00',1,'T',2,'','T','','F','','','','','','F','T','pcs','T',''),(110,'1130310008','43040775','HIV 1/2  Ab 3 - LINE ( FAST CLEAR Q ) - STANDART BIOSENSOR  REF.FCQ-HIV-01A','','','ST_IMUNO','ST_IMMUN','','','T','F','T','0','','','','1','TEST','KIT','TEST','0000-00-00 00:00:00',1,'0000-00-00 00:00:00',1,'T',2,'','T','','F','','','','','','F','T','TEST','T',''),(111,'1130200014','37830200','CC ACID WASH - 6K01.20','','\"{\rtf1ansiansicpg1252deff0defl','ST_KIMIA','ST_KIMIA','','','T','F','T','0','','\"{\rtf1ansiansicpg1252deff0defl','','1','KIT','KIT','KIT','0000-00-00 00:00:00',0,'0000-00-00 00:00:00',0,'T',14,'','','','F','','','','','','F','','BOTOL','T',''),(112,'1130200015','37830201','MULTI CLEAN - 11360418316','','\"{\rtf1ansiansicpg1252deff0defl','ST_KIMIA','ST_KIMIA','','','T','F','T','0','','\"{\rtf1ansiansicpg1252deff0defl','','1','BOTOL','KIT','BOTOL','0000-00-00 00:00:00',0,'0000-00-00 00:00:00',0,'T',10,'','','','F','','','','','','F','','BOTOL','T',''),(113,'1130200016','37830202','CUP SAMPLE HITACHI','','\"{\rtf1ansiansicpg1252deff0defl','ST_CL','ST_KIMIA','','','T','F','T','0','','\"{\rtf1ansiansicpg1252deff0defl','','1','PAK','PAK','PAK','0000-00-00 00:00:00',0,'0000-00-00 00:00:00',0,'T',6,'','','','F','','','','','','F','','PAK','T',''),(114,'1130200017','37830203','CC TRIGLYSERIDE - 7D74.21','','\"{\rtf1ansiansicpg1252deff0defl','ST_KIMIA','ST_KIMIA','','','T','F','T','0','','\"{\rtf1ansiansicpg1252deff0defl','','1','KIT','KIT','KIT','0000-00-00 00:00:00',0,'0000-00-00 00:00:00',0,'T',6,'','','','F','','','','','','F','','BOTOL','T',''),(115,'1130200019','37830204','CC ALT / ALANINE AMINOTRANSFERASE   - 7D56.21','','\"{\rtf1ansiansicpg1252deff0defl','ST_KIMIA','ST_KIMIA','','','T','F','T','0','','\"{\rtf1ansiansicpg1252deff0defl','','1','KIT','KIT','KIT','0000-00-00 00:00:00',1,'0000-00-00 00:00:00',0,'T',10,'','','','F','','','','','','F','','SET','T',''),(116,'1130200021','37830205','CC CHOLESTEROL - 7D62.21','','\"{\rtf1ansiansicpg1252deff0defl','ST_KIMIA','ST_KIMIA','','','T','F','T','0','','\"{\rtf1ansiansicpg1252deff0defl','','1','KIT','KIT','KIT','0000-00-00 00:00:00',1,'0000-00-00 00:00:00',0,'T',13,'','','','F','','','','','','F','','BOTOL','T',''),(117,'1130200022','37830206','CC AST / ASPARTATE AMINOTRANFERASE - 7D81.21','','\"{\rtf1ansiansicpg1252deff0defl','ST_KIMIA','ST_KIMIA','','','T','F','T','0','','\"{\rtf1ansiansicpg1252deff0defl','','1','KIT','KIT','KIT','0000-00-00 00:00:00',1,'0000-00-00 00:00:00',0,'T',9,'','','','F','','','','','','F','','SET','T',''),(118,'1130200023','37830207','CTRL LP(A) DAICHI H ( 228001 )','','\"{\rtf1ansiansicpg1252deff0defl','ST_KIMIA','ST_KIMIA','','','T','F','T','0','','\"{\rtf1ansiansicpg1252deff0defl','','1','VIAL','VIAL','VIAL','0000-00-00 00:00:00',0,'0000-00-00 00:00:00',0,'T',5,'','','','F','','','','','','F','','VIAL','T',''),(119,'1130200024','37830208','CTRL LP(A) DAICHI L ( 227998 )','','\"{\rtf1ansiansicpg1252deff0defl','ST_KIMIA','ST_KIMIA','','','T','F','T','0','','\"{\rtf1ansiansicpg1252deff0defl','','1','VIAL','VIAL','VIAL','0000-00-00 00:00:00',0,'0000-00-00 00:00:00',0,'T',6,'','','','F','','','','','','F','','VIAL','T',''),(120,'1130200041','37830209','APO B AUTO N DAIICHI ( 241819 )','','\"{\rtf1ansiansicpg1252deff0defl','ST_KIMIA','ST_KIMIA','','','T','F','T','0','','\"{\rtf1ansiansicpg1252deff0defl','','1','KIT','KIT','KIT','0000-00-00 00:00:00',0,'0000-00-00 00:00:00',0,'T',5,'','','','F','','','','','','F','','KIT','T',''),(121,'1130200042','37830210','APO A AUTO N DAIICHI  R1 & R2 ( 241765 )','R1 : 45 ml  R2 : 15 ml','\"{\rtf1ansiansicpg1252deff0defl','ST_KIMIA','ST_KIMIA','','','T','F','T','0','','\"{\rtf1ansiansicpg1252deff0defl','','1','KIT','KIT','KIT','0000-00-00 00:00:00',1,'0000-00-00 00:00:00',0,'T',6,'','','','F','','','','','','F','','KIT','T',''),(122,'1130200057','37830211','SNAPPAK 9180,9181 - 3112349180','','\"{\rtf1ansiansicpg1252deff0defl','ST_KIMIA','ST_KIMIA','','','T','F','T','0','','\"{\rtf1ansiansicpg1252deff0defl','','1','KIT','KIT','KIT','0000-00-00 00:00:00',0,'0000-00-00 00:00:00',0,'T',5,'','','','F','','','','','','F','','KIT','T',''),(123,'1130200058','37830212','CC HDL LIQ OEM - 3K33.21','','\"{\rtf1ansiansicpg1252deff0defl','ST_KIMIA','ST_KIMIA','','','T','F','T','0','','\"{\rtf1ansiansicpg1252deff0defl','','1','KIT','KIT','KIT','0000-00-00 00:00:00',0,'0000-00-00 00:00:00',0,'T',10,'','','','F','','','','','','F','','SET','T',''),(124,'1130200061','37830213','CC LDL DIRECT MLTGN - 1E31.20','','\"{\rtf1ansiansicpg1252deff0defl','ST_KIMIA','ST_KIMIA','','','T','F','T','0','','\"{\rtf1ansiansicpg1252deff0defl','','1','KIT','KIT','KIT','0000-00-00 00:00:00',0,'0000-00-00 00:00:00',0,'T',8,'','','','F','','','','','','F','','SET','T',''),(125,'1130200063','37830214','CALIB LP(A) H ( 226700 )','','\"{\rtf1ansiansicpg1252deff0defl','ST_KIMIA','ST_KIMIA','','','T','F','T','0','','\"{\rtf1ansiansicpg1252deff0defl','','1','VIAL','VIAL','VIAL','0000-00-00 00:00:00',0,'0000-00-00 00:00:00',0,'T',6,'','','','F','','','','','','F','','VIAL','T',''),(126,'1130200064','37830215','CALIB LP(A) L ( 226601 )','','\"{\rtf1ansiansicpg1252deff0defl','ST_KIMIA','ST_KIMIA','','','T','F','T','0','','\"{\rtf1ansiansicpg1252deff0defl','','1','VIAL','VIAL','VIAL','0000-00-00 00:00:00',0,'0000-00-00 00:00:00',0,'T',5,'','','','F','','','','','','F','','VIAL','T',''),(127,'1130200065','37830216','CALIB LP(A) M ( 226618 )','','\"{\rtf1ansiansicpg1252deff0defl','ST_KIMIA','ST_KIMIA','','','T','F','T','0','','\"{\rtf1ansiansicpg1252deff0defl','','1','VIAL','VIAL','VIAL','0000-00-00 00:00:00',0,'0000-00-00 00:00:00',0,'T',5,'','','','F','','','','','','F','','VIAL','T',''),(128,'1130200071','37830217','G6PD CONTROL NORMAL','','\"{\rtf1ansiansicpg1252deff0defl','ST_KIMIA','ST_KIMIA','','','T','F','T','0','','\"{\rtf1ansiansicpg1252deff0defl','','1','BOTOL','KIT','KIT','0000-00-00 00:00:00',0,'0000-00-00 00:00:00',0,'T',6,'','','','F','','','','','','F','','BOTOL','T',''),(129,'1130200074','37830218','CC HDL CALIB - 1E68.03','','\"{\rtf1ansiansicpg1252deff0defl','ST_KIMIA','ST_KIMIA','','','T','F','T','0','','\"{\rtf1ansiansicpg1252deff0defl','','1','KIT','KIT','KIT','0000-00-00 00:00:00',0,'0000-00-00 00:00:00',0,'T',6,'','','','F','','','','','','F','','KIT','T',''),(130,'1130200081','37830219','CC ALKALINE WASH - 9D31.20','','\"{\rtf1ansiansicpg1252deff0defl','ST_KIMIA','ST_KIMIA','','','T','F','T','0','','\"{\rtf1ansiansicpg1252deff0defl','','1','KIT','KIT','KIT','0000-00-00 00:00:00',0,'0000-00-00 00:00:00',0,'T',11,'','','','F','','','','','','F','','BOTOL','T',''),(131,'1130200082','37830220','CC DETERGENT A - 1J72.20','','\"{\rtf1ansiansicpg1252deff0defl','ST_KIMIA','ST_KIMIA','','','T','F','T','0','','\"{\rtf1ansiansicpg1252deff0defl','','1','KIT','KIT','KIT','0000-00-00 00:00:00',0,'0000-00-00 00:00:00',0,'T',11,'','','','F','','','','','','F','','BOTOL','T',''),(132,'1130200084','37830221','ARCH CONC. WASH BUFFER - 6C54.58','','\"{\rtf1ansiansicpg1252deff0defl','ST_IMUNO','ST_IMMUN','','','T','F','T','0','','\"{\rtf1ansiansicpg1252deff0defl','','1','BOX','BOX','BOX','0000-00-00 00:00:00',1,'0000-00-00 00:00:00',0,'T',10,'','','','F','','','','','','F','','BOTOL','T',''),(133,'1130200087','37830222','HITERGENT - 11223879216','','\"{\rtf1ansiansicpg1252deff0defl','ST_KIMIA','ST_KIMIA','','','T','F','T','0','','\"{\rtf1ansiansicpg1252deff0defl','','1','KIT','KIT','KIT','0000-00-00 00:00:00',0,'0000-00-00 00:00:00',0,'T',5,'','','','F','','','','','','F','','KIT','T',''),(134,'1130200088','37830223','ISETROL ELECT.CTRL (3112888180)','','\"{\rtf1ansiansicpg1252deff0defl','ST_KIMIA','ST_KIMIA','','','T','F','T','0','','\"{\rtf1ansiansicpg1252deff0defl','','1','KIT','KIT','KIT','0000-00-00 00:00:00',0,'0000-00-00 00:00:00',0,'T',9,'','','','F','','','','','','F','','SET','T',''),(135,'PERL-OPERASIONAL2','37830224','PERALATAN OPERASIONAL CAT2','100 JUTA SD 300 JUTA','','FA-OPER2','FIXASSET','','','F','F','T','0','','','','1','UNIT','UNIT','UNIT','0000-00-00 00:00:00',2,'0000-00-00 00:00:00',0,'T',7,'','T','','F','','','','','','F','T','UNIT','T',''),(136,'113020001','37830225','GLUCOSA','','','ST_KIMIA','','','','T','F','T','0','','','','1','PCS','PCS','PCS','0000-00-00 00:00:00',0,'0000-00-00 00:00:00',0,'T',4,'','T','','F','','','','','','F','T','PCS','T',''),(137,'1130100004','37830226','GOLONGAN DARAH ANTI D (Rh)  ','','\"{\rtf1ansiansicpg1252deff0defl','ST_HEMA','','','','T','F','T','0','','\"{\rtf1ansiansicpg1252deff0defl','','1','BOTOL','BOTOL','BOTOL','0000-00-00 00:00:00',0,'0000-00-00 00:00:00',0,'T',10,'','','','F','','','','','','F','','BOTOL','T',''),(138,'1130100005','37830227','CAT GIEMSA 250 ml','','\"{\rtf1ansiansicpg1252deff0defl','ST_HEMA','ST_HEMA','','','T','F','T','0','','\"{\rtf1ansiansicpg1252deff0defl','','1','BOTOL','BOTOL','BOTOL','0000-00-00 00:00:00',1,'0000-00-00 00:00:00',0,'F',11,'','','','F','','','','','','F','','BOTOL','T',''),(139,'1130100006','37830228','SEDIPLAST WITH NA CITRAT 250 PCS/ PAK - PK1 LP 244177 - 250','','\"{\rtf1ansiansicpg1252deff0defl','ST_CLK','SUPPLIES','','','T','F','T','0','','\"{\rtf1ansiansicpg1252deff0defl','','1','PCS','PCS','PCS','0000-00-00 00:00:00',0,'0000-00-00 00:00:00',0,'T',10,'','','','F','','','','','','F','','PCS','T',''),(140,'1130100007','37830229','BUFFER PRO GIEMSA  1000 ml','','\"{\rtf1ansiansicpg1252deff0defl','ST_HEMA','ST_HEMA','','','T','F','T','0','','\"{\rtf1ansiansicpg1252deff0defl','','1','BOTOL','BOTOL','BOTOL','0000-00-00 00:00:00',1,'0000-00-00 00:00:00',0,'T',8,'','','','F','','','','','','F','','BOTOL','T',''),(141,'1130100008','37830230','CUVETTE FIBRINTIMER II','','\"{\rtf1ansiansicpg1252deff0defl','ST_HEMA','SUPPLIES','','','T','F','F','0','','\"{\rtf1ansiansicpg1252deff0defl','','1','BOX','BOX','BOX','0000-00-00 00:00:00',0,'0000-00-00 00:00:00',0,'F',8,'','','','F','','','','','','F','','BOX','T',''),(142,'1130100009','37830231','PATHROMTIN SL - OQGS29','','\"{\rtf1ansiansicpg1252deff0defl','ST_HEMA','','','','T','F','T','0','','\"{\rtf1ansiansicpg1252deff0defl','','1','VIAL','VIAL','VIAL','0000-00-00 00:00:00',0,'0000-00-00 00:00:00',0,'T',13,'','','','F','','','','','','F','','VIAL','T',''),(143,'1130100010','37830232','METHANOL  1000 ML','','\"{\rtf1ansiansicpg1252deff0defl','ST_PL','REAGEN','','','T','F','T','0','','\"{\rtf1ansiansicpg1252deff0defl','','1','BOTOL','BOTOL','BOTOL','0000-00-00 00:00:00',0,'0000-00-00 00:00:00',0,'T',10,'','','','F','','','','','','F','','BOTOL','T',''),(144,'1130100011','37830233','OIL IMMERSI 100 CC','','\"{\rtf1ansiansicpg1252deff0defl','ST_HEMA','','','','T','F','T','0','','\"{\rtf1ansiansicpg1252deff0defl','','1','BOTOL','BOTOL','BOTOL','0000-00-00 00:00:00',0,'0000-00-00 00:00:00',0,'T',5,'','','','F','','','','','','F','','BOTOL','T',''),(145,'1130100012','37830234','PLASMA CONTROL N - ORKE 41','','\"{\rtf1ansiansicpg1252deff0defl','ST_HEMA','ST_HEMA','','','T','F','T','0','','\"{\rtf1ansiansicpg1252deff0defl','','1','KIT','KIT','KIT','0000-00-00 00:00:00',1,'0000-00-00 00:00:00',0,'T',8,'','','','F','','','','','','F','','BOTOL','T',''),(146,'1130100013','37830235','ENZYMATIC CLEANER 99644-01','','\"{\rtf1ansiansicpg1252deff0defl','ST_HEMA','','','','T','F','T','0','','\"{\rtf1ansiansicpg1252deff0defl','','1','KIT','KIT','KIT','0000-00-00 00:00:00',0,'0000-00-00 00:00:00',0,'T',5,'','','','F','','','','','','F','','BOTOL','T',''),(147,'1130100014','37830236','MULTI FIBRIN U - OWZG15','','\"{\rtf1ansiansicpg1252deff0defl','ST_HEMA','','','','T','F','T','0','','\"{\rtf1ansiansicpg1252deff0defl','','1','KIT','KIT','KIT','0000-00-00 00:00:00',0,'0000-00-00 00:00:00',0,'T',6,'','','','F','','','','','','F','','KIT','T',''),(148,'1130100016','37830237','STROMATOLYSER FB 5 LT ( KSO )','','\"{\rtf1ansiansicpg1252deff0defl','ST_HEMA','','','','T','F','T','0','','\"{\rtf1ansiansicpg1252deff0defl','','1','KIT','KIT','KIT','0000-00-00 00:00:00',0,'0000-00-00 00:00:00',0,'T',7,'','','','F','','','','','','F','','KIT','T',''),(149,'1139800500','37830238','NEEDLE EMG MONOPOLAR 37 MM ( 28 G ) ORANGE 48 PER PK','','','ST_IMUNO','SUPPLIES','','','T','F','T','0','','','','1','PCS','PCS','PCS','0000-00-00 00:00:00',0,'2032-11-00 00:00:00',0,'T',10,'','T','','F','','','','','','F','T','PCS','T',''),(150,'1130309234','37830239','ROCHE CARDIAC CTRL D-DIMER  COBAS h 232  2 X 1 ml  -  4890523190','','','ST_IMUNO','ST_IMMUN','','','T','F','T','0','','','','1','KIT','KIT','KIT','0000-00-00 00:00:00',0,'2019-07-03 00:00:00',0,'T',10,'','T','','F','','','','','','F','T','PCS','T',''),(151,'1130100019','37830240','STROMATOLYSER 4 DL ( KSO )','','\"{\rtf1ansiansicpg1252deff0defl','ST_HEMA','','','','T','F','T','0','','\"{\rtf1ansiansicpg1252deff0defl','','1','KIT','KIT','KIT','0000-00-00 00:00:00',0,'0000-00-00 00:00:00',0,'T',7,'','','','F','','','','','','F','','KIT','T',''),(152,'1130100020','37830241','STROMATOLYSER 4 DS ( KSO )','','\"{\rtf1ansiansicpg1252deff0defl','ST_HEMA','','','','T','F','T','0','','\"{\rtf1ansiansicpg1252deff0defl','','1','SACHET','SACHET','SACHET','0000-00-00 00:00:00',0,'0000-00-00 00:00:00',0,'T',6,'','','','F','','','','','','F','','SACHET','T',''),(153,'1130100021','37830242','TROMBOREL S - OUHP29','','\"{\rtf1ansiansicpg1252deff0defl','ST_HEMA','','','','T','F','T','0','','\"{\rtf1ansiansicpg1252deff0defl','','1','KIT','KIT','KIT','0000-00-00 00:00:00',0,'0000-00-00 00:00:00',0,'T',7,'','','','F','','','','','','F','','VIAL','T',''),(154,'1130100099','37830243','CELL CLEAN CL 50  ( KSO )','','','ST_HEMA','','','','T','F','T','0','','','','1','BOTOL','BOTOL','BOTOL','0000-00-00 00:00:00',0,'0000-00-00 00:00:00',0,'T',6,'','T','','F','','','','','','F','T','BOTOL','T',''),(155,'1130100023','37830244','CELL PACK PK 20 L ( KSO )','','\"{\rtf1ansiansicpg1252deff0defl','ST_HEMA','','','','T','F','T','0','','\"{\rtf1ansiansicpg1252deff0defl','','1','KIT','KIT','KIT','0000-00-00 00:00:00',1,'0000-00-00 00:00:00',0,'T',7,'','','','F','','','','','','F','','KIT','T',''),(156,'1130100024','37830245','G-6PD TRINITY Cat.345 A','','\"{\rtf1ansiansicpg1252deff0defl','ST_HEMA','','','','T','F','T','0','','\"{\rtf1ansiansicpg1252deff0defl','','1','KIT','KIT','KIT','0000-00-00 00:00:00',0,'0000-00-00 00:00:00',0,'T',6,'','','','F','','','','','','F','','KIT','T',''),(157,'1130100025','37830246','ADP CAT.5366','','\"{\rtf1ansiansicpg1252deff0defl','ST_HEMA','ST_HEMA','','','T','F','T','0','','\"{\rtf1ansiansicpg1252deff0defl','','1','KIT','KIT','KIT','0000-00-00 00:00:00',1,'0000-00-00 00:00:00',0,'T',13,'','','','F','','','','','','F','','BOTOL','T',''),(158,'1130100026','37830247','COLLAGEN CAT.5368','','\"{\rtf1ansiansicpg1252deff0defl','ST_HEMA','','','','T','F','T','0','','\"{\rtf1ansiansicpg1252deff0defl','','1','KIT','KIT','KIT','0000-00-00 00:00:00',0,'0000-00-00 00:00:00',0,'T',7,'','','','F','','','','','','F','','BOTOL','T',''),(159,'1130100027','37830248','EPINEPRINE CAT.5367','','\"{\rtf1ansiansicpg1252deff0defl','ST_HEMA','','','','T','F','T','0','','\"{\rtf1ansiansicpg1252deff0defl','','1','KIT','KIT','KIT','0000-00-00 00:00:00',0,'0000-00-00 00:00:00',0,'T',7,'','','','F','','','','','','F','','BOTOL','T',''),(160,'1130100028','37830249','CUVETTE  SILICONIZET ( AGRAM )  ','UNTUK TAT ','\"{\rtf1ansiansicpg1252deff0defl','ST_CL','SUPPLIES','','','T','F','T','0','','\"{\rtf1ansiansicpg1252deff0defl','','1','BOX','BOX','BOX','0000-00-00 00:00:00',1,'0000-00-00 00:00:00',0,'T',11,'','','','F','','','','','','F','','BOX','T',''),(161,'1130100029','37830250','STIR BARS  ( UNTUK TAT )','','\"{\rtf1ansiansicpg1252deff0defl','ST_HEMA','','','','T','F','T','0','','\"{\rtf1ansiansicpg1252deff0defl','','1','KIT','KIT','KIT','0000-00-00 00:00:00',1,'0000-00-00 00:00:00',0,'T',5,'','','','F','','','','','','F','','KIT','T',''),(162,'1139900834','37830251','BROSUR GLYCATED ALBUMIN','','','ST_CETAK','CETAKAN','','','T','F','T','0','','','','1','LEMBAR','LEMBAR','LEMBAR','0000-00-00 00:00:00',0,'0000-00-00 00:00:00',0,'T',4,'','T','','F','','','','','','F','T','LEMBAR','T',''),(163,'1130100031','37830252','DILUENT / SHEATH 20 L - 1H73.01','','\"{\rtf1ansiansicpg1252deff0defl','ST_HEMA','','','','T','F','T','0','','\"{\rtf1ansiansicpg1252deff0defl','','1','BOX','BOX','BOX','0000-00-00 00:00:00',0,'0000-00-00 00:00:00',0,'T',5,'','','','F','','','','','','F','','BOX','T',''),(164,'1130200506','37830253','CYSTATIN C CALIB - 465321','','','ST_KIMIA','','','','T','F','T','0','','','','1','KIT','KIT','KIT','0000-00-00 00:00:00',0,'0000-00-00 00:00:00',0,'T',4,'','T','','F','','','','','','F','T','KIT','T',''),(165,'1130100033','37830254','CN FREE WIC LYSE 35 (3H62.01) XXXXX','','\"{\rtf1ansiansicpg1252deff0defl','ST_HEMA','','','','T','F','F','0','','\"{\rtf1ansiansicpg1252deff0defl','','1','KIT','KIT','KIT','0000-00-00 00:00:00',0,'0000-00-00 00:00:00',0,'F',4,'','','','F','','','','','','F','','KIT','T',''),(166,'1130309255','37830255','ANTI HSV 1 IgG - ALEGRIA ( ORG903G )','','','ST_IMUNO','ST_IMMUN','','','T','F','T','0','','','','1','KIT','KIT','KIT','0000-00-00 00:00:00',0,'2010-03-02 00:00:00',0,'T',7,'','T','','F','','','','','','F','T','STRIP','T',''),(167,'1130100036','37830256','BCB 1% - 100 CC','','\"{\rtf1ansiansicpg1252deff0defl','ST_HEMA','','','','T','F','T','0','','\"{\rtf1ansiansicpg1252deff0defl','','1','BOTOL','BOTOL','BOTOL','0000-00-00 00:00:00',0,'0000-00-00 00:00:00',0,'T',4,'','','','F','','','','','','F','','BOTOL','T',''),(168,'1130100037','37830257','HITUNG EOSINOPHIL (  100 CC )','','\"{\rtf1ansiansicpg1252deff0defl','ST_HEMA','ST_HEMA','','','T','F','T','0','','\"{\rtf1ansiansicpg1252deff0defl','','1','BOTOL','BOTOL','BOTOL','0000-00-00 00:00:00',1,'0000-00-00 00:00:00',0,'T',5,'','','','F','','','','','','F','','BOTOL','T',''),(169,'1130100038','37830258','WRIGHT GIEMSA STAIN','','\"{\rtf1ansiansicpg1252deff0defl','ST_HEMA','ST_HEMA','','','T','F','T','0','','\"{\rtf1ansiansicpg1252deff0defl','','1','KIT','KIT','KIT','0000-00-00 00:00:00',1,'0000-00-00 00:00:00',0,'T',7,'','','','F','','','','','','F','','KIT','T',''),(170,'1130100039','37830259','EDTA 10 % SOLUTION','','\"{\rtf1ansiansicpg1252deff0defl','ST_HEMA','','','','T','F','F','0','','\"{\rtf1ansiansicpg1252deff0defl','','1','BOTOL','BOTOL','BOTOL','0000-00-00 00:00:00',0,'0000-00-00 00:00:00',0,'F',4,'','','','F','','','','','','F','','BOTOL','T',''),(171,'1130100040','37830260','FIBRINOGEN CALIBRATOR KIT SIEMENS - OQVK11','','\"{\rtf1ansiansicpg1252deff0defl','ST_HEMA','ST_HEMA','','','T','F','F','0','','\"{\rtf1ansiansicpg1252deff0defl','','1','KIT','KIT','KIT','0000-00-00 00:00:00',1,'0000-00-00 00:00:00',0,'F',6,'','','','F','','','','','','F','','KIT','T',''),(172,'1130100041','37830261','E - CHECK XT / XE  ( NON KSO )','','\"{\rtf1ansiansicpg1252deff0defl','ST_HEMA','','','','T','F','T','0','','\"{\rtf1ansiansicpg1252deff0defl','','1','SET','SET','SET','0000-00-00 00:00:00',0,'0000-00-00 00:00:00',0,'T',5,'','','','F','','','','','','F','','SET','T',''),(173,'1130100042','37830262','CELL CLEAN CL 50  ( NON KSO )','','\"{\rtf1ansiansicpg1252deff0defl','ST_HEMA','','','','T','F','T','0','','\"{\rtf1ansiansicpg1252deff0defl','','1','BOTOL','BOTOL','BOTOL','0000-00-00 00:00:00',0,'0000-00-00 00:00:00',0,'T',6,'','','','F','','','','','','F','','BOTOL','T',''),(174,'1130100043','37830263','CALCIUM CHLORIDE - ORHO37','','\"{\rtf1ansiansicpg1252deff0defl','ST_HEMA','SUPPLIES','','','T','F','T','0','','\"{\rtf1ansiansicpg1252deff0defl','','1','KIT','KIT','KIT','0000-00-00 00:00:00',2,'0000-00-00 00:00:00',0,'T',10,'','','','F','','','','','','F','','BOTOL','T',''),(175,'1130100045','37830264','BUFFER PRO WRIGHT - 1000 ml','','\"{\rtf1ansiansicpg1252deff0defl','ST_HEMA','','','','T','F','T','0','','\"{\rtf1ansiansicpg1252deff0defl','','1','BOTOL','BOTOL','BOTOL','0000-00-00 00:00:00',0,'0000-00-00 00:00:00',0,'T',6,'','','','F','','','','','','F','','BOTOL','T',''),(176,'1130100046','37830265','GIEMSA 500 ml MERCK - 1.09204.0.500','','\"{\rtf1ansiansicpg1252deff0defl','ST_HEMA','ST_HEMA','','','T','F','T','0','','\"{\rtf1ansiansicpg1252deff0defl','','1','BOTOL','BOTOL','BOTOL','0000-00-00 00:00:00',1,'0000-00-00 00:00:00',0,'T',7,'','','','F','','','','','','F','','BOTOL','T',''),(177,'1130100047','37830266','STROMATOLYSER 4 DL ( XS-800I )','','\"{\rtf1ansiansicpg1252deff0defl','ST_HEMA','','','','T','F','T','0','','\"{\rtf1ansiansicpg1252deff0defl','','1','KIT','KIT','KIT','0000-00-00 00:00:00',0,'0000-00-00 00:00:00',0,'T',5,'','','','F','','','','','','F','','KIT','T',''),(178,'1130100048','37830267','REACTION TUBE CA-50 - 90407219','','\"{\rtf1ansiansicpg1252deff0defl','ST_HEMA','','','','T','F','T','0','','\"{\rtf1ansiansicpg1252deff0defl','','1','PAK','PAK','PAK','0000-00-00 00:00:00',0,'0000-00-00 00:00:00',0,'T',4,'','','','F','','','','','','F','','PAK','T',''),(179,'1130100049','37830268','E - CHECK XS  ( KSO )','','\"{\rtf1ansiansicpg1252deff0defl','ST_HEMA','','','','T','F','T','0','','\"{\rtf1ansiansicpg1252deff0defl','','1','SET','SET','SET','0000-00-00 00:00:00',0,'0000-00-00 00:00:00',0,'T',6,'','','','F','','','','','','F','','SET','T',''),(180,'1130100050','37830269','SCAL SET SOLUTION HELENA','','\"{\rtf1ansiansicpg1252deff0defl','ST_HEMA','','','','T','F','T','0','','\"{\rtf1ansiansicpg1252deff0defl','','1','VIAL','VIAL','VIAL','0000-00-00 00:00:00',2,'0000-00-00 00:00:00',0,'T',6,'','','','F','','','','','','F','','VIAL','T',''),(181,'1130100051','37830270','ARCH MULTI M DILUENT - 7D82.50','','\"{\rtf1ansiansicpg1252deff0defl','ST_IMUNO','','','','T','F','T','0','','\"{\rtf1ansiansicpg1252deff0defl','','1','KIT','KIT','KIT','0000-00-00 00:00:00',0,'0000-00-00 00:00:00',0,'T',5,'','','','F','','','','','','F','','KIT','T',''),(182,'1130100052','37830271','RET SEARCH','','\"{\rtf1ansiansicpg1252deff0defl','ST_HEMA','','','','T','F','F','0','','\"{\rtf1ansiansicpg1252deff0defl','','1','BOTOL','BOTOL','BOTOL','0000-00-00 00:00:00',0,'0000-00-00 00:00:00',0,'T',3,'','','','F','','','','','','F','','BOTOL','T',''),(183,'1130100053','37830272','CAT WRIGHT - 100 ml','','\"{\rtf1ansiansicpg1252deff0defl','ST_HEMA','','','','T','F','T','0','','\"{\rtf1ansiansicpg1252deff0defl','','1','BOTOL','BOTOL','BOTOL','0000-00-00 00:00:00',0,'0000-00-00 00:00:00',0,'T',5,'','','','F','','','','','','F','','BOTOL','T',''),(184,'1130100054','37830273','BUFFER PRO WRIGHT - 250 ml','','\"{\rtf1ansiansicpg1252deff0defl','ST_HEMA','','','','T','F','T','0','','\"{\rtf1ansiansicpg1252deff0defl','','1','BOTOL','BOTOL','BOTOL','0000-00-00 00:00:00',0,'0000-00-00 00:00:00',0,'T',6,'','','','F','','','','','','F','','BOTOL','T',''),(185,'1139800001','37830274','AQUABIDEST STERILL 500 ML','','\"{\rtf1ansiansicpg1252deff0defl','ST_CL','SUPPLIES','','','T','F','T','0','','\"{\rtf1ansiansicpg1252deff0defl','','1','BOTOL','BOTOL','BOTOL','0000-00-00 00:00:00',0,'0000-00-00 00:00:00',0,'T',14,'','T','','F','','','','','','F','T','BOTOL','T',''),(186,'1130100055','37830275','STD HUMAN PLASMA  ORKL13','','\"{\rtf1ansiansicpg1252deff0defl','ST_HEMA','ST_HEMA','','','T','F','T','0','','\"{\rtf1ansiansicpg1252deff0defl','','1','VIAL','KIT','VIAL','0000-00-00 00:00:00',1,'0000-00-00 00:00:00',0,'T',9,'','','','F','','','','','','F','','VIAL','T',''),(187,'1130100056','37830276','OWREN`S VENORAL BUFFER B4234-25','','\"{\rtf1ansiansicpg1252deff0defl','ST_HEMA','','','','T','F','T','0','','\"{\rtf1ansiansicpg1252deff0defl','','1','BOTOL','BOTOL','BOTOL','0000-00-00 00:00:00',0,'0000-00-00 00:00:00',0,'T',6,'','','','F','','','','','','F','','BOTOL','T',''),(188,'1130100057','37830277','CD32K WBC LYS RGT - 3H78.01','','\"{\rtf1ansiansicpg1252deff0defl','ST_HEMA','ST_HEMA','','','T','F','T','0','','\"{\rtf1ansiansicpg1252deff0defl','','1','KIT','KIT','KIT','0000-00-00 00:00:00',1,'0000-00-00 00:00:00',0,'T',9,'','','','F','','','','','','F','','KIT','T',''),(189,'1130100058','37830278','CD32K DIL/SHEATH - 3H79.01','','\"{\rtf1ansiansicpg1252deff0defl','ST_HEMA','ST_HEMA','','','T','F','T','0','','\"{\rtf1ansiansicpg1252deff0defl','','1','BOX','BOX','BOX','0000-00-00 00:00:00',1,'0000-00-00 00:00:00',0,'T',6,'','','','F','','','','','','F','','BOX','T',''),(190,'1130100059','37830279','CD32/R HGB NOC - 3H80.02','','\"{\rtf1ansiansicpg1252deff0defl','ST_HEMA','ST_HEMA','','','T','F','T','0','','\"{\rtf1ansiansicpg1252deff0defl','','1','KIT','KIT','KIT','0000-00-00 00:00:00',1,'0000-00-00 00:00:00',0,'T',6,'','','','F','','','','','','F','','KIT','T',''),(191,'1130100060','37830280','CD HEMCAL PLUS - 8H57.01','','\"{\rtf1ansiansicpg1252deff0defl','ST_HEMA','ST_HEMA','','','T','F','T','0','','\"{\rtf1ansiansicpg1252deff0defl','','1','KIT','KIT','KIT','0000-00-00 00:00:00',1,'0000-00-00 00:00:00',0,'T',5,'','','','F','','','','','','F','','KIT','T',''),(192,'1130100061','37830281','STROMATOLYSER WH','','\"{\rtf1ansiansicpg1252deff0defl','ST_HEMA','','','','T','F','T','0','','\"{\rtf1ansiansicpg1252deff0defl','','1','KIT','KIT','KIT','0000-00-00 00:00:00',0,'0000-00-00 00:00:00',0,'T',4,'','','','F','','','','','','F','','KIT','T',''),(193,'1130100062','37830282','CD 26 PLS TRILVL QC - 8H59.01','','\"{\rtf1ansiansicpg1252deff0defl','ST_HEMA','ST_HEMA','','','T','F','T','0','','\"{\rtf1ansiansicpg1252deff0defl','','1','SET','SET','SET','0000-00-00 00:00:00',1,'0000-00-00 00:00:00',0,'T',8,'','','','F','','','','','','F','','SET','T',''),(194,'1130100063','37830283','CD RUBY / 32 WBC LYSE 8H52.01','','\"{\rtf1ansiansicpg1252deff0defl','ST_HEMA','ST_HEMA','','','T','F','T','0','','\"{\rtf1ansiansicpg1252deff0defl','','1','KIT','KIT','KIT','0000-00-00 00:00:00',1,'0000-00-00 00:00:00',0,'T',6,'','','','F','','','','','','F','','KIT','T',''),(195,'1130100064','37830284','MULTIFIBRIN U  - OWZG19','','\"{\rtf1ansiansicpg1252deff0defl','ST_HEMA','','','','T','F','T','0','','\"{\rtf1ansiansicpg1252deff0defl','','1','KI1','KI1','KI1','0000-00-00 00:00:00',0,'0000-00-00 00:00:00',0,'T',5,'','','','F','','','','','','F','','KI1','T',''),(196,'1130100065','37830285','CA CLEAN I  GSA-500A - 95406313 ','','\"{\rtf1ansiansicpg1252deff0defl','ST_HEMA','','','','T','F','T','0','','\"{\rtf1ansiansicpg1252deff0defl','','1','BOTOL','BOTOL','BOTOL','0000-00-00 00:00:00',0,'0000-00-00 00:00:00',0,'T',7,'','','','F','','','','','','F','','BOTOL','T',''),(197,'1130100066','37830286','STD HUMAN PLASMA  ORKL17','','\"{\rtf1ansiansicpg1252deff0defl','ST_HEMA','ST_HEMA','','','T','F','T','0','','\"{\rtf1ansiansicpg1252deff0defl','','1','VIAL','KIT','VIAL','0000-00-00 00:00:00',1,'0000-00-00 00:00:00',0,'T',7,'','','','F','','','','','','F','','VIAL','T',''),(198,'1130100067','37830287','THROMBIN B4233-25','','\"{\rtf1ansiansicpg1252deff0defl','ST_HEMA','','','','T','F','T','0','','\"{\rtf1ansiansicpg1252deff0defl','','1','KIT','KIT','KIT','0000-00-00 00:00:00',0,'0000-00-00 00:00:00',0,'T',13,'','','','F','','','','','','F','','BOTOL','T',''),(199,'1130100068','37830288','REES ECKER 100 ML','','\"{\rtf1ansiansicpg1252deff0defl','ST_HEMA','','','','T','F','T','0','','\"{\rtf1ansiansicpg1252deff0defl','','1','BOTOL','BOTOL','BOTOL','0000-00-00 00:00:00',0,'0000-00-00 00:00:00',0,'T',4,'','','','F','','','','','','F','','BOTOL','T',''),(200,'1130100069','37830289','SULFOLYSER SLS - 210 A ( NON KSO )','','\"{\rtf1ansiansicpg1252deff0defl','ST_HEMA','ST_HEMA','','','T','F','T','0','','\"{\rtf1ansiansicpg1252deff0defl','','1','BOTOL','BOTOL','BOTOL','0000-00-00 00:00:00',1,'0000-00-00 00:00:00',0,'F',7,'','','','F','','','','','','F','','BOTOL','T',''),(201,'1130100070','37830290','STROMATOLYSER FB 5 LT ( NON KSO )','','\"{\rtf1ansiansicpg1252deff0defl','ST_HEMA','','','','T','F','T','0','','\"{\rtf1ansiansicpg1252deff0defl','','1','KIT','KIT','KIT','0000-00-00 00:00:00',0,'0000-00-00 00:00:00',0,'T',6,'','','','F','','','','','','F','','KIT','T',''),(202,'1130100071','37830291','STROMATOLYSER 4 DL ( NON KSO )','','\"{\rtf1ansiansicpg1252deff0defl','ST_HEMA','','','','T','F','T','0','','\"{\rtf1ansiansicpg1252deff0defl','','1','KIT','KIT','KIT','0000-00-00 00:00:00',0,'0000-00-00 00:00:00',0,'T',5,'','','','F','','','','','','F','','KIT','T',''),(203,'1130100072','37830292','STROMATOLYSER 4 DS ( NON KSO )','','\"{\rtf1ansiansicpg1252deff0defl','ST_HEMA','','','','T','F','T','0','','\"{\rtf1ansiansicpg1252deff0defl','','1','SACHET','SACHET','SACHET','0000-00-00 00:00:00',0,'0000-00-00 00:00:00',0,'T',5,'','','','F','','','','','','F','','SACHET','T',''),(204,'1130100074','37830293','XN CHECK -  ( L1.L2.L3 )  3 X 3 ML','BV661822/AK060533/BR875289','\"{\rtf1ansiansicpg1252deff0defl','ST_HEMA','ST_HEMA','','','T','F','T','0','','\"{\rtf1ansiansicpg1252deff0defl','','1','SET','SET','SET','0000-00-00 00:00:00',1,'0000-00-00 00:00:00',0,'T',13,'','','','F','','','','','','F','','SET','T',''),(205,'1130100075','37830294','FLOUROCELL WPC - BU306227','','\"{\rtf1ansiansicpg1252deff0defl','ST_HEMA','','','','T','F','T','0','','\"{\rtf1ansiansicpg1252deff0defl','','1','KIT','KIT','KIT','0000-00-00 00:00:00',0,'0000-00-00 00:00:00',0,'T',4,'','','','F','','','','','','F','','KIT','T',''),(206,'1130100076','37830295','FLOUROCELL RET - BN337547','','\"{\rtf1ansiansicpg1252deff0defl','ST_HEMA','','','','T','F','T','0','','\"{\rtf1ansiansicpg1252deff0defl','','1','KIT','KIT','KIT','0000-00-00 00:00:00',0,'0000-00-00 00:00:00',0,'T',4,'','','','F','','','','','','F','','KIT','T',''),(207,'1130100077','37830296','FLOUROCELL PLT - CD994563','','\"{\rtf1ansiansicpg1252deff0defl','ST_HEMA','ST_HEMA','','','T','F','T','0','','\"{\rtf1ansiansicpg1252deff0defl','','1','KIT','KIT','KIT','0000-00-00 00:00:00',1,'0000-00-00 00:00:00',0,'T',6,'','','','F','','','','','','F','','KIT','T',''),(208,'1130100078','37830297','FLUOROCELL WNR - CP066715','','\"{\rtf1ansiansicpg1252deff0defl','ST_HEMA','','','','T','F','T','0','','\"{\rtf1ansiansicpg1252deff0defl','','1','KIT','KIT','KIT','0000-00-00 00:00:00',0,'0000-00-00 00:00:00',0,'T',4,'','','','F','','','','','','F','','KIT','T',''),(209,'1130100079','37830298','FLUOROCELL WDF - CV377552','','\"{\rtf1ansiansicpg1252deff0defl','ST_HEMA','','','','T','F','T','0','','\"{\rtf1ansiansicpg1252deff0defl','','1','KIT','KIT','KIT','0000-00-00 00:00:00',0,'0000-00-00 00:00:00',0,'T',4,'','','','F','','','','','','F','','KIT','T',''),(210,'1130100080','37830299','CELL PACK DCL  - CT661628','','\"{\rtf1ansiansicpg1252deff0defl','ST_HEMA','','','','T','F','T','0','','\"{\rtf1ansiansicpg1252deff0defl','','1','BOX','BOX','BOX','0000-00-00 00:00:00',0,'0000-00-00 00:00:00',0,'T',6,'','','','F','','','','','','F','','BOX','T',''),(211,'1130100081','37830300','LYSERCELL WNR - AN577063','','\"{\rtf1ansiansicpg1252deff0defl','ST_HEMA','','','','T','F','T','0','','\"{\rtf1ansiansicpg1252deff0defl','','1','KIT','KIT','KIT','0000-00-00 00:00:00',0,'0000-00-00 00:00:00',0,'T',5,'','','','F','','','','','','F','','KIT','T',''),(212,'1130100082','37830301','LYSERCELL WDF - AW993605','','\"{\rtf1ansiansicpg1252deff0defl','ST_HEMA','','','','T','F','T','0','','\"{\rtf1ansiansicpg1252deff0defl','','1','KIT','KIT','KIT','0000-00-00 00:00:00',0,'0000-00-00 00:00:00',0,'T',5,'','','','F','','','','','','F','','KIT','T',''),(213,'1130100083','37830302','LYSERCELL WPC - CS412800','','\"{\rtf1ansiansicpg1252deff0defl','ST_HEMA','ST_HEMA','','','T','F','T','0','','\"{\rtf1ansiansicpg1252deff0defl','','1','KIT','KIT','KIT','0000-00-00 00:00:00',1,'0000-00-00 00:00:00',0,'T',6,'','','','F','','','','','','F','','KIT','T',''),(214,'1130100084','37830303','CELL PACK DFL - BT965910','','\"{\rtf1ansiansicpg1252deff0defl','ST_HEMA','','','','T','F','T','0','','\"{\rtf1ansiansicpg1252deff0defl','','1','KIT','KIT','KIT','0000-00-00 00:00:00',0,'0000-00-00 00:00:00',0,'T',6,'','','','F','','','','','','F','','KIT','T',''),(215,'1130100085','37830304','SULFOLYSER 1,5 - BJ350971','','\"{\rtf1ansiansicpg1252deff0defl','ST_HEMA','','','','T','F','T','0','','\"{\rtf1ansiansicpg1252deff0defl','','1','BOTOL','BOTOL','BOTOL','0000-00-00 00:00:00',1,'0000-00-00 00:00:00',0,'F',6,'','','','F','','','','','','F','','BOTOL','T',''),(216,'1130100086','37830305','PFA COLLAGEN / EPI TEST - B417020','','\"{\rtf1ansiansicpg1252deff0defl','ST_HEMA','ST_HEMA','','','T','F','T','0','','\"{\rtf1ansiansicpg1252deff0defl','','1','KIT','KIT','KIT','0000-00-00 00:00:00',1,'0000-00-00 00:00:00',0,'F',7,'','','','F','','','','','','F','','KIT','T',''),(217,'1130100087','37830306','PFA COLLAGEN / ADP TEST - B417021','','\"{\rtf1ansiansicpg1252deff0defl','ST_HEMA','ST_HEMA','','','T','F','T','0','','\"{\rtf1ansiansicpg1252deff0defl','','1','KIT','KIT','KIT','0000-00-00 00:00:00',1,'0000-00-00 00:00:00',0,'T',6,'','','','F','','','','','','F','','KIT','T',''),(218,'1130100088','37830307','INNOVANCE PFA P2Y - B417022','','\"{\rtf1ansiansicpg1252deff0defl','ST_HEMA','','','','T','F','T','0','','\"{\rtf1ansiansicpg1252deff0defl','','1','KIT','KIT','KIT','0000-00-00 00:00:00',0,'0000-00-00 00:00:00',0,'T',5,'','','','F','','','','','','F','','KIT','T',''),(219,'1130100089','37830308','PFA TRIGGER SOL - B417050','','\"{\rtf1ansiansicpg1252deff0defl','ST_HEMA','ST_HEMA','','','T','F','T','0','','\"{\rtf1ansiansicpg1252deff0defl','','1','KIT','KIT','KIT','0000-00-00 00:00:00',1,'0000-00-00 00:00:00',0,'T',7,'','','','F','','','','','','F','','KIT','T',''),(220,'1130100090','37830309','PFA VACUUM TEST TUBE - B417075','','\"{\rtf1ansiansicpg1252deff0defl','ST_HEMA','SUPPLIES','','','T','F','T','0','','\"{\rtf1ansiansicpg1252deff0defl','','1','PAK','PAK','PAK','0000-00-00 00:00:00',1,'0000-00-00 00:00:00',0,'T',6,'','','','F','','','','','','F','','PAK','T',''),(221,'1130100091','37830310','PFA CLEANING PADS - B417073','','\"{\rtf1ansiansicpg1252deff0defl','ST_HEMA','ST_HEMA','','','T','F','T','0','','\"{\rtf1ansiansicpg1252deff0defl','','1','KIT','KIT','KIT','0000-00-00 00:00:00',1,'0000-00-00 00:00:00',0,'T',6,'','','','F','','','','','','F','','KIT','T',''),(222,'1130100092','37830311','XN CHECK ( L1 ) - BV661822','','\"{\rtf1ansiansicpg1252deff0defl','ST_HEMA','ST_HEMA','','','T','F','T','0','','\"{\rtf1ansiansicpg1252deff0defl','','1','VIAL','VIAL','VIAL','0000-00-00 00:00:00',1,'0000-00-00 00:00:00',0,'T',9,'','','','F','','','','','','F','','VIAL','T',''),(223,'1130100093','37830312','XN CHECK ( L2 ) - AK060533','','\"{\rtf1ansiansicpg1252deff0defl','ST_HEMA','ST_HEMA','','','T','F','T','0','','\"{\rtf1ansiansicpg1252deff0defl','','1','VIAL','VIAL','VIAL','0000-00-00 00:00:00',1,'0000-00-00 00:00:00',0,'T',8,'','','','F','','','','','','F','','VIAL','T',''),(224,'1130100094','37830313','XN CHECK ( L3 ) - BR875289','','\"{\rtf1ansiansicpg1252deff0defl','ST_HEMA','ST_HEMA','','','T','F','T','0','','\"{\rtf1ansiansicpg1252deff0defl','','1','VIAL','VIAL','VIAL','0000-00-00 00:00:00',1,'0000-00-00 00:00:00',0,'T',8,'','','','F','','','','','','F','','VIAL','T',''),(225,'1130100095','37830314','XN CHECK BF - BY698063','','\"{\rtf1ansiansicpg1252deff0defl','ST_HEMA','ST_HEMA','','','T','F','T','0','','\"{\rtf1ansiansicpg1252deff0defl','','1','KIT','KIT','KIT','0000-00-00 00:00:00',1,'0000-00-00 00:00:00',0,'T',7,'','','','F','','','','','','F','','KIT','T',''),(226,'1130100097','37830315','E - CHECK XT  ( KSO )','','','ST_HEMA','','','','T','F','T','0','','','','1','SET','SET','SET','0000-00-00 00:00:00',0,'0000-00-00 00:00:00',4,'T',8,'','T','','F','','','','','','F','T','SET','T',''),(227,'1130400248','37830316','COCAIN VICARE','','','ST_KR','','','','T','F','F','0','','','','1','TES','TES','TES','0000-00-00 00:00:00',0,'0000-00-00 00:00:00',4,'F',17,'','T','','F','','','','','','F','T','TES','T',''),(228,'1139900731','37830317','AZOMAX ( TISSUE DISINFECTAN ) ','','','ST_MIKRO','','','','T','F','T','0','','','','1','PAK','PAK','PAK','0000-00-00 00:00:00',0,'2044-10-05 00:00:00',0,'T',5,'','T','','F','','','','','','F','T','PAK','T',''),(229,'1130200095','37830318','MAGNESIUM LIQ ( WITH LCF ) MONO - HUMAN ( 10010 )','','','ST_KIMIA','ST_KIMIA','','','T','F','T','0','','','','2','KIT','KIT','KIT','0000-00-00 00:00:00',1,'0000-00-00 00:00:00',0,'T',19,'','T','','F','','','','','','F','T','KIT','T',''),(230,'1130100098','37830319','DADE INOVIN  ( B421240 ) -  SIEMENS','','','ST_HEMA','','','','T','F','T','0','','','','1','KIT','KIT','KIT','0000-00-00 00:00:00',1,'2050-02-07 00:00:00',0,'T',13,'','T','','F','','','','','','F','T','BOTOL','T',''),(231,'1130500134','37830320','BACT ALERT ®  PF PLUS REF 410853  -  10853 ( BIOMERIEUX ) - AEROBIC PEDIATRIC','','','ST_MIKRO','REAGEN','','','T','F','T','0','','','','1','BOTOL','BOX','BOTOL','0000-00-00 00:00:00',1,'0000-00-00 00:00:00',0,'T',11,'','T','','F','','','','','','F','T','BOTOL','T',''),(232,'1130200510','37830321','CC UIBC -  4P79.30','','','ST_KIMIA','','','','T','F','T','0','','','','1','KIT','KIT','KIT','0000-00-00 00:00:00',0,'0000-00-00 00:00:00',0,'T',5,'','T','','F','','','','','','F','T','KIT','T',''),(233,'1130200075','37830322','SODIUM ELEKTRODE COND.  - 3110362180','','','ST_CL','ST_KIMIA','','','T','F','T','0','','','','1','KIT','KIT','KIT','0000-00-00 00:00:00',0,'0000-00-00 00:00:00',0,'T',7,'','T','','F','','','','','','F','T','KIT','T',''),(234,'1130200513','37830323','DEPROTONEISER CIII - 20763071122','INTEGRA','','ST_KIMIA','','','','T','F','T','0','','','','1','VIAL','VIAL','VIAL','0000-00-00 00:00:00',0,'0000-00-00 00:00:00',0,'F',5,'','T','','F','','','','','','F','T','VIAL','T',''),(235,'1130400244','37830324','METAMPHETAMIN VICARE','','','ST_KR','','','','T','F','F','0','','','','1','PCS','PCS','PCS','0000-00-00 00:00:00',0,'0000-00-00 00:00:00',4,'F',25,'','T','','F','','','','','','F','T','PCS','T',''),(236,'1130400246','37830325','THC / CANNABINOID-  VICARE','','','ST_KR','ST_KIMIA','','','T','F','F','0','','','','1','PCS','PCS','PCS','0000-00-00 00:00:00',0,'0000-00-00 00:00:00',4,'F',14,'','T','','F','','','','','','F','T','PCS','T',''),(237,'1130400245','37830326','MORPHINE VICARE','','','ST_KR','','','','T','F','F','0','','','','1','TES','TES','TES','0000-00-00 00:00:00',0,'0000-00-00 00:00:00',4,'F',14,'','T','','F','','','','','','F','T','TES','T',''),(238,'1139900757','37830327','KOPI SACHET KEMASAN ISI 10','','','ST_RTU','KONSUMSI','','','T','F','T','0','','','','1','PAK','PAK','PAK','0000-00-00 00:00:00',1,'0000-00-00 00:00:00',0,'T',12,'','T','','F','','','','','','F','T','PAK','T',''),(239,'1130309240','37830328','ARCH FREE T4 RGT - 7K65.29','','','ST_IMUNO','','','','T','F','T','0','','','','1','KIT','KIT','KIT','0000-00-00 00:00:00',0,'0000-00-00 00:00:00',0,'T',7,'','T','','F','','','','','','F','T','KIT','T',''),(240,'1139900759','37830329','FORMULIR PENCATATAN TELEPON ( LOG TELEPON )','','','ST_CETAK','CETAKAN','','','T','F','T','0','','','','1','BUKU','BUKU','BUKU','0000-00-00 00:00:00',0,'0000-00-00 00:00:00',0,'T',5,'','T','','F','','','','','','F','T','BUKU','T',''),(241,'1139900758','37830330','FORMULIR LEMBUR PEGAWAI  ( 1/2 FOLIO )','','','ST_CETAK','CETAKAN','','','T','F','T','0','','','','1','BUKU','BUKU','BUKU','0000-00-00 00:00:00',0,'0000-00-00 00:00:00',0,'T',8,'','T','','F','','','','','','F','T','BUKU','T',''),(242,'1130200032','37830331','HYDRAGEL PROTEIN  (e)  K 20 - SEBHIA','','','ST_KIMIA','ST_KIMIA','','','T','F','T','0','','','','1','KIT','KIT','KIT','0000-00-00 00:00:00',0,'0000-00-00 00:00:00',0,'T',5,'','T','','F','','','','','','F','T','KIT','T',''),(243,'1130309238','37830332','AMH GEN II ELISA / 96 TEST KAT. A79765','BECKMAN COULTER','','ST_IMUNO','ST_IMMUN','','','T','F','T','0','','','','1','KIT','KIT','KIT','0000-00-00 00:00:00',0,'2007-08-08 00:00:00',0,'T',7,'','T','','F','','','','','','F','T','KIT','T',''),(244,'1130200515','37830333','CHOLINESTERASE FS 100 DIASYS','','','ST_KIMIA','','','','T','F','T','0','','','','1','KIT','KIT','KIT','0000-00-00 00:00:00',0,'0000-00-00 00:00:00',0,'T',4,'','T','','F','','','','','','F','T','KIT','T',''),(245,'1130500136','37830334','AZTREONAM ','','','ST_MIKRO','','','','T','F','T','0','','','','1','STRIP','STRIP','STRIP','0000-00-00 00:00:00',2,'2047-03-01 00:00:00',0,'T',6,'','T','','F','','','','','','F','T','STRIP','T',''),(246,'1139900736','37830335','KARTU NATAL & TAHUN BARU + AMPLOP','','','ST_RTU','CETAKAN','','','T','F','T','0','','','','1','SET','SET','SET','0000-00-00 00:00:00',0,'2036-11-08 00:00:00',0,'T',6,'','T','','F','','','','','','F','T','SET','T',''),(247,'1139900761','37830336','ORDNER BANTEX 1465 ( ORANGE )','','','ST_RTU','','','','T','F','T','0','','','','1','PCS','PCS','PCS','0000-00-00 00:00:00',0,'2008-03-00 00:00:00',0,'T',6,'','T','','F','','','','','','F','T','PCS','T',''),(248,'1130200516','37830337','ADV ALT/GPT - 10318168','','','ST_KIMIA','ST_KIMIA','','','T','F','T','0','','','','1','BOTOL','BOTOL','BOTOL','0000-00-00 00:00:00',1,'0000-00-00 00:00:00',0,'T',7,'','T','','F','','','','','','F','T','BOTOL','T',''),(249,'1130200517','37830338','ADV AST/GOT ASPARTATE AMINOTRANSFERASE - 103041132','','','ST_KIMIA','ST_KIMIA','','','T','F','T','0','','','','1','BOTOL','BOTOL','BOTOL','0000-00-00 00:00:00',1,'0000-00-00 00:00:00',0,'T',9,'','T','','F','','','','','','F','T','BOTOL','T',''),(250,'1130200518','37830339','ADV CHOL 2 - 10376501','','','ST_KIMIA','','','','T','F','T','0','','','','1','BOTOL','BOTOL','BOTOL','0000-00-00 00:00:00',1,'0000-00-00 00:00:00',0,'F',6,'','T','','F','','','','','','F','T','BOTOL','T',''),(251,'1130200519','37830340','ADV CUVETTE WASH - 10311853','','','ST_KIMIA','','','','T','F','T','0','','','','1','BOTOL','BOTOL','BOTOL','0000-00-00 00:00:00',1,'0000-00-00 00:00:00',0,'F',7,'','T','','F','','','','','','F','T','BOTOL','T',''),(252,'1130200520','37830341','ADV CUVETTE CONDT - 10311854','','','ST_KIMIA','','','','T','F','T','0','','','','1','BOTOL','BOTOL','BOTOL','0000-00-00 00:00:00',1,'0000-00-00 00:00:00',0,'F',7,'','T','','F','','','','','','F','T','BOTOL','T',''),(253,'1130200521','37830342','ADV URIC ACID - 10341133','','','ST_KIMIA','','','','T','F','T','0','','','','1','BOTOL','BOTOL','BOTOL','0000-00-00 00:00:00',0,'2030-04-01 00:00:00',0,'T',4,'','T','','F','','','','','','F','T','BOTOL','T',''),(254,'1130200522','37830343','ADV INCUBATION BATH OIL - 10311855','','','ST_KIMIA','','','','T','F','T','0','','','','1','BOTOL','BOTOL','BOTOL','0000-00-00 00:00:00',0,'0000-00-00 00:00:00',0,'T',4,'','T','','F','','','','','','F','T','BOTOL','T',''),(255,'1130200523','37830344','ADV CREATININE 2 - 10309050','','','ST_KIMIA','','','','T','F','T','0','','','','1','BOTOL','BOTOL','BOTOL','0000-00-00 00:00:00',1,'0000-00-00 00:00:00',0,'F',5,'','T','','F','','','','','','F','T','BOTOL','T',''),(256,'1130200524','37830345','ADV TOTAL BIL 2 40 ML - 10341115','','','ST_KIMIA','','','','T','F','T','0','','','','1','BOTOL','BOTOL','BOTOL','0000-00-00 00:00:00',0,'0000-00-00 00:00:00',0,'T',4,'','T','','F','','','','','','F','T','BOTOL','T',''),(257,'1130200525','37830346','ADV HDL/LDL CALIB - 10311918','','','ST_KIMIA','ST_KIMIA','','','T','F','T','0','','','','1','BOTOL','BOTOL','BOTOL','0000-00-00 00:00:00',0,'0000-00-00 00:00:00',0,'T',5,'','T','','F','','','','','','F','T','BOTOL','T',''),(258,'1130200526','37830347','ADV TRIG - 10311837','','','ST_KIMIA','','','','T','F','T','0','','','','1','BOTOL','BOTOL','BOTOL','0000-00-00 00:00:00',0,'0000-00-00 00:00:00',0,'T',4,'','T','','F','','','','','','F','T','BOTOL','T',''),(259,'1130200527','37830348','ADV GLUH 3 - 10335891','','','ST_KIMIA','','','','T','F','T','0','','','','1','BOTOL','BOTOL','BOTOL','0000-00-00 00:00:00',0,'0000-00-00 00:00:00',0,'T',4,'','T','','F','','','','','','F','T','BOTOL','T',''),(260,'1130200528','37830349','ADV DLDL - 10311891','','','ST_KIMIA','','','','T','F','T','0','','','','1','BOTOL','BOTOL','BOTOL','0000-00-00 00:00:00',1,'0000-00-00 00:00:00',0,'F',5,'','T','','F','','','','','','F','T','BOTOL','T',''),(261,'1130200529','37830350','ADV UREA NITROGEN - 10309051','','','ST_KIMIA','','','','T','F','T','0','','','','1','BOTOL','BOTOL','BOTOL','0000-00-00 00:00:00',0,'2039-04-02 00:00:00',0,'T',4,'','T','','F','','','','','','F','T','BOTOL','T',''),(262,'1130400247','37830351','OPIATE VICARE','','','ST_KR','','','','T','F','T','0','','','','1','TES','TES','TES','0000-00-00 00:00:00',0,'0000-00-00 00:00:00',4,'T',15,'','T','','F','','','','','','F','T','TES','T',''),(263,'1130309241','37830352','ARCH FREE T4 CALIB  - 7K65.02','GEN 2','','ST_IMUNO','','','','T','F','T','0','','','','1','KIT','KIT','KIT','0000-00-00 00:00:00',0,'0000-00-00 00:00:00',0,'T',3,'','T','','F','','','','','','F','T','KIT','T',''),(264,'1130200118','37830353','CC H2O / WATER BATH ADDITIVE - 9D29.20','ARCHITECH','','ST_KIMIA','ST_KIMIA','','','T','F','T','0','','','','1','KIT','KIT','BOTOL','0000-00-00 00:00:00',0,'0000-00-00 00:00:00',0,'T',10,'','T','','F','','','','','','F','T','BOTOL','T',''),(265,'1130200066','37830354','LP ( A ) LATEX SEKISHUI - 224386','','','ST_KIMIA','ST_KIMIA','','','T','F','T','0','','','','1','KIT','KIT','KIT','0000-00-00 00:00:00',0,'0000-00-00 00:00:00',0,'T',5,'','T','','F','','','','','','F','T','KIT','T',''),(266,'1130200530','37830355','ADV DIRECT HDL - 10309507','','','ST_KIMIA','ST_KIMIA','','','T','F','T','0','','','','1','BOTOL','BOTOL','BOTOL','0000-00-00 00:00:00',1,'0000-00-00 00:00:00',0,'F',6,'','T','','F','','','','','','F','T','BOTOL','T',''),(267,'1130200113','37830356','TOTAL LIPID  - MEGA','','','ST_KIMIA','ST_KIMIA','','','T','F','T','0','','','','1','KIT','KIT','KIT','0000-00-00 00:00:00',0,'0000-00-00 00:00:00',0,'T',6,'','T','','F','','','','','','F','T','KIT','T',''),(268,'1130700001','37830357','PAPER ECG NIHON FQW110-2-140','','\"{\rtf1ansiansicpg1252deff0defl','ST_EJPD','','','','T','F','T','0','','\"{\rtf1ansiansicpg1252deff0defl','','1','PAK','PAK','PAK','0000-00-00 00:00:00',0,'0000-00-00 00:00:00',0,'T',6,'','','','F','','','','','','F','','PAK','T',''),(269,'1130200548','37830358','HDL CHOLESTEROL PLUS THERMO  - 81823','','','ST_KIMIA','ST_KIMIA','','','T','F','T','0','','','','1','KIT','KIT','KIT','0000-00-00 00:00:00',0,'0000-00-00 00:00:00',0,'T',5,'','T','','F','','','','','','F','T','KIT','T',''),(270,'1130200549','37830359','LDL CHOLESTEROL THERMO - K1656','','','ST_KIMIA','','','','T','F','T','0','','','','1','KIT','KIT','KIT','0000-00-00 00:00:00',0,'0000-00-00 00:00:00',0,'T',4,'','T','','F','','','','','','F','T','KIT','T',''),(271,'1130200550','37830360','E CAL THERMO - 81830','','','ST_KIMIA','','','','T','F','T','0','','','','1','KIT','KIT','KIT','0000-00-00 00:00:00',0,'2049-00-01 00:00:00',0,'T',4,'','T','','F','','','','','','F','T','KIT','T',''),(272,'1130200551','37830361','S CAL THERMO - 81831','','','ST_KIMIA','','','','T','F','T','0','','','','1','KIT','KIT','KIT','0000-00-00 00:00:00',0,'0000-00-00 00:00:00',0,'T',4,'','T','','F','','','','','','F','T','KIT','T',''),(273,'1130200552','37830362','HDL / LDL CHOL. CALIBRATOR  THERMO - 81657 ','','','ST_KIMIA','ST_KIMIA','','','T','F','T','0','','','','1','KIT','KIT','KIT','0000-00-00 00:00:00',0,'0000-00-00 00:00:00',0,'T',7,'','T','','F','','','','','','F','T','KIT','T',''),(274,'1139900779','37830363','ID CARD PASIEN','','','ST_RTU','ST_PELAYANAN','','','T','F','T','0','','','','1','PCS','PCS','PCS','0000-00-00 00:00:00',0,'0000-00-00 00:00:00',0,'T',4,'','T','','F','','','','','','F','T','PCS','T',''),(275,'1139900780','37830364','RIBBON CANNON SELPHY','','','ST_RTU','ST_RADIO','','','T','F','T','0','','','','1','PAK','PAK','PAK','0000-00-00 00:00:00',0,'0000-00-00 00:00:00',0,'T',4,'','T','','F','','','','','','F','T','PAK','T',''),(276,'1139900782','37830365','BOLPEN MERAH','','','ST_RTU','ST_PELAYANAN','','','T','F','T','0','','','','1','PCS','PCS','PCS','0000-00-00 00:00:00',1,'0000-00-00 00:00:00',0,'T',5,'','T','','F','','','','','','F','T','PCS','T',''),(277,'1139900783','37830366','LABEL BULAT KECIL','','','ST_RTU','ST_PELAYANAN','','','T','F','T','0','','','','1','PAK','PAK','PAK','0000-00-00 00:00:00',0,'0000-00-00 00:00:00',0,'T',3,'','T','','F','','','','','','F','T','PAK','T',''),(278,'1139900784','37830367','KERTAS BUFALLO','','','ST_CETAK','ATK','','','T','F','T','0','','','','1','PAK','PAK','PAK','0000-00-00 00:00:00',0,'0000-00-00 00:00:00',0,'T',5,'','T','','F','','','','','','F','T','PAK','T',''),(279,'1139900795','37830368','BROSUR TLC','','','ST_RTU','CETAKAN','','','T','F','T','0','','','','1','LEMBAR','LEMBAR','LEMBAR','0000-00-00 00:00:00',0,'2046-01-02 00:00:00',0,'T',3,'','T','','F','','','','','','F','T','LEMBAR','T',''),(280,'1139900793','37830369','BINDER CLIP 200','','','ST_RTU','ATK','','','T','F','T','0','','','','1','PAK','PAK','PAK','0000-00-00 00:00:00',0,'0000-00-00 00:00:00',0,'T',3,'','T','','F','','','','','','F','T','PAK','T',''),(281,'1139900794','37830370','BROSUR TCD','','','ST_RTU','CETAKAN','','','T','F','T','0','','','','1','LEMBAR','LEMBAR','LEMBAR','0000-00-00 00:00:00',0,'2048-11-00 00:00:00',0,'T',3,'','T','','F','','','','','','F','T','LEMBAR','T',''),(282,'1139900796','37830371','SOUVENIR BANTAL KOTAK MERAH 40 X 30','','','ST_RTU','ST_PELAYANAN','','','T','F','T','0','','','','1','PCS','PCS','PCS','0000-00-00 00:00:00',0,'0000-00-00 00:00:00',0,'T',7,'','T','','F','','','','','','F','T','PCS','T',''),(283,'1130200554','37830372','GLUKOSA','','','ST_KIMIA','','','','T','F','F','0','','','','1','KIT','KIT','KIT','0000-00-00 00:00:00',0,'0000-00-00 00:00:00',0,'F',6,'','T','','F','','','','','','F','T','KIT','T',''),(284,'1139900797','37830373','RAPIKA BIANG 3 IN 1 ( REFILL ) ','','','ST_RTU','KONSUMSI','','','T','F','T','0','','','','1','PAK','PAK','PAK','0000-00-00 00:00:00',0,'0000-00-00 00:00:00',0,'T',3,'','T','','F','','','','','','F','T','PAK','T',''),(285,'1139900800','37830374','FORMULIR PEMERIKSAAN TLC','','','ST_CETAK','CETAKAN','','','T','F','T','0','','','','1','BUKU','BUKU','BUKU','0000-00-00 00:00:00',1,'0000-00-00 00:00:00',0,'T',6,'','T','','F','','','','','','F','T','BUKU','T',''),(286,'1139900801','37830375','GULAKU SACHET STIK 75 X 8 Gr','','','ST_RTU','KONSUMSI','','','T','F','T','0','','','','1','PAK','PAK','PAK','0000-00-00 00:00:00',1,'0000-00-00 00:00:00',0,'T',13,'','T','','F','','','','','','F','T','PAK','T',''),(287,'1139900802','37830376','GULA TROPICANA','','','ST_RTU','KONSUMSI','','','T','F','T','0','','','','1','PAK','PAK','PAK','0000-00-00 00:00:00',0,'2003-11-02 00:00:00',0,'T',7,'','T','','F','','','','','','F','T','PAK','T',''),(288,'1139900803','37830377','DOUBLE TAPE HIJAU ','','','ST_RTU','ST_ADMIN','','','T','F','T','0','','','','1','ROLL','ROLL','ROLL','0000-00-00 00:00:00',0,'2004-06-05 00:00:00',0,'T',4,'','T','','F','','','','','','F','T','ROLL','T',''),(289,'1130100035','37830378','SD MALARIA Ag P.f / P.V 25 T - 5FK80','','\"{\rtf1ansiansicpg1252deff0defl','ST_HEMA','ST_HEMA','','','T','F','T','0','','\"{\rtf1ansiansicpg1252deff0defl','','1','KIT','KIT','KIT','0000-00-00 00:00:00',1,'0000-00-00 00:00:00',0,'T',8,'','T','','F','','','','','','F','T','KIT','T',''),(290,'1139900728','37830379','TAS KAIN / SPUNBOND PRAMITA MERAH ( SEDANG )','','','ST_RTU','','','','T','F','T','0','','','','1','PCS','PCS','PCS','0000-00-00 00:00:00',1,'2057-05-04 00:00:00',0,'T',9,'','T','','F','','','','','','F','T','PCS','T',''),(291,'1130200046','37830380','CLEANING SOLUTION  91XX  (125 ml   ) - 3111555180','FOR AVL','','ST_KIMIA','ST_KIMIA','','','T','F','T','0','','','','1','KIT','KIT','KIT','0000-00-00 00:00:00',0,'2004-07-08 00:00:00',0,'T',6,'','T','','F','','','','','','F','T','KIT','T',''),(292,'1130500671','37830381','ICT URINE CALIBRATOR - 1E47.02','','','ST_KIMIA','ST_KIMIA','','','T','F','T','0','','','','1','KIT','KIT','KIT','0000-00-00 00:00:00',0,'0000-00-00 00:00:00',4,'T',2,'','T','','F','','','','','','F','T','KIT','T',''),(293,'11398000493','37830382','BULB SENSOR FOR ECG','','','ST_EJPD','ST_PELAYANAN','','','T','F','T','0','','','','1','SET','SET','SET','0000-00-00 00:00:00',1,'0000-00-00 00:00:00',0,'T',6,'','T','','F','','','','','','F','T','SET','T',''),(294,'1130309230','37830383','ROCHE CARDIAC D-DIMER COBAS h 232 - 4877802190','','','ST_IMUNO','ST_IMMUN','','','T','F','T','0','','','','1','KIT','KIT','KIT','0000-00-00 00:00:00',0,'0000-00-00 00:00:00',0,'T',7,'','T','','F','','','','','','F','T','KIT','T',''),(295,'1130200162','37830384','CC TOTAL PROTEIN - 7D73.21','','','ST_KIMIA','ST_KIMIA','','','T','F','T','0','','','','1','KIT','KIT','KIT','0000-00-00 00:00:00',0,'0000-00-00 00:00:00',0,'T',5,'','T','','F','','','','','','F','T','KIT','T',''),(296,'1139900785','37830385','KARTU KUNJUNGAN PASIEN','','','ST_CETAK','CETAKAN','','','T','F','F','0','','','','1','LEMBAR','LEMBAR','LEMBAR','0000-00-00 00:00:00',0,'0000-00-00 00:00:00',0,'T',3,'','T','','F','','','','','','F','T','LEMBAR','T',''),(297,'1139900787','37830386','PENGHARUM RUANGAN - MATIC','','','ST_RTU','KONSUMSI','','','T','F','T','0','','','','1','PCS','PCS','PCS','0000-00-00 00:00:00',1,'0000-00-00 00:00:00',0,'T',5,'','T','','F','','','','','','F','T','PCS','T',''),(298,'1139900788','37830387','PEMBERSIH LANTAI 4 LITER','','','ST_RTU','ST_UMUM','','','T','F','T','0','','','','1','BOTOL','BOTOL','BOTOL','0000-00-00 00:00:00',1,'0000-00-00 00:00:00',0,'F',7,'','T','','F','','','','','','F','T','BOTOL','T',''),(299,'1139900789','37830388','PEMBERSIH KACA','','','ST_RTU','KONSUMSI','','','T','F','T','0','','','','1','BOTOL','BOTOL','BOTOL','0000-00-00 00:00:00',0,'2047-08-05 00:00:00',0,'T',6,'','T','','F','','','','','','F','T','BOTOL','T',''),(300,'1139900791','37830389','OBAT NYAMUK ( SPRAY )','','','ST_RTU','ST_UMUM','','','T','F','T','0','','','','1','BOTOL','BOTOL','BOTOL','0000-00-00 00:00:00',1,'0000-00-00 00:00:00',0,'T',6,'','T','','F','','','','','','F','T','BOTOL','T',''),(301,'1139900792','37830390','STELLA ISI ULANG ( REFILL )','','','ST_RTU','KONSUMSI','','','T','F','T','0','','','','1','BOTOL','BOTOL','BOTOL','0000-00-00 00:00:00',0,'0000-00-00 00:00:00',0,'T',5,'','T','','F','','','','','','F','T','BOTOL','T',''),(302,'1139900772','37830391','VAGION ONE MED (  L )','','','ST_LK','SUPPLIES','','','T','F','T','0','','','','1','PCS','PCS','PCS','0000-00-00 00:00:00',0,'0000-00-00 00:00:00',0,'F',6,'','T','','F','','','','','','F','T','PCS','T',''),(303,'1139900773','37830392','SARUNG TANGAN ORANGE ','','','ST_RTU','SUPPLIES','','','T','F','F','0','','','','1','PCS','PCS','PCS','0000-00-00 00:00:00',0,'0000-00-00 00:00:00',0,'T',2,'','T','','F','','','','','','F','T','PCS','T',''),(304,'1139900804','37830393','KAPUR BARUS BALL ','','','ST_RTU','ST_UMUM','','','T','F','T','0','','','','1','PAK','PAK','PAK','0000-00-00 00:00:00',1,'0000-00-00 00:00:00',0,'T',7,'','T','','F','','','','','','F','T','PAK','T',''),(305,'1139900805','37830394','PEMBERSIH LANTAI HARPIC','','','ST_RTU','ST_UMUM','','','T','F','F','0','','','','1','BOTOL','BOTOL','BOTOL','0000-00-00 00:00:00',1,'2005-01-08 00:00:00',0,'F',4,'','T','','F','','','','','','F','T','BOTOL','T',''),(306,'1139900806','37830395','POS IT - 656 ( SEDANG )','','','ST_RTU','ATK','','','T','F','T','0','','','','1','PCS','PCS','PCS','0000-00-00 00:00:00',1,'2006-06-07 00:00:00',0,'T',6,'','T','','F','','','','','','F','T','PCS','T',''),(307,'1139900807','37830396','HIT ELEKTRIK ( ALAT )','','','ST_RTU','ST_UMUM','','','T','F','T','0','','','','1','PCS','PCS','PCS','0000-00-00 00:00:00',1,'0000-00-00 00:00:00',0,'T',7,'','T','','F','','','','','','F','T','PCS','T',''),(308,'1139900808','37830397','POS IT - 654 ( WARNA )','','','ST_RTU','ATK','','','T','F','T','0','','','','1','PCS','PCS','PCS','0000-00-00 00:00:00',1,'0000-00-00 00:00:00',0,'T',6,'','T','','F','','','','','','F','T','PCS','T',''),(309,'1139900809','37830398','CLIP NO.4 ( SEDANG )','','','ST_RTU','ST_ADMIN','','','T','F','T','0','','','','1','PAK','PAK','PAK','0000-00-00 00:00:00',0,'2008-01-01 00:00:00',0,'T',3,'','T','','F','','','','','','F','T','PAK','T',''),(310,'1139900810','37830399','PENGHARUM RUANGAN GANTUNG ','','','ST_RTU','KONSUMSI','','','T','F','T','0','','','','1','PCS','PCS','PCS','0000-00-00 00:00:00',1,'0000-00-00 00:00:00',0,'T',5,'','T','','F','','','','','','F','T','PCS','T',''),(311,'1139900811','37830400','TRAVO LAMPU BUNDAR','','','ST_RTU','S_PART','','','T','F','T','0','','','','1','PCS','PCS','PCS','0000-00-00 00:00:00',0,'2010-07-08 00:00:00',0,'T',6,'','T','','F','','','','','','F','T','PCS','T',''),(312,'1139900812','37830401','PLEDGE LIQUID  (  REFILL )  450 ml','','','ST_RTU','ST_UMUM','','','T','F','T','0','','','','1','POUCH','POUCH','POUCH','0000-00-00 00:00:00',0,'2011-08-00 00:00:00',0,'T',4,'','T','','F','','','','','','F','T','POUCH','T',''),(313,'1139900813','37830402','RIBON FAX FOR KX-FP711','','','ST_RTU','ST_ADMIN','','','T','F','T','0','','','','1','PCS','PCS','PCS','0000-00-00 00:00:00',0,'0000-00-00 00:00:00',0,'T',4,'','T','','F','','','','','','F','T','PCS','T',''),(314,'1139900814','37830403','TEH CELUP  ( DENGAN KEMASAN  ) ','','','ST_RTU','KONSUMSI','','','T','F','T','0','','','','1','PAK','PAK','PAK','0000-00-00 00:00:00',1,'2013-09-05 00:00:00',0,'T',12,'','T','','F','','','','','','F','T','PAK','T',''),(315,'1130309874','38289866','RF AIM  100 TEST','','','ST_IMUNO','ST_IMMUN','','','T','F','T','0','','','','1','KIT','KIT','KIT','0000-00-00 00:00:00',1,'0000-00-00 00:00:00',1,'T',2,'','T','','F','','','','','','F','T','KIT','T',''),(316,'1130309875','38486440','ELECSYS DILUENT MULTI ASSAY 45,2 ML  - 7299010190','','','ST_IMUNO','ST_IMMUN','','','T','F','T','0','','','','1','KIT','KIT','KIT','0000-00-00 00:00:00',1,'0000-00-00 00:00:00',1,'T',1,'','T','','F','','','','','','F','T','KIT','T',''),(317,'1139901807','39224008','CATRIDGE 107 A - ( COMPATIBLE ) ','','','ST_RTU','ST_UMUM','','','T','F','T','0','','','','1','PCS','PCS','PCS','0000-00-00 00:00:00',1,'0000-00-00 00:00:00',1,'T',1,'','T','','F','','','','','','F','T','PCS','T',''),(318,'1139902098','39883912','FORMULIR DENTAL LAB','','','ST_CETAK','CETAKAN','','','T','F','T','0','','','','1','BUKU','BUKU','BUKU','0000-00-00 00:00:00',1,'0000-00-00 00:00:00',1,'T',2,'','T','','F','','','','','','F','T','BUKU','T',''),(319,'1130400546','40210324','URINALYSIS REAGEN STRIP 10 PARAMETER - DUS 10 M 100 T - 3014','','','ST_ULFL ','ST_KIMIA','','','T','F','T','0','','','','1','TUBE','TUBE','TUBE','0000-00-00 00:00:00',1,'0000-00-00 00:00:00',1,'F',3,'','T','','F','','','','','','F','T','TUBE','T',''),(320,'1139902101','40268386','MAP TRANSPARAN + ACCO ( BUSSINES FILE ) - A4','','','ST_RTU','ST_ADMIN','','','T','F','T','0','','','','2','PCS','PCS','PCS','0000-00-00 00:00:00',1,'0000-00-00 00:00:00',1,'T',4,'','T','','F','','','','','','F','T','PCS','T',''),(321,'1130309957','41055829','KHB DIAGNOSTIC KIT FOR HIV ( 1 + 2 ) ANTIBODY COLLOIDAL GOLD V2 - KHB KH-R-02','','','ST_IMUNO','ST_IMMUN','','','T','F','T','0','','','','2','KIT','KIT','KIT','0000-00-00 00:00:00',1,'0000-00-00 00:00:00',1,'T',2,'','T','','F','','','','','','F','T','KIT','T',''),(322,'1130208971','41345994','ALINITY C AMYLASE 2  ( 4 X 160  T ) - 4T85.20','','','ST_KIMIA','ST_KIMIA','','','T','F','T','0','','','','2','KIT','KIT','KIT','0000-00-00 00:00:00',1,'0000-00-00 00:00:00',1,'T',3,'','T','','F','','','','','','F','T','KIT','T',''),(323,'1139902123','41516468','FORMULIR LEMBAR KERJA DOKTER RADIOLOGI','','','ST_CR','CETAKAN','','','T','F','T','0','','','','1','BUKU','BUKU','BUKU','0000-00-00 00:00:00',1,'0000-00-00 00:00:00',1,'T',2,'','T','','F','','','','','','F','T','BUKU','T',''),(324,'1130309973','41722542','ANTI HELICOBACTER PYLORI IgG - ALEGRIA ( ORG917G )','','','ST_IMUNO','ST_IMMUN','','','T','F','T','0','','','','2','KIT','KIT','KIT','0000-00-00 00:00:00',1,'0000-00-00 00:00:00',1,'T',2,'','T','','F','','','','','','F','T','KIT','T',''),(325,'1139902133','41772156','FORMULIR PERSETUJUAN PENGIRIMAN  HASIL MELALUI EMAIL','','','ST_CETAK','CETAKAN','','','T','F','T','0','','','','2','BUKU','BUKU','BUKU','0000-00-00 00:00:00',11,'0000-00-00 00:00:00',1,'T',4,'','T','','F','','','','','','F','T','BUKU','T',''),(326,'1130309988','42452615','ELECSYS PRO CELL M  2 X 2L - 4880340190','','','ST_IMUNO','ST_IMMUN','','','T','F','T','0','','','','1','BOTOL','BOX','BOTOL','0000-00-00 00:00:00',1,'0000-00-00 00:00:00',1,'T',2,'','T','','F','','','','','','F','T','BOTOL','T',''),(327,'1139800996','42452780','MOUTHPECE AUTOSPIROMETRY DIAMETER 2,7 CM  100 PCS / BOX','','','ST_CE','SUPPLIES','','','T','F','T','0','','','','1','BOX','BOX','BOX','0000-00-00 00:00:00',1,'0000-00-00 00:00:00',1,'T',1,'','T','','F','','','','','','F','T','BOX','T',''),(328,'1139800997','42453087','MOUTHPECE AUTOSPIROMETRY DIAMETER 2,8 CM  100 PCS / BOX','','','ST_CE','SUPPLIES','','','T','F','T','0','','','','1','BOX','BOX','BOX','0000-00-00 00:00:00',1,'0000-00-00 00:00:00',1,'T',2,'','T','','F','','','','','','F','T','BOX','T',''),(329,'113980100','42728671','TUBE VAC 4 ML Z NO ADD 13 X 75 WH-BLK PREM ( 454001 )','','','ST_LK','SUPPLIES','','','T','F','F','0','','','','1','PCS','BOX','PCS','0000-00-00 00:00:00',1,'0000-00-00 00:00:00',1,'T',1,'','T','','F','','','','','','F','T','PCS','T',''),(330,'1130209011','42728673','BC 4 ( ELECTROLYTE ) - Na,K,Cl,Ca, Hct - 25 TEST / KIT  - EDAN ','','','ST_KIMIA','ST_KIMIA','','','T','F','T','0','','','','1','KIT','KIT','KIT','0000-00-00 00:00:00',1,'0000-00-00 00:00:00',1,'T',1,'','T','','F','','','','','','F','T','KIT','T',''),(331,'1130209012','42728686','CP 100 ( CALIBRANT ) 100 T / KIT - EDAN','','','ST_KIMIA','ST_KIMIA','','','T','F','T','0','','','','1','KIT','KIT','KIT','0000-00-00 00:00:00',1,'0000-00-00 00:00:00',1,'T',1,'','T','','F','','','','','','F','T','KIT','T',''),(332,'1130209013','42728690','CONTROL LEVEL 1 - 5 VIAL / 500 - EDAN','','','ST_KIMIA','ST_KIMIA','','','T','F','T','0','','','','1','KIT','KIT','KIT','0000-00-00 00:00:00',1,'0000-00-00 00:00:00',1,'T',3,'','T','','F','','','','','','F','T','KIT','T',''),(333,'1130209014','42728692','ALKALINE PHOSPATASE FS IFCC C104419910921 - PROLINE','','','ST_KIMIA','ST_KIMIA','','','T','F','T','0','','','','1','KIT','KIT','KIT','0000-00-00 00:00:00',1,'0000-00-00 00:00:00',1,'T',3,'','T','','F','','','','','','F','T','KIT','T',''),(334,'1130209015','42728704','BILLIRUBIN AUTO TOTAL FS 108119910921 - PROLINE','','','ST_KIMIA','ST_KIMIA','','','T','F','T','0','','','','1','KIT','KIT','KIT','0000-00-00 00:00:00',1,'0000-00-00 00:00:00',1,'T',1,'','T','','F','','','','','','F','T','KIT','T',''),(335,'1130209016','42728711','BILLIRUBIN AUTO DIRECT FS 108219910921 - PROLINE','','','ST_KIMIA','ST_KIMIA','','','T','F','T','0','','','','1','KIT','KIT','KIT','0000-00-00 00:00:00',1,'0000-00-00 00:00:00',1,'T',1,'','T','','F','','','','','','F','T','KIT','T',''),(336,'1139902170','42793185','REFILL TONER LASER JET WARNA HP PRO 200','','','ST_RTU','ST_UMUM','','','T','F','T','0','','','','1','UNIT','UNIT','UNIT','0000-00-00 00:00:00',1,'2030-12-05 00:00:00',1,'T',1,'','T','','F','','','','','','F','T','UNIT','T',''),(337,'1139800914','38598960','TUBE VACUTAINER EDTA 3 ML - GP  ( REF. GP 030EK3 )','','','ST_CL','SUPPLIES','','','T','F','T','0','','','','1','PCS','PCS','PCS','0000-00-00 00:00:00',1,'2010-06-07 00:00:00',1,'T',5,'','T','','F','','','','','','F','T','PCS','T',''),(338,'1130208921','39083782','CC CHOLINESTERASE ( 1254 T ) - 6K24.30','','','ST_KIMIA','ST_KIMIA','','','T','F','T','0','','','','2','KIT','KIT','KIT','0000-00-00 00:00:00',1,'2047-04-08 00:00:00',1,'T',4,'','T','','F','','','','','','F','T','KIT','T',''),(339,'1130309888','39136926','PROTEIN CONTROL  MISPA i3 ( 1 X 1 ML ) ','','','ST_IMUNO','ST_IMMUN','','','T','F','T','0','','','','2','VIAL','VIAL','VIAL','0000-00-00 00:00:00',1,'0000-00-00 00:00:00',1,'T',3,'','T','','F','','','','','','F','T','VIAL','T',''),(340,'1139902068','39139999','TEH LEMON MAXTEA','','','ST_RTU','KONSUMSI','','','T','F','T','0','','','','1','PCS','PCS','PCS','0000-00-00 00:00:00',1,'0000-00-00 00:00:00',1,'T',5,'','T','','F','','','','','','F','T','PCS','T',''),(341,'1130400538','39140079','EOSIN 0,5% - 250 ML','','','ST_ULFL ','ST_KIMIA','','','T','F','T','0','','','','2','BOTOL','BOTOL','BOTOL','0000-00-00 00:00:00',1,'0000-00-00 00:00:00',1,'T',3,'','T','','F','','','','','','F','T','BOTOL','T',''),(342,'1139902080','39399171','PELICIN & PEWANGI PAKAIAN SPRAY ','','','ST_RTU','ST_UMUM','','','T','F','T','0','','','','1','BOTOL','BOTOL','BOTOL','0000-00-00 00:00:00',1,'0000-00-00 00:00:00',1,'T',4,'','T','','F','','','','','','F','T','BOTOL','T',''),(343,'1130309919','39738363','HIV -1/2 3.0 ( MULTI )  - SD BIOLINE ( 03FK11 )  100 TEST / KIT','','','ST_IMUNO','ST_IMMUN','','','T','F','T','0','','','','2','TEST','KIT','TEST','0000-00-00 00:00:00',1,'0000-00-00 00:00:00',1,'T',4,'','T','','F','','','','','','F','T','TEST','T',''),(344,'1130208945','39738388','COBAS  LP ( A ) GEN. 2 150 TEST - 5852625190','','','ST_KIMIA','ST_KIMIA','','','T','F','T','0','','','','1','KIT','KIT','KIT','0000-00-00 00:00:00',1,'0000-00-00 00:00:00',1,'T',2,'','T','','F','','','','','','F','T','KIT','T',''),(345,'1130208946','39738410','COBAS PRECI SET LP ( A ) GEN 2 5 X 1 ML - 5852641190','','','ST_KIMIA','ST_KIMIA','','','T','F','T','0','','','','2','KIT','KIT','KIT','0000-00-00 00:00:00',1,'0000-00-00 00:00:00',1,'T',2,'','T','','F','','','','','','F','T','KIT','T',''),(346,'1130208947','39738426','COBAS PRECICONTROL LP ( A ) GEN 2 - 5852650190','','','ST_KIMIA','ST_KIMIA','','','T','F','T','0','','','','2','KIT','KIT','KIT','0000-00-00 00:00:00',1,'0000-00-00 00:00:00',1,'T',3,'','T','','F','','','','','','F','T','KIT','T',''),(347,'1130500832','39973645','BRILLIANCE SALMONELLA AGAR BASE  500 Gr - OXOID ( CM 1092 B )','','','ST_MIKRO','REAGEN','','','T','F','T','0','','','','2','BOTOL','BOTOL','BOTOL','0000-00-00 00:00:00',1,'0000-00-00 00:00:00',1,'T',2,'','T','','F','','','','','','F','T','BOTOL','T',''),(348,'1130208951','40107099','ISE PRINTER MODULE , EA - 4430174001','','','ST_KIMIA','ST_KIMIA','','','T','F','T','0','','','','2','BOX','BOX','BOX','0000-00-00 00:00:00',1,'2001-02-07 00:00:00',1,'T',2,'','T','','F','','','','','','F','T','BOX','T',''),(349,'1139800956','40611712','CRYO TUBE 5,0 ML','','','ST_CL','SUPPLIES','','','T','F','T','0','','','','1','PCS','PCS','PCS','0000-00-00 00:00:00',1,'0000-00-00 00:00:00',1,'T',2,'','T','','F','','','','','','F','T','PCS','T',''),(350,'1139800957','40611767','CRYO TUBE 1,8 ML','','','ST_CL','SUPPLIES','','','T','F','T','0','','','','1','PCS','PCS','PCS','0000-00-00 00:00:00',1,'0000-00-00 00:00:00',1,'T',2,'','T','','F','','','','','','F','T','PCS','T',''),(351,'1139800958','40611772','COLOR SCALE TUBEX ( MAGNET TUBE ) ','','','ST_IMUNO','ST_IMMUN','','','T','F','T','0','','','','1','PCS','PCS','PCS','0000-00-00 00:00:00',1,'0000-00-00 00:00:00',1,'T',2,'','T','','F','','','','','','F','T','PCS','T',''),(352,'1130500836','40611989','AGAR SALMONELLA SHIGELA ( SS )  MDP 04 - 502110441','','','ST_MIKRO','REAGEN','','','T','F','T','0','','','','2','PLATE','PLATE','PLATE','0000-00-00 00:00:00',1,'0000-00-00 00:00:00',1,'T',1,'','T','','F','','','','','','F','T','PLATE','T',''),(353,'1130500837','40612009','THIOGLYCOLAT ( SCREW CUP ) MDT 19 - 502110440','','','ST_MIKRO','REAGEN','','','T','F','T','0','','','','2','VIAL','VIAL','VIAL','0000-00-00 00:00:00',1,'0000-00-00 00:00:00',1,'T',3,'','T','','F','','','','','','F','T','VIAL','T',''),(354,'1130400533','38308517','DOA  / MULTIDRUG TES NARKOBA 7 IN 1  ( 7 PARAMETER )','AMP - MOP - THC - MET - BZO - COC - K2','','ST_ULFL ','SUPPLIES','','','T','F','T','0','','','','1','TEST','TEST','TEST','0000-00-00 00:00:00',1,'0000-00-00 00:00:00',1,'T',3,'','T','','F','','','','','','F','T','TEST','T',''),(355,'1130309913','39547696','CRP 4 500 T  COBAS C PRACK GREEN - 8057591190','','','ST_IMUNO','ST_IMMUN','','','T','F','T','0','','','','2','KIT','KIT','KIT','0000-00-00 00:00:00',1,'0000-00-00 00:00:00',1,'T',2,'','T','','F','','','','','','F','T','KIT','T',''),(356,'1139902090','39583070','HANDUK  ( 70 X 140 )','','','ST_UMUM','ST_UMUM','','','T','F','T','0','','','','1','PCS','PCS','PCS','0000-00-00 00:00:00',1,'0000-00-00 00:00:00',1,'T',2,'','T','','F','','','','','','F','T','PCS','T',''),(357,'1130309926','39962146','ELECSYS TOTAL PSA COBAS E 100 V3 - 8791686190','','','ST_IMUNO','ST_IMMUN','','','T','F','T','0','','','','2','KIT','KIT','KIT','0000-00-00 00:00:00',1,'0000-00-00 00:00:00',1,'T',1,'','T','','F','','','','','','F','T','KIT','T',''),(358,'1130309927','39962149','ELECSYS TOTAL PSA CALSET G2 V3 - 8838534190','','','ST_IMUNO','ST_IMMUN','','','T','F','T','0','','','','2','KIT','KIT','KIT','0000-00-00 00:00:00',1,'0000-00-00 00:00:00',1,'T',3,'','T','','F','','','','','','F','T','KIT','T',''),(359,'1139902099','39991716','BROSUR PROLANIS','','','ST_CETAK','CETAKAN','','','T','F','T','0','','','','2','LEMBAR','LEMBAR','LEMBAR','0000-00-00 00:00:00',1,'0000-00-00 00:00:00',1,'T',3,'','T','','F','','','','','','F','T','LEMBAR','T',''),(360,'1130600061','39991754','FILM DI - HT 26 X 36','','','ST_FK','ST_RADIO','','','T','F','T','0','','','','2','LEMBAR','LEMBAR','LEMBAR','0000-00-00 00:00:00',1,'0000-00-00 00:00:00',1,'T',3,'','T','','F','','','','','','F','T','LEMBAR','T',''),(361,'1130309929','40270687','ELECSYS ANTI TSHR COBAS E 100 V2 - 8496609190','','','ST_IMUNO','ST_IMMUN','','','T','F','T','0','','','','2','KIT','KIT','KIT','0000-00-00 00:00:00',1,'0000-00-00 00:00:00',1,'T',3,'','T','','F','','','','','','F','T','KIT','T',''),(362,'1139902175','42810611','HAND SANITIZER - 1 LITER','','','ST_RTU','SUPPLIES','','','T','F','T','0','','','','1','BOTOL','BOTOL','BOTOL','0000-00-00 00:00:00',1,'0000-00-00 00:00:00',1,'T',2,'','T','','F','','','','','','F','T','BOTOL','T',''),(363,'1139902186','43010950','BATERAI CELL LITHIUM  CR 2032 - 3V','','','ST_RTU','ST_UMUM','','','T','F','T','0','','','','1','PCS','PCS','PCS','0000-00-00 00:00:00',1,'2049-09-08 00:00:00',1,'T',1,'','T','','F','','','','','','F','T','PCS','T',''),(364,'1139801008','43380050','TABUNG REAKSI PLASTIK - 13 X 75','','','ST_SUPPL','SUPPLIES','','','T','F','T','0','','','','1','PCS','PCS','PCS','0000-00-00 00:00:00',1,'0000-00-00 00:00:00',1,'T',6,'','T','','F','','','','','','F','T','PCS','T',''),(365,'1139801011','43751556','AQUADEST PELARUT 1000 ML','','','ST_SUPPL','SUPPLIES','','','T','F','T','0','','','','1','BOTOL','BOTOL','BOTOL','0000-00-00 00:00:00',1,'2014-01-03 00:00:00',1,'T',1,'','T','','F','','','','','','F','T','BOTOL','T',''),(366,'1130500857','43751783','NA OH 4%','','','ST_MIKRO','REAGEN','','','T','F','T','0','','','','1','BOTOL','BOTOL','BOTOL','0000-00-00 00:00:00',1,'2029-10-08 00:00:00',1,'T',2,'','T','','F','','','','','','F','T','BOTOL','T',''),(367,'1130310027','43842899','ELECSYS FREE T4 G4 COBAS E 200 - 9043276190','','','ST_IMUNO','ST_IMMUN','','','T','F','T','0','','','','1','KIT','KIT','KIT','0000-00-00 00:00:00',1,'0000-00-00 00:00:00',1,'T',1,'','T','','F','','','','','','F','T','KIT','T',''),(368,'1130310028','43842935','ELECSYS TSH CS V3 - 8443459190','','','ST_IMUNO','ST_IMMUN','','','T','F','T','0','','','','1','KIT','KIT','KIT','0000-00-00 00:00:00',1,'2016-12-08 00:00:00',1,'T',2,'','T','','F','','','','','','F','T','KIT','T',''),(369,'1130500861','43892884','ECOTRU ™  EXTRA - 100 GR','FOOD ADAR, FATS, OIL  & GREASE CONTROL ','','ST_RTU','ST_UMUM','','','T','F','T','0','','','','1','PACK','PACK','PACK','0000-00-00 00:00:00',1,'0000-00-00 00:00:00',1,'T',2,'','T','','F','','','','','','F','T','PACK','T',''),(370,'1139902216','43921950','SUSU ULTRA UHT - STRAWBERRY  ( 200 ML)','','','ST_RTU','KONSUMSI','','','T','F','T','0','','','','1','PCS','KARTON','PCS','0000-00-00 00:00:00',1,'2057-07-05 00:00:00',1,'T',3,'','T','','F','','','','','','F','T','PCS','T',''),(371,'1139902217','43921981','SUSU ULTRA UHT - TARO  ( 200 ML)','','','ST_RTU','KONSUMSI','','','T','F','T','0','','','','1','PCS','KARTON','PCS','0000-00-00 00:00:00',1,'0000-00-00 00:00:00',1,'T',2,'','T','','F','','','','','','F','T','PCS','T',''),(372,'1130208899','38293422','ARCH CC CKMB REAGENT - 6K25.30','','','ST_KIMIA','ST_KIMIA','','','T','F','T','0','','','','1','KIT','KIT','KIT','0000-00-00 00:00:00',1,'0000-00-00 00:00:00',1,'T',1,'','T','','F','','','','','','F','T','KIT','T',''),(373,'1130208900','38293439','ARCH CC CKMB CTRL 1 - 6K25.20','','','ST_KIMIA','ST_KIMIA','','','T','F','T','0','','','','1','KIT','KIT','KIT','0000-00-00 00:00:00',0,'0000-00-00 00:00:00',1,'T',3,'','T','','F','','','','','','F','T','KIT','T',''),(374,'1139800941','39748774','NEEDLE / JARUM SURFLO  - INFLO 20 G X 32 MM ONE MED ( INFLO120 )','','','ST_CLK','SUPPLIES','','','T','F','T','0','','','','1','PCS','PCS','PCS','0000-00-00 00:00:00',1,'0000-00-00 00:00:00',1,'T',5,'','T','','F','','','','','','F','T','PCS','T',''),(375,'1139902097','39833943','FORMULIR SURAT KETERANGAN SEHAT','','','ST_CETAK','ST_UMUM','','','T','F','T','0','','','','1','BUKU','BUKU','BUKU','0000-00-00 00:00:00',1,'0000-00-00 00:00:00',1,'T',2,'','T','','F','','','','','','F','T','BUKU','T',''),(376,'1130309928','40017962','ENZYME IMMUNOASSAY FOR THE QUANTITATIVE DETERMINATION OF LEPTIN ELISA - DEMEDITEC','','','ST_IMUNO','ST_IMMUN','','','T','F','T','0','','','','2','KIT','KIT','KIT','0000-00-00 00:00:00',1,'0000-00-00 00:00:00',1,'T',2,'','T','','F','','','','','','F','T','KIT','T',''),(377,'1139800947','40362579','TUBE VACUETTE 2 ML K3 EDTA 13 X 75 LAV / NON RIDGED- 454222','','','ST_LK','SUPPLIES','','','T','F','T','0','','','','2','PCS','BOX','PCS','0000-00-00 00:00:00',0,'0000-00-00 00:00:00',1,'T',2,'','T','','F','','','','','','F','T','PCS','T',''),(378,'1139902108','40544450','GELAS KERTAS / PAPER CUP - 8 OZ ( PRAMITA )','','','ST_RTU','SUPPLIES','','','T','F','T','0','','','','1','SLOP','SLOP','SLOP','0000-00-00 00:00:00',1,'0000-00-00 00:00:00',1,'T',2,'','T','','F','','','','','','F','T','SLOP','T',''),(379,'1139902112','40674709','BROSUR MEDICAL CHECK UP PAKET PRA NIKAH','','','ST_CETAK','SUPPLIES','','','T','F','T','0','','','','2','LEMBAR','LEMBAR','LEMBAR','0000-00-00 00:00:00',1,'2050-02-08 00:00:00',1,'T',2,'','T','','F','','','','','','F','T','LEMBAR','T',''),(380,'1139800962','40689833','MINI COLLECTOR ® 0,25 / 0,5 ml K3E K3 EDTA LAV - 450530','','','ST_LK','SUPPLIES','','','T','F','T','0','','','','2','PCS','BOX','PCS','0000-00-00 00:00:00',1,'0000-00-00 00:00:00',1,'T',2,'','T','','F','','','','','','F','T','PCS','T',''),(381,'1139800963','40689968','MINI COLLECTOR ® 0,5 / 1 ml CAT Ser CA-RED  - 450534','','','ST_LK','SUPPLIES','','','T','F','T','0','','','','2','PCS','BOX','PCS','0000-00-00 00:00:00',1,'0000-00-00 00:00:00',1,'T',2,'','T','','F','','','','','','F','T','PCS','T',''),(382,'1130309945','40714802','ELECSYS AMH PLUS - 8819061190','','','ST_IMUNO','ST_IMMUN','','','T','F','T','0','','','','1','KIT','KIT','KIT','0000-00-00 00:00:00',1,'0000-00-00 00:00:00',1,'T',3,'','T','','F','','','','','','F','T','KIT','T',''),(383,'1139800966','40714849','MEDIA AMIES CITO TEST ( 2120 - 0026 )','','','ST_MIKRO','SUPPLIES','','','T','F','T','0','','','','1','PCS','PCS','PCS','0000-00-00 00:00:00',1,'0000-00-00 00:00:00',1,'T',3,'','T','','F','','','','','','F','T','PCS','T',''),(384,'1139800967','40777382','COVER GLASS 20 X 20 ( 50 )','','','ST_ULFL ','SUPPLIES','','','T','F','T','0','','','','1','PAK','PAK','PAK','0000-00-00 00:00:00',1,'0000-00-00 00:00:00',1,'T',2,'','T','','F','','','','','','F','T','PAK','T',''),(385,'1130500855','42773254','CLED AGAR - MILLIPORE ( CAT .55420 ) 500 GR','','','ST_MIKRO','REAGEN','','','T','F','T','0','','','','1','BOTOL','BOTOL','BOTOL','0000-00-00 00:00:00',1,'0000-00-00 00:00:00',1,'T',2,'','T','','F','','','','','','F','T','BOTOL','T',''),(386,'1139902169','42776019','TELUR AYAM','','','ST_RTU','SUPPLIES','','','T','F','T','0','','','','1','BUTIR','BUTIR','BUTIR','0000-00-00 00:00:00',1,'2021-06-03 00:00:00',1,'T',2,'','T','','F','','','','','','F','T','BUTIR','T',''),(387,'1139902049','38534546','KANTONG PLASTIK KUNING BIOHAZARD 50 X 80 X 0.5','','','ST_RTU','ST_UMUM','','','T','F','T','0','','','','1','LEMBAR','LEMBAR','LEMBAR','0000-00-00 00:00:00',1,'0000-00-00 00:00:00',1,'T',3,'','T','','F','','','','','','F','T','LEMBAR','T',''),(388,'1139902085','39494186','LAMPU DOWNLIGHT LED 18 WATT - PUTIH','','','ST_RTU','SUPPLIES','','','T','F','T','0','','','','1','PCS','PCS','PCS','0000-00-00 00:00:00',1,'0000-00-00 00:00:00',1,'T',2,'','T','','F','','','','','','F','T','PCS','T',''),(389,'1139800940','39637209','TUBE VAC 5 ML Z SER SEP C/A PREM RED / Y 13 X 100 50 PCS - 456071','','','ST_LK','SUPPLIES','','','T','F','T','0','','','','1','PCS','PCS','PCS','0000-00-00 00:00:00',1,'0000-00-00 00:00:00',1,'T',4,'','T','','F','','','','','','F','T','PCS','T',''),(390,'1130500831','39970599','BACTEC PLUS AEROBIC / F CULTURE VIALS - BD ( PLASTIC ) - 442023','','','ST_MIKRO','REAGEN','','','T','F','T','0','','','','1','BOTOL','BOTOL','BOTOL','0000-00-00 00:00:00',1,'0000-00-00 00:00:00',1,'T',2,'','T','','F','','','','','','F','T','BOTOL','T',''),(391,'1130400549','40795714','STONE ANALYISIS SET CHEMICAL QUALITATIVE METHOD BIOLABO - 52315','','','ST_KIMIA','ST_KIMIA','','','T','F','T','0','','','','2','KIT','KIT','KIT','0000-00-00 00:00:00',1,'0000-00-00 00:00:00',1,'T',6,'','T','','F','','','','','','F','T','KIT','T',''),(392,'1130500840','40817355','MAYER`S HEMATOXYLIN ( LILIES MODIFICATION )  SCY TEK - 1000 ML','','','ST_MIKRO','SUPPLIES','','','T','F','T','0','','','','1','BOTOL','BOTOL','BOTOL','0000-00-00 00:00:00',1,'0000-00-00 00:00:00',1,'T',2,'','T','','F','','','','','','F','T','BOTOL','T',''),(393,'1130400550','40964531','ASAM ASETAT 6% - 100 ML','','','ST_KIMIA','ST_KIMIA','','','T','F','T','0','','','','2','BOTOL','BOTOL','BOTOL','0000-00-00 00:00:00',1,'0000-00-00 00:00:00',1,'T',3,'','T','','F','','','','','','F','T','BOTOL','T',''),(394,'1130400551','40964562','EOSINE 2 % 50 ML','','','ST_KR','','','','T','F','T','0','','','','2','BOTOL','BOTOL','BOTOL','0000-00-00 00:00:00',1,'2055-11-09 00:00:00',1,'T',2,'','T','','F','','','','','','F','T','BOTOL','T',''),(395,'1130309955','41010797','ARCH ANTI HCV CALIB. - 6C37.02','','','ST_IMUNO','ST_IMMUN','','','T','F','T','0','','','','2','KIT','KIT','KIT','0000-00-00 00:00:00',1,'0000-00-00 00:00:00',1,'T',2,'','T','','F','','','','','','F','T','KIT','T',''),(396,'1139801002','42937025','TUBE NAF / GLUCOSE ENDO - 3 ML ','','','ST_CL','SUPPLIES','','','T','F','T','0','','','','1','PCS','BOX','PCS','0000-00-00 00:00:00',2,'0000-00-00 00:00:00',1,'T',4,'','T','','F','','','','','','F','T','PCS','T',''),(397,'1139801003','42939711','ASEPTIC PLUS ONE MED 500 ML','','','ST_CL','SUPPLIES','','','T','F','T','0','','','','1','BOTOL','BOTOL','BOTOL','0000-00-00 00:00:00',1,'2012-02-02 00:00:00',1,'T',2,'','T','','F','','','','','','F','T','BOTOL','T',''),(398,'1139902183','42994419','STEMPEL TRODAT 4913','','','ST_RTU','ATK','','','T','F','T','0','','','','1','PCS','PCS','PCS','0000-00-00 00:00:00',1,'0000-00-00 00:00:00',1,'T',1,'','T','','F','','','','','','F','T','PCS','T',''),(399,'1139902184','42994489','TINTA STEMPEL TRODAT - DEEP ORANGE','','','ST_RTU','ATK','','','T','F','T','0','','','','1','PCS','PCS','PCS','0000-00-00 00:00:00',1,'0000-00-00 00:00:00',1,'T',5,'','T','','F','','','','','','F','T','PCS','T',''),(400,'1130600066','43030952','DULCOLAX TABLET 5 mg ( BISACODYL )','','','ST_CR','ST_RADIO','','','T','F','T','0','','','','1','TABLET','TABLET','TABLET','0000-00-00 00:00:00',1,'0000-00-00 00:00:00',1,'T',2,'','T','','F','','','','','','F','T','TABLET','T',''),(401,'1130309885','39112458','ASO MISPA i3  - 52014004 ( 30 TEST )','','','ST_IMUNO','ST_IMMUN','','','T','F','T','0','','','','1','KIT','KIT','KIT','0000-00-00 00:00:00',1,'0000-00-00 00:00:00',1,'T',2,'','T','','F','','','','','','F','T','KIT','T',''),(402,'1130309886','39112483','RF MISPA i3 - 52014010 ( 30 TEST )','','','ST_IMUNO','ST_IMMUN','','','T','F','T','0','','','','2','KIT','KIT','KIT','0000-00-00 00:00:00',1,'0000-00-00 00:00:00',1,'T',3,'','T','','F','','','','','','F','T','KIT','T',''),(403,'1139902072','39202001','PLASTIK MIKA LAMINATING ','','','ST_RTU','ST_UMUM','','','T','F','T','0','','','','1','LEMBAR','LEMBAR','LEMBAR','0000-00-00 00:00:00',1,'0000-00-00 00:00:00',1,'T',2,'','T','','F','','','','','','F','T','LEMBAR','T',''),(404,'1139902074','39253638','TEH KOTAK RASA LEMON  300 ML','','','ST_RTU','KONSUMSI','','','T','F','T','0','','','','1','PCS','PCS','PCS','0000-00-00 00:00:00',1,'0000-00-00 00:00:00',1,'T',4,'','T','','F','','','','','','F','T','PCS','T',''),(405,'1139800923','39253668','AERO LAMP - 9D45.03','','','ST_CL','ST_KIMIA','','','T','F','T','0','','','','1','PCS','PCS','PCS','0000-00-00 00:00:00',0,'0000-00-00 00:00:00',1,'T',3,'','T','','F','','','','','','F','T','PCS','T',''),(406,'1130208922','39253865','ALINITY URIC ACID - 4U09.20','TDK DIPAKAI - DOBEL KODE','','ST_KIMIA','ST_KIMIA','','','T','F','T','0','','','','2','KIT','KIT','KIT','0000-00-00 00:00:00',1,'0000-00-00 00:00:00',1,'F',4,'','T','','F','','','','','','F','T','KIT','T',''),(407,'1130309889','39263369','ARCHITECT HOMOCYSTEINE 100 T  ( 1L71.27 )','','','ST_IMUNO','ST_IMMUN','','','T','F','T','0','','','','2','KIT','KIT','KIT','0000-00-00 00:00:00',1,'0000-00-00 00:00:00',1,'T',2,'','T','','F','','','','','','F','T','KIT','T',''),(408,'1130309890','39263443','ARCH  ANTI HCV 100 T - 6C37.28 ','','','ST_IMUNO','ST_IMMUN','','','T','F','T','0','','','','2','KIT','KIT','KIT','0000-00-00 00:00:00',1,'2056-11-00 00:00:00',1,'T',4,'','T','','F','','','','','','F','T','KIT','T',''),(409,'1130309891','39263475','ARCHITECT CA 15 - 3 100 T (  2K44.27 )','','','ST_IMUNO','ST_IMMUN','','','T','F','T','0','','','','2','KIT','KIT','KIT','0000-00-00 00:00:00',1,'0000-00-00 00:00:00',1,'T',2,'','T','','F','','','','','','F','T','KIT','T',''),(410,'1130309892','39263588','ARCHITECT CA 125 II 100 T  ( 2K45.29 )','','','ST_IMUNO','ST_IMMUN','','','T','F','T','0','','','','2','KIT','KIT','KIT','0000-00-00 00:00:00',1,'0000-00-00 00:00:00',1,'T',3,'','T','','F','','','','','','F','T','KIT','T',''),(411,'1130309893','39263757','ARCHITECT CA 19 - 9 XR 100 T ( 2K91.32 )','','','ST_IMUNO','ST_IMMUN','','','T','F','T','0','','','','2','KIT','KIT','KIT','0000-00-00 00:00:00',4,'0000-00-00 00:00:00',1,'T',2,'','T','','F','','','','','','F','T','KIT','T',''),(412,'1130309894','39263834','ARCH  PRE TRIGGER SOL 1.0 L -  6E23.68 ','','','ST_IMUNO','ST_IMMUN','','','T','F','T','0','','','','2','BOTOL','BOX','BOTOL','0000-00-00 00:00:00',1,'0000-00-00 00:00:00',1,'T',3,'','T','','F','','','','','','F','T','BOTOL','T',''),(413,'1130309895','39264064','ARCHITECT SCC 100 T ( 8D18.28 )','','','ST_IMUNO','ST_IMMUN','','','T','F','T','0','','','','2','KIT','KIT','KIT','0000-00-00 00:00:00',1,'0000-00-00 00:00:00',1,'T',3,'','T','','F','','','','','','F','T','KIT','T',''),(414,'1130208923','39264132','ABBOTT ULTRA HDL 1440 T (3K33.22 )','','','ST_KIMIA','ST_KIMIA','','','T','F','T','0','','','','2','KIT','KIT','KIT','0000-00-00 00:00:00',1,'0000-00-00 00:00:00',1,'T',1,'','T','','F','','','','','','F','T','KIT','T',''),(415,'1130208924','39264333','ARCHITECT CALCIUM 1500 T  ( 3L79.22 )','','','ST_KIMIA','ST_KIMIA','','','T','F','T','0','','','','2','KIT','KIT','KIT','0000-00-00 00:00:00',1,'0000-00-00 00:00:00',1,'T',2,'','T','','F','','','','','','F','T','KIT','T',''),(416,'1130208925','39264357','ABBOTT ALANINE AMINOTRANSFERASE / ALT  ( 3621 T ) -  7D56.22 ','','','ST_KIMIA','ST_KIMIA','','','T','F','T','0','','','','1','KIT','KIT','KIT','0000-00-00 00:00:00',1,'0000-00-00 00:00:00',1,'T',4,'','T','','F','','','','','','F','T','KIT','T',''),(417,'1130208926','39265332','ABBOTT GAMMA GLUTAMYL TRANSFERASE 1500 T  ( 7D65.22 )','','','ST_KIMIA','ST_KIMIA','','','T','F','T','0','','','','1','KIT','KIT','KIT','0000-00-00 00:00:00',1,'0000-00-00 00:00:00',1,'T',2,'','T','','F','','','','','','F','T','KIT','T',''),(418,'1130208927','39265354','ABBOTT TRIGLYCERIDE 3032 T ( 7D74.22 )','','','ST_KIMIA','ST_KIMIA','','','T','F','T','0','','','','2','KIT','KIT','KIT','0000-00-00 00:00:00',1,'0000-00-00 00:00:00',1,'T',1,'','T','','F','','','','','','F','T','KIT','T',''),(419,'1130208928','39265499','ABBOTT ASPARTATE AMINOTRANSFERASE / AST(  3621 T ) -  7D81.22 ','','','ST_KIMIA','ST_KIMIA','','','T','F','T','0','','','','2','KIT','KIT','KIT','0000-00-00 00:00:00',1,'2038-08-09 00:00:00',1,'T',2,'','T','','F','','','','','','F','T','KIT','T',''),(420,'1130208929','39265508','ABBOTT LP ( A ) CONTROL ( 5P84.11 )','','','ST_KIMIA','ST_KIMIA','','','T','F','T','0','','','','2','KIT','KIT','KIT','0000-00-00 00:00:00',1,'0000-00-00 00:00:00',1,'T',1,'','T','','F','','','','','','F','T','KIT','T',''),(421,'1130208930','39265532','ABBOTT QUANTIA LP ( A )  ( 7K00.03 )','','','ST_KIMIA','ST_KIMIA','','','T','F','T','0','','','','2','KIT','KIT','KIT','0000-00-00 00:00:00',1,'0000-00-00 00:00:00',1,'T',1,'','T','','F','','','','','','F','T','KIT','T',''),(422,'1130208931','39265550','ABBOTT APOLIPOPROTEIN A1 243 T ( 9D92.24 )','','','ST_KIMIA','ST_KIMIA','','','T','F','T','0','','','','2','KIT','KIT','KIT','0000-00-00 00:00:00',1,'0000-00-00 00:00:00',1,'T',2,'','T','','F','','','','','','F','T','KIT','T',''),(423,'1130208932','39265554','ABBOTT MULTICONSTITUENT CALIBRATOR ( 1E65.06 )','','','ST_KIMIA','ST_KIMIA','','','T','F','T','0','','','','1','KIT','KIT','KIT','0000-00-00 00:00:00',1,'0000-00-00 00:00:00',1,'T',4,'','T','','F','','','','','','F','T','KIT','T',''),(424,'1130309896','39266220','ALINITY TRIGGER SOLUTION  - 6P11.70 ','','','ST_IMUNO','ST_IMMUN','','','T','F','T','0','','','','2','BOTOL','BOX','BOTOL','0000-00-00 00:00:00',1,'0000-00-00 00:00:00',1,'T',2,'','T','','F','','','','','','F','T','BOTOL','T',''),(425,'1130600058','38844717','OMNIPAQUE 350 mg / 100 ml','','','ST_FK','ST_RADIO','','','T','F','T','0','','','','2','VIAL','VIAL','VIAL','0000-00-00 00:00:00',1,'0000-00-00 00:00:00',1,'T',2,'','T','','F','','','','','','F','T','VIAL','T',''),(426,'1130600060','38927749','XOLMETRAS 50 IOHEXOL  - 350 mgI / mL','','','ST_FK','ST_RADIO','','','T','F','T','0','','','','2','VIAL','VIAL','VIAL','0000-00-00 00:00:00',1,'2031-12-00 00:00:00',1,'T',3,'','T','','F','','','','','','F','T','VIAL','T',''),(427,'1139902081','39420819','BROSUR DENTAL TECH','','','ST_CETAK','ST_PELAYANAN','','','T','F','T','0','','','','2','LEMBAR','LEMBAR','LEMBAR','0000-00-00 00:00:00',1,'0000-00-00 00:00:00',1,'T',2,'','T','','F','','','','','','F','T','LEMBAR','T',''),(428,'1130309910','39421067','WASHING SOLUTION 1 X 50 ML (  MISPA ) - 54045003','','','ST_IMUNO','ST_IMMUN','','','T','F','T','0','','','','1','KIT','KIT','KIT','0000-00-00 00:00:00',4,'0000-00-00 00:00:00',1,'T',3,'','T','','F','','','','','','F','T','KIT','T',''),(429,'1130309911','39421112','PROTEIN CONTROL BI LEVEL 2 X 1 ML  ( MISPA ) - 51614007','','','ST_IMUNO','ST_IMMUN','','','T','F','T','0','','','','2','KIT','KIT','KIT','0000-00-00 00:00:00',1,'0000-00-00 00:00:00',1,'T',4,'','T','','F','','','','','','F','T','KIT','T',''),(430,'1139800932','39421236','OSE LOOPS BIOTOOLS  ø 5mm - If6.000.375','','','ST_MIKRO','SUPPLIES','','','T','F','T','0','','','','2','PAK','PAK','PAK','0000-00-00 00:00:00',1,'0000-00-00 00:00:00',1,'T',2,'','T','','F','','','','','','F','T','PAK','T',''),(431,'1139902083','39433539','FORMULIR FISIK WEB ( PAJANAN ) HALAMAN 2 - RIM','','','ST_CETAK','SUPPLIES','','','T','F','T','0','','','','1','RIM','RIM','RIM','0000-00-00 00:00:00',1,'2050-09-00 00:00:00',1,'T',2,'','T','','F','','','','','','F','T','RIM','T',''),(432,'1139902092','39724387','STIKER NOTE ( WARNA ) ','','','ST_UMUM','ST_UMUM','','','T','F','T','0','','','','1','PACK','PACK','PACK','0000-00-00 00:00:00',1,'0000-00-00 00:00:00',1,'T',1,'','T','','F','','','','','','F','T','PACK','T',''),(433,'1130700030','39876169','ELECTRODE SKINTACT  ( RT 24 ) - 100 TEST / PACK','','','ST_EJPD','SUPPLIES','','','T','F','T','0','','','','1','PACK','PACK','PACK','0000-00-00 00:00:00',1,'2030-08-00 00:00:00',1,'T',5,'','T','','F','','','','','','F','T','PACK','T',''),(434,'1139902100','40075082','HANDSOAP + DISPENSER ( FOAM )','','','ST_RTU','ST_UMUM','','','T','F','T','0','','','','1','BOTOL','BOTOL','BOTOL','0000-00-00 00:00:00',1,'0000-00-00 00:00:00',1,'T',2,'','T','','F','','','','','','F','T','BOTOL','T',''),(435,'1130208950','40085914','TECHNOPATH MULTICHEM A1C - HBA 1C CONTROL ( 4V06.10 )','','','ST_KIMIA','ST_KIMIA','','','T','F','T','0','','','','1','KIT','KIT','KIT','0000-00-00 00:00:00',1,'0000-00-00 00:00:00',1,'T',2,'','T','','F','','','','','','F','T','KIT','T',''),(436,'1139800954','40526829','PAP SMEAR SET ( SPECULUM + CYTOBRUSH  )  SMALL','','','ST_SUPPL','SUPPLIES','','','T','F','T','0','','','','1','PCS','PCS','PCS','0000-00-00 00:00:00',1,'0000-00-00 00:00:00',1,'T',1,'','T','','F','','','','','','F','T','PCS','T',''),(437,'1139800953','40526807','PAP SMEAR SET ( SPECULUM + CYTOBRUSH  )  MEDIUM ','','','ST_SUPPL','SUPPLIES','','','T','F','T','0','','','','1','PCS','PCS','PCS','0000-00-00 00:00:00',1,'0000-00-00 00:00:00',1,'T',1,'','T','','F','','','','','','F','T','PCS','T',''),(438,'1130500841','40914278','VIRAL EXTRACTION KIT AUTOMATIC EXTRACTION B200 (  32 REACTION ) ZYBIO','','','ST_MD','SUPPLIES','','','T','F','T','0','','','','1','BOX','BOX','BOX','0000-00-00 00:00:00',1,'0000-00-00 00:00:00',1,'T',2,'','T','','F','','','','','','F','T','BOX','T',''),(439,'1130500842','40914307','HUMAN PAPILOMA VIRUS qPCR KITS ( 100 TEST ) - BIOFARMA','','','ST_MD','SUPPLIES','','','T','F','T','0','','','','1','KIT','KIT','KIT','0000-00-00 00:00:00',1,'0000-00-00 00:00:00',1,'T',3,'','T','','F','','','','','','F','T','KIT','T',''),(440,'1139800970','40914363','TUBE STRIP 8 LO - PRO NAT 120  / PK - TLS0801','','','ST_MD','SUPPLIES','','','T','F','T','0','','','','1','BOX','BOX','BOX','0000-00-00 00:00:00',9,'0000-00-00 00:00:00',1,'T',2,'','T','','F','','','','','','F','T','BOX','T',''),(441,'1139800971','40914390','OPTICAL 8 CAP STRIP FLAT 120 - TCS0803','','','ST_MD','SUPPLIES','','','T','F','T','0','','','','1','BOX','BOX','BOX','0000-00-00 00:00:00',1,'0000-00-00 00:00:00',1,'T',3,'','T','','F','','','','','','F','T','BOX','T',''),(442,'1139800972','40983907','OIL IMERSI 10 ML','','','ST_CL','SUPPLIES','','','T','F','T','0','','','','2','BOTOL','BOTOL','BOTOL','0000-00-00 00:00:00',1,'2000-08-03 00:00:00',1,'F',3,'','T','','F','','','','','','F','T','BOTOL','T',''),(443,'1130309954','40999850','ARCH FREE T3 CALIB - 7K63.02','','','ST_IMUNO','ST_IMMUN','','','T','F','T','0','','','','2','KIT','KIT','KIT','0000-00-00 00:00:00',1,'0000-00-00 00:00:00',1,'T',2,'','T','','F','','','','','','F','T','KIT','T',''),(444,'1139902178','42868207','SUSU MILO 220 ML ( KALENG )','','','ST_RTU','KONSUMSI','','','T','F','T','0','','','','1','PCS','PCS','PCS','0000-00-00 00:00:00',1,'2058-11-03 00:00:00',1,'T',4,'','T','','F','','','','','','F','T','PCS','T',''),(445,'1130310003','42958753','ELECSYS AFP 100 T - 9015060190','','','ST_IMUNO','ST_IMMUN','','','T','F','T','0','','','','1','KIT','KIT','KIT','0000-00-00 00:00:00',1,'0000-00-00 00:00:00',1,'T',1,'','T','','F','','','','','','F','T','KIT','T',''),(446,'1130310004','42958761','ELECSYS HIV COMBI 100 T - 8924163190','','','ST_IMUNO','ST_IMMUN','','','T','F','T','0','','','','1','KIT','KIT','KIT','0000-00-00 00:00:00',1,'0000-00-00 00:00:00',1,'T',2,'','T','','F','','','','','','F','T','KIT','T',''),(447,'1130310005','43022277','HISCL HIV Ag + Ab CALIBRATOR SYSMEX  ( CR-990-268 )','','','ST_IMUNO','ST_IMMUN','','','T','F','T','0','','','','1','KIT','KIT','KIT','0000-00-00 00:00:00',1,'2044-10-07 00:00:00',1,'T',1,'','T','','F','','','','','','F','T','KIT','T',''),(448,'1130310006','43022292','HISCL HIV Ag + Ab ASSAY KIT SYSMEX ( BB-765-818 )','','','ST_IMUNO','ST_IMMUN','','','T','F','T','0','','','','1','KIT','KIT','KIT','0000-00-00 00:00:00',1,'2045-06-09 00:00:00',1,'T',3,'','T','','F','','','','','','F','T','KIT','T',''),(449,'1130309876','38623775','VIDAS DENGUE NS1 Ag  60 TEST - 423077','','','ST_IMUNO','ST_IMMUN','','','T','F','T','0','','','','1','KIT','KIT','KIT','0000-00-00 00:00:00',1,'2024-07-07 00:00:00',1,'T',1,'','T','','F','','','','','','F','T','KIT','T',''),(450,'1130309877','38623785','VIDAS ANTI DENGUE IgG  60 TEST - 423079','','','ST_IMUNO','ST_IMMUN','','','T','F','T','0','','','','1','KIT','KIT','KIT','0000-00-00 00:00:00',1,'0000-00-00 00:00:00',1,'T',3,'','T','','F','','','','','','F','T','KIT','T',''),(451,'1130500814','39076534','BLOOD AGAR BASE ( 60 X 15 )','','','ST_MIKRO','SUPPLIES','','','T','F','T','0','','','','2','PLATE','PLATE','PLATE','0000-00-00 00:00:00',1,'0000-00-00 00:00:00',1,'T',4,'','T','','F','','','','','','F','T','PLATE','T',''),(452,'1139800919','39138219','ALINITY C SERIES CUVETTE DRY TIP  - 4S52.01','','','ST_CL','ST_KIMIA','','','T','F','T','0','','','','2','PCS','PCS','PCS','0000-00-00 00:00:00',1,'0000-00-00 00:00:00',1,'T',3,'','T','','F','','','','','','F','T','PCS','T',''),(453,'1139902082','39432940','STEMPEL COPY','','','ST_UMUM','ST_ADMIN','','','T','F','T','0','','','','1','PCS','PCS','PCS','0000-00-00 00:00:00',1,'0000-00-00 00:00:00',1,'T',2,'','T','','F','','','','','','F','T','PCS','T',''),(454,'1130400543','39625829','ASAM ASETAT - 500 ML','','','ST_ULFL ','ST_KIMIA','','','T','F','T','0','','','','2','BOTOL','BOTOL','BOTOL','0000-00-00 00:00:00',0,'0000-00-00 00:00:00',1,'T',2,'','T','','F','','','','','','F','T','BOTOL','T',''),(455,'1139902102','40325046','LAMPU LED STRIP ','','','ST_RTU','ST_UMUM','','','T','F','T','0','','','','1','PACK','PACK','PACK','0000-00-00 00:00:00',1,'0000-00-00 00:00:00',1,'T',2,'','T','','F','','','','','','F','T','PACK','T',''),(456,'1139800959','40626349','MOUTHPIECE SPIRO - FUKUDA SANGYO  50 PCS / BOX','','','ST_FPR','SUPPLIES','','','T','F','T','0','','','','2','BOX','BOX','BOX','0000-00-00 00:00:00',1,'0000-00-00 00:00:00',1,'T',3,'','T','','F','','','','','','F','T','BOX','T',''),(457,'1139800965','40700570','JARUM / NEEDLE TERUMO AGANI 25 G X ⅝  ( 0,5 x 16 mm ) - AN * 2516R ','','','ST_CLK','SUPPLIES','','','T','F','T','0','','','','2','PCS','BOX','PCS','0000-00-00 00:00:00',1,'0000-00-00 00:00:00',1,'T',3,'','T','','F','','','','','','F','T','PCS','T',''),(458,'1130310009','43198311','HUMAN IRISIN ELISA KIT 96 TEST - ELABSCIENSE ( E-EL-H6120 )','','','ST_IMUNO','ST_IMMUN','','','T','F','T','0','','','','1','KIT','KIT','KIT','0000-00-00 00:00:00',1,'2055-06-05 00:00:00',1,'T',2,'','T','','F','','','','','','F','T','KIT','T',''),(459,'1139801006','43224675','ACCUPRO TOTAL CHOLESTEROL TEST STRIP -  TC01','','','ST_KR','ST_KIMIA','','','T','F','T','0','','','','1','BOX','BOX','BOX','0000-00-00 00:00:00',1,'2029-09-00 00:00:00',1,'T',2,'','T','','F','','','','','','F','T','BOX','T',''),(460,'1139902201','43441621','HANDUK BORDIR WARNA ( MERAH )','TREADMILL / SOUVENIR','','ST_UMUM','SUPPLIES','','','T','F','T','0','','','','1','PCS','PCS','PCS','0000-00-00 00:00:00',1,'0000-00-00 00:00:00',1,'T',2,'','T','','F','','','','','','F','T','PCS','T',''),(461,'1130209026','43654867','ABBOTT AMYLASE - 4S89.20','','','ST_KIMIA','ST_KIMIA','','','T','F','T','0','','','','1','KIT','KIT','KIT','0000-00-00 00:00:00',1,'0000-00-00 00:00:00',1,'T',2,'','T','','F','','','','','','F','T','KIT','T',''),(462,'1130310015','43655074','DENGUE NS 1 Ag RAPID - MRIN','KEMENKES RI AKL 20303021885','','ST_IMUNO','ST_IMMUN','','','T','F','F','0','','','','1','TEST','KIT','TEST','0000-00-00 00:00:00',1,'0000-00-00 00:00:00',1,'T',2,'','T','','F','','','','','','F','T','TEST','T',''),(463,'1139902209','43859959','KANTONG PLASTIK HITAM  - 45 X 55','','','ST_RTU','ST_UMUM','','','T','F','T','0','','','','1','LEMBAR','LEMBAR','LEMBAR','0000-00-00 00:00:00',1,'0000-00-00 00:00:00',1,'T',2,'','T','','F','','','','','','F','T','LEMBAR','T',''),(464,'1130310029','43860436','MY FOOD PROFILE ADVANCED - DETERMINATION OF IgG ANTIBODIES AGAINST 216 FOOD EUROIMMUN - NP 7124','','','ST_IMUNO','ST_IMMUN','','','T','F','T','0','','','','1','TEST','KIT','TEST','0000-00-00 00:00:00',1,'2025-07-00 00:00:00',1,'T',3,'','T','','F','','','','','','F','T','TEST','T',''),(465,'1130600068','43860456','PAPER USG BW 10HG APPP - ALPHA - ULTRASOUND PAPER 110 mm X 18 m ( ALPHA )','','','ST_USG','ST_RADIO','','','T','F','T','0','','','','1','ROLL','BOX','ROLL','0000-00-00 00:00:00',4,'0000-00-00 00:00:00',1,'T',2,'','T','','F','','','','','','F','T','ROLL','T',''),(466,'1130310033','43860934','QC TB - IGRA LEVEL 2','','','ST_IMUNO','ST_IMMUN','','','T','F','T','0','','','','1','VIAL','VIAL','VIAL','0000-00-00 00:00:00',1,'0000-00-00 00:00:00',1,'T',2,'','T','','F','','','','','','F','T','VIAL','T',''),(467,'1139902210','43860997','PLASTIK BENING 4,5 X 23 CM','','','ST_RTU','ST_UMUM','','','T','F','T','0','','','','1','PAK','PAK','PAK','0000-00-00 00:00:00',1,'0000-00-00 00:00:00',1,'T',2,'','T','','F','','','','','','F','T','PAK','T',''),(468,'1139902211','43861007','PLASTIK BENING 30 X 45 CM','','','ST_RTU','ST_UMUM','','','T','F','T','0','','','','1','PAK','PAK','PAK','0000-00-00 00:00:00',1,'2052-03-03 00:00:00',1,'T',1,'','T','','F','','','','','','F','T','PAK','T',''),(469,'1139902212','43861052','PLASTIK OPP UKURAN 28 X 35 CM','','','ST_RTU','ST_UMUM','','','T','F','T','0','','','','1','PAK','PAK','PAK','0000-00-00 00:00:00',1,'2053-11-01 00:00:00',1,'T',2,'','T','','F','','','','','','F','T','PAK','T',''),(470,'1130310034','43862607','HIV 1/2/O TRILINE RAPID 40 TEST / KIT  - ANSWER (KAT. L031-11413V )','','','ST_IMUNO','ST_IMMUN','','','T','F','T','0','','','','1','TES','KIT','TES','0000-00-00 00:00:00',1,'2017-05-08 00:00:00',1,'T',2,'','T','','F','','','','','','F','T','TES','T',''),(471,'1139902213','43862633','TISSUE LIVI MEDICAL ROLL ( 55 X 50 CM ) - 150 SHEET ','','','ST_RTU','ST_UMUM','','','T','F','T','0','','','','1','ROLL','ROLL','ROLL','0000-00-00 00:00:00',1,'0000-00-00 00:00:00',1,'T',2,'','T','','F','','','','','','F','T','ROLL','T',''),(472,'1130309828','38479894','COBAS CRP HS - 4628918190','','','ST_IMUNO','ST_IMMUN','','','T','F','T','0','','','','1','KIT','KIT','KIT','0000-00-00 00:00:00',1,'2024-05-08 00:00:00',1,'T',2,'','T','','F','','','','','','F','T','KIT','T',''),(473,'1130500813','39033033','THIOGLYCOLLATE MEDIUM U.S.P - CM0173 ( OXOID )','','','ST_MIKRO','SUPPLIES','','','T','F','T','0','','','','2','BOTOL','BOTOL','BOTOL','0000-00-00 00:00:00',1,'0000-00-00 00:00:00',1,'T',2,'','T','','F','','','','','','F','T','BOTOL','T',''),(474,'1130309887','39136821','PROBE CLEANER  MISPA  i3 ( ISI 10 VIAL ) - 52014050 ','','','ST_IMUNO','ST_IMMUN','','','T','F','T','0','','','','2','VIAL','KIT','VIAL','0000-00-00 00:00:00',1,'0000-00-00 00:00:00',1,'T',3,'','T','','F','','','','','','F','T','VIAL','T',''),(475,'1139800920','39164097','TUBE GEL & CLOT ACTIVATOR / SST 4 ML - MONOTES','','','ST_CLK','SUPPLIES','','','T','F','T','0','','','','4','PCS','BOX','PCS','0000-00-00 00:00:00',1,'0000-00-00 00:00:00',1,'T',4,'','T','','F','','','','','','F','T','PCS','T',''),(476,'1139902071','39168388','PARFUM LAUNDRY ','','','ST_RTU','ST_UMUM','','','T','F','T','0','','','','1','BOTOL','BOTOL','BOTOL','0000-00-00 00:00:00',1,'0000-00-00 00:00:00',1,'T',2,'','T','','F','','','','','','F','T','BOTOL','T',''),(477,'1139800934','39483343','SAMPLE PROBE ALINITY C - 04S51.01','','','ST_SUPPL','SUPPLIES','','','T','F','T','0','','','','1','PCS','PCS','PCS','0000-00-00 00:00:00',1,'0000-00-00 00:00:00',1,'T',2,'','T','','F','','','','','','F','T','PCS','T',''),(478,'1139800935','39483385','SPECULUM XL','','','ST_CLK','SUPPLIES','','','T','F','T','0','','','','1','PCS','PCS','PCS','0000-00-00 00:00:00',1,'0000-00-00 00:00:00',1,'T',2,'','T','','F','','','','','','F','T','PCS','T',''),(479,'1139902084','39485276','SOUVENIR DOMPET MERAH KECIL','','','ST_RTU','SUPPLIES','','','T','F','T','0','','','','1','PCS','PCS','PCS','0000-00-00 00:00:00',1,'2044-08-08 00:00:00',1,'T',2,'','T','','F','','','','','','F','T','PCS','T',''),(480,'1139902086','39502826','NAME TAG ACRILIC ','','','ST_UMUM','ST_UMUM','','','T','F','T','0','','','','1','PCS','PCS','PCS','0000-00-00 00:00:00',1,'0000-00-00 00:00:00',1,'T',3,'','T','','F','','','','','','F','T','PCS','T',''),(481,'1139800942','39797780','INCUBATION TRAY , BLACK 30 CHANNEL - CAT. ZD 9897-0130','','','ST_CL','ST_IMMUN','','','T','F','T','0','','','','2','PCS','PCS','PCS','0000-00-00 00:00:00',1,'0000-00-00 00:00:00',1,'T',2,'','T','','F','','','','','','F','T','PCS','T',''),(482,'1130309922','39949306','ELECSYS PTH - 11972103122','','','ST_IMUNO','ST_IMMUN','','','T','F','T','0','','','','1','KIT','KIT','KIT','0000-00-00 00:00:00',1,'2053-12-02 00:00:00',1,'T',3,'','T','','F','','','','','','F','T','KIT','T',''),(483,'1130309923','39949360','ELECSYS PTH CALSET - 11972219122','','','ST_IMUNO','ST_IMMUN','','','T','F','T','0','','','','1','KIT','KIT','KIT','0000-00-00 00:00:00',1,'0000-00-00 00:00:00',1,'T',3,'','T','','F','','','','','','F','T','KIT','T',''),(484,'1130309924','39949757','β - 2 MICROGLOBULIN CONTROL SET - 11729683216','','','ST_IMUNO','ST_IMMUN','','','T','F','T','0','','','','1','KIT','KIT','KIT','0000-00-00 00:00:00',1,'0000-00-00 00:00:00',1,'F',2,'','T','','F','','','','','','F','T','KIT','T',''),(485,'1130309925','39949780','β - 2 MICROGLOBULIN CALIBRATOR','','','ST_IMUNO','ST_IMMUN','','','T','F','T','0','','','','1','KIT','KIT','KIT','0000-00-00 00:00:00',1,'2033-02-05 00:00:00',1,'F',3,'','T','','F','','','','','','F','T','KIT','T',''),(486,'1139902104','40429196','LAMPU NEON 18 WATT - LED','','','ST_UMUM','ST_UMUM','','','T','F','T','0','','','','1','PCS','PCS','PCS','0000-00-00 00:00:00',1,'0000-00-00 00:00:00',1,'T',2,'','T','','F','','','','','','F','T','PCS','T',''),(487,'1130209019','43019670','TRULAB PROLINE - N 590009910061','','','ST_KIMIA','ST_KIMIA','','','T','F','T','0','','','','1','KIT','KIT','KIT','0000-00-00 00:00:00',1,'0000-00-00 00:00:00',1,'T',2,'','T','','F','','','','','','F','T','KIT','T',''),(488,'1130208904','38378404','SERUM INDEX GEN.2  ( 04489365.190 )','','','ST_KIMIA','ST_KIMIA','','','T','F','F','0','','','','1','KIT','KIT','KIT','0000-00-00 00:00:00',1,'0000-00-00 00:00:00',1,'T',2,'','T','','F','','','','','','F','T','KIT','T',''),(489,'1139902047','38533078','PLASTIK KRESEK PUTIH JUMBO LOGO PRAMITA ( UNTUK ZAKAT )','','','ST_RTU','ST_UMUM','','','T','F','T','0','','','','1','LEMBAR','LEMBAR','LEMBAR','0000-00-00 00:00:00',1,'0000-00-00 00:00:00',1,'T',2,'','T','','F','','','','','','F','T','LEMBAR','T',''),(490,'1139902048','38533100','PLASTIK KRESEK PUTIH SEDANG LOGO PRAMITA ( UNTUK QURBAN )','','','ST_RTU','ST_UMUM','','','T','F','T','0','','','','1','LEMBAR','LEMBAR','LEMBAR','0000-00-00 00:00:00',1,'0000-00-00 00:00:00',1,'T',2,'','T','','F','','','','','','F','T','LEMBAR','T',''),(491,'1139902070','39162045','GELAS KERTAS / PAPER CUP - 8 OZ ( POLOS )','','','ST_RTU','ST_UMUM','','','T','F','T','0','','','','1','SLOP','SLOP','SLOP','0000-00-00 00:00:00',1,'2041-01-07 00:00:00',1,'T',5,'','T','','F','','','','','','F','T','SLOP','T',''),(492,'1139902076','39284668','CARRY FILE','','','ST_RTU','ATK','','','T','F','T','0','','','','1','PCS','PCS','PCS','0000-00-00 00:00:00',1,'0000-00-00 00:00:00',1,'T',3,'','T','','F','','','','','','F','T','PCS','T',''),(493,'1130208933','39285152','CC CKMB CALIBRATOR - 6K25.10','','','ST_KIMIA','ST_KIMIA','','','T','F','T','0','','','','2','KIT','KIT','KIT','0000-00-00 00:00:00',1,'0000-00-00 00:00:00',1,'T',3,'','T','','F','','','','','','F','T','KIT','T',''),(494,'1130500815','39357314','TRYPTONE SOYA BROTH  500 Gr  -  CM0129B ( OXOID )','','','ST_MIKRO','SUPPLIES','','','T','F','T','0','','','','2','BOTOL','BOTOL','BOTOL','0000-00-00 00:00:00',1,'0000-00-00 00:00:00',1,'T',2,'','T','','F','','','','','','F','T','BOTOL','T',''),(495,'1139800930','39357544','KASA LIPAT 2 X 2  CM ','','','ST_CLK','SUPPLIES','','','T','F','T','0','','','','2','PCS','PCS','PCS','0000-00-00 00:00:00',1,'2036-03-04 00:00:00',1,'T',3,'','T','','F','','','','','','F','T','PCS','T',''),(496,'1130309912','39435507','HCV RAPID TEST CASSETTE  (  IHCV C 31 ) - RIGHT SIGN','','','ST_IMUNO','ST_IMMUN','','','T','F','T','0','','','','1','TEST','KIT','TEST','0000-00-00 00:00:00',1,'0000-00-00 00:00:00',1,'T',2,'','T','','F','','','','','','F','T','TEST','T',''),(497,'1139800936','39583294','Na Cl - 25 ML','','','ST_KR','ST_KIMIA','','','T','F','T','0','','','','1','VIAL','VIAL','VIAL','0000-00-00 00:00:00',1,'2037-12-00 00:00:00',1,'T',2,'','T','','F','','','','','','F','T','VIAL','T',''),(498,'1139800944','39856775','FS OPTIUM BG STRIP 100 CT - 71312.75','','','ST_LK','SUPPLIES','','','T','F','T','0','','','','2','BOX','BOX','BOX','0000-00-00 00:00:00',1,'0000-00-00 00:00:00',1,'T',2,'','T','','F','','','','','','F','T','BOX','T',''),(499,'1130208953','40358051','MICROSCAN RENOK DISPOSABLE D- INOCULATOR SETS  BECKMAN COULTER  (  B1013-5 )','','','ST_KIMIA','ST_KIMIA','','','T','F','T','0','','','','2','TEST','TEST','TEST','0000-00-00 00:00:00',0,'0000-00-00 00:00:00',1,'T',3,'','T','','F','','','','','','F','T','TEST','T',''),(500,'1130208954','40358181','MICROSCAN Neg Urine Combo Panel Type 73  BECKMAN COULTER ( B 1017 - 423 ) ','','','ST_KIMIA','ST_KIMIA','','','T','F','T','0','','','','2','TEST','KIT','TEST','0000-00-00 00:00:00',1,'0000-00-00 00:00:00',1,'T',4,'','T','','F','','','','','','F','T','TEST','T',''),(501,'1130309996','42924346','HISCL DILUENT SYSMEX - 20 ML X 1  ( CS617657 )','','','ST_IMUNO','ST_IMMUN','','','T','F','T','0','','','','1','BOTOL','BOTOL','BOTOL','0000-00-00 00:00:00',1,'0000-00-00 00:00:00',1,'F',1,'','T','','F','','','','','','F','T','BOTOL','T',''),(502,'1130309997','42924367','HISCL LINE WASHING SOLUTION SYSMEX - 10 LITER ( 06443416 )','','','ST_IMUNO','ST_IMMUN','','','T','F','T','0','','','','1','BOTOL','BOTOL','BOTOL','0000-00-00 00:00:00',1,'0000-00-00 00:00:00',1,'F',1,'','T','','F','','','','','','F','T','BOTOL','T',''),(503,'1130309998','42924370','HISCL WASHING SOLUTION SYSMEX - 2 LITER ( CH219079 )','','','ST_IMUNO','ST_IMMUN','','','T','F','T','0','','','','1','BOTOL','BOTOL','BOTOL','0000-00-00 00:00:00',1,'0000-00-00 00:00:00',1,'F',1,'','T','','F','','','','','','F','T','BOTOL','T',''),(504,'1130309999','42924371','HISCL PROBE WASHING SOLUTION SYSMEX -  250 ML X 2 ( 05425414 )','','','ST_IMUNO','ST_IMMUN','','','T','F','F','0','','','','1','BOTOL','KIT','BOTOL','0000-00-00 00:00:00',1,'0000-00-00 00:00:00',1,'T',1,'','T','','F','','','','','','F','T','BOTOL','T',''),(505,'1130310000','42924372','HISCL HBS Ag CALIBRATOR  SYSMEX - 1 ML X 6 ( 05423111 )','','','ST_IMUNO','ST_IMMUN','','','T','F','T','0','','','','1','BOTOL','BOTOL','BOTOL','0000-00-00 00:00:00',1,'2057-10-02 00:00:00',1,'F',1,'','T','','F','','','','','','F','T','BOTOL','T',''),(506,'1130310001','42924522','HISCL SUBSTRATE REAGENT SET SYSMEX  ( 06443319 )','','','ST_IMUNO','ST_IMMUN','','','T','F','T','0','','','','1','KIT','KIT','KIT','0000-00-00 00:00:00',1,'0000-00-00 00:00:00',1,'F',1,'','T','','F','','','','','','F','T','KIT','T',''),(507,'1130310002','42924531','HISCL HBS Ag ASSAY KIT - 100 T / KIT ( CH617178 )','','','ST_IMUNO','ST_IMMUN','','','T','F','T','0','','','','1','KIT','KIT','KIT','0000-00-00 00:00:00',1,'0000-00-00 00:00:00',1,'F',3,'','T','','F','','','','','','F','T','KIT','T',''),(508,'1130310007','43040759','HBs Ag ( FAST CLEAR Q ) - STANDART BIOSENSOR  REF. FCQ-HB-01G','','','ST_IMUNO','ST_IMMUN','','','T','F','T','0','','','','1','TEST','KIT','TEST','0000-00-00 00:00:00',1,'2000-04-05 00:00:00',1,'T',1,'','T','','F','','','','','','F','T','TEST','T',''),(509,'1130400534','38434552','HCG LATEX ','','','ST_ULFL ','SUPPLIES','','','T','F','F','0','','','','1','KIT','KIT','KIT','0000-00-00 00:00:00',1,'0000-00-00 00:00:00',1,'T',2,'','T','','F','','','','','','F','T','KIT','T',''),(510,'1130208905','38466823','ALINITY C BILLIRUBIN CALIBRATOR KIT CAL 1 3 X 50 ML CAL 3 X 5 ML - 8P61.01','','','ST_KIMIA','ST_KIMIA','','','T','F','T','0','','','','1','KIT','KIT','KIT','0000-00-00 00:00:00',1,'0000-00-00 00:00:00',1,'T',3,'','T','','F','','','','','','F','T','KIT','T',''),(511,'1139902067','39044114','BUKU EKSPEDISI ISI 200','','','ST_RTU','ATK','','','T','F','T','0','','','','1','PCS','PCS','PCS','0000-00-00 00:00:00',1,'0000-00-00 00:00:00',1,'T',2,'','T','','F','','','','','','F','T','PCS','T',''),(512,'1139902087','39526484','SUSU ULTRA UHT - MOCCA (  250 ML )','','','ST_RTU','KONSUMSI','','','T','F','T','0','','','','1','PCS','PCS','PCS','0000-00-00 00:00:00',1,'0000-00-00 00:00:00',1,'T',7,'','T','','F','','','','','','F','T','PCS','T',''),(513,'1130500826','39583838','PEWARNA GRAM 3 X 100 ML - INDO REAGEN ( 0030544 B )','','','ST_MIKRO','SUPPLIES','','','T','F','T','0','','','','1','SET','SET','SET','0000-00-00 00:00:00',1,'0000-00-00 00:00:00',1,'T',5,'','T','','F','','','','','','F','T','SET','T',''),(514,'1130208943','39583878','CALCIUM  - LIQUICOLOR  (  10011 ) - HUMAN','','','ST_KIMIA','ST_KIMIA','','','T','F','T','0','','','','1','KIT','KIT','KIT','0000-00-00 00:00:00',1,'0000-00-00 00:00:00',1,'T',2,'','T','','F','','','','','','F','T','KIT','T',''),(515,'1139902091','39583914','SOUVENIR DOMPET TALI','','','ST_UMUM','ST_UMUM','','','T','F','T','0','','','','1','PCS','PCS','PCS','0000-00-00 00:00:00',1,'0000-00-00 00:00:00',1,'T',2,'','T','','F','','','','','','F','T','PCS','T',''),(516,'1130500827','39583927','PATHTEZT EASY VIAL ( MANUAL LBC ) PRESERVATIVE VIAL 15 ML','','','ST_MIKRO','SUPPLIES','','','T','F','T','0','','','','1','BOTOL','BOTOL','BOTOL','0000-00-00 00:00:00',1,'0000-00-00 00:00:00',1,'T',2,'','T','','F','','','','','','F','T','BOTOL','T',''),(517,'1139800938','39609528','ACCUPRO URIC ACID TES STRIP  - UA 01','','','ST_KR','ST_KIMIA','','','T','F','T','0','','','','1','BOX','BOX','BOX','0000-00-00 00:00:00',1,'0000-00-00 00:00:00',1,'T',2,'','T','','F','','','','','','F','T','BOX','T',''),(518,'1139800939','39609604','ACCUPRO BLOOD GLUKOSE  TES STRIP - BG 01','','','ST_KR','ST_KIMIA','','','T','F','T','0','','','','1','BOX','BOX','BOX','0000-00-00 00:00:00',1,'0000-00-00 00:00:00',1,'T',3,'','T','','F','','','','','','F','T','BOX','T',''),(519,'1130309916','39609930','QIAREACH  QUANTIFERON TB - 50 SET','','','ST_IMUNO','ST_IMMUN','','','T','F','T','0','','','','1','SET','SET','SET','0000-00-00 00:00:00',0,'2009-08-05 00:00:00',1,'T',5,'','T','','F','','','','','','F','T','SET','T',''),(520,'1130400544','39657644','URINALYSIS REAGEN STRIPS VERIVY 10 PARAMETER 100 T - U 031 - 102','','','ST_KR','ST_KIMIA','','','T','F','T','0','','','','2','TUBE','TUBE','TUBE','0000-00-00 00:00:00',1,'0000-00-00 00:00:00',1,'T',3,'','T','','F','','','','','','F','T','TUBE','T',''),(521,'1139902093','39765828','LAMPU LED 4 WATT - PUTIH','','','ST_RTU','ST_UMUM','','','T','F','T','0','','','','1','PCS','PCS','PCS','0000-00-00 00:00:00',1,'0000-00-00 00:00:00',1,'T',1,'','T','','F','','','','','','F','T','PCS','T',''),(522,'1139902094','39767505','LAMPU LED 12 WATT - WARM WHITE','','','ST_RTU','ST_UMUM','','','T','F','T','0','','','','1','PCS','PCS','PCS','0000-00-00 00:00:00',1,'0000-00-00 00:00:00',1,'T',1,'','T','','F','','','','','','F','T','PCS','T',''),(523,'1139902095','39767513','LAMPU LED 12 WATT - KUNING','','','ST_RTU','ST_UMUM','','','T','F','T','0','','','','1','PCS','PCS','PCS','0000-00-00 00:00:00',1,'2026-11-09 00:00:00',1,'T',1,'','T','','F','','','','','','F','T','PCS','T',''),(524,'1139902096','39767525','LAMPU T5 21 WATT - PUTIH','','','ST_RTU','ST_UMUM','','','T','F','T','0','','','','1','PCS','PCS','PCS','0000-00-00 00:00:00',1,'0000-00-00 00:00:00',1,'T',2,'','T','','F','','','','','','F','T','PCS','T',''),(525,'1139902103','40420587','THERMAL PAPER 80 X 40 ( HOME SERVICE ) ','','','ST_UMUM','SUPPLIES','','','T','F','T','0','','','','2','ROLL','ROLL','ROLL','0000-00-00 00:00:00',1,'0000-00-00 00:00:00',1,'T',2,'','T','','F','','','','','','F','T','ROLL','T',''),(526,'1130209018','42859324','TOTAL PROTEIN  FS - 123119910022 - PROLINE','','','ST_KIMIA','ST_KIMIA','','','T','F','T','0','','','','1','KIT','KIT','KIT','0000-00-00 00:00:00',1,'2034-10-01 00:00:00',1,'T',3,'','T','','F','','','','','','F','T','KIT','T',''),(527,'1130200591','37830404','HbA1c 2 X 17,1 ML THERMO - 81948','','','ST_KIMIA','ST_KIMIA','','','T','F','T','0','','','','1','KIT','KIT','KIT','0000-00-00 00:00:00',0,'0000-00-00 00:00:00',4,'T',2,'','T','','F','','','','','','F','T','KIT','T',''),(528,'1130200590','37830405','CK2 X 25 ML THERMO - 81829','','','ST_KIMIA','ST_KIMIA','','','T','F','T','0','','','','1','KIT','KIT','KIT','0000-00-00 00:00:00',0,'0000-00-00 00:00:00',4,'T',2,'','T','','F','','','','','','F','T','KIT','T',''),(529,'1130200589','37830406','CALCIUM 8 X 20ML THERMO - 81772','','','ST_KIMIA','ST_KIMIA','','','T','F','T','0','','','','1','KIT','KIT','KIT','0000-00-00 00:00:00',0,'0000-00-00 00:00:00',4,'T',2,'','T','','F','','','','','','F','T','KIT','T',''),(530,'1130200588','37830407','HBA1c CALIB 3 x 2 ml  THERMO - K 1863 ','','','ST_KIMIA','ST_KIMIA','','','T','F','T','0','','','','1','KIT','KIT','KIT','0000-00-00 00:00:00',1,'0000-00-00 00:00:00',4,'T',7,'','T','','F','','','','','','F','T','KIT','T',''),(531,'1139800512','37830408','VAKSIN HAVRIX - HEPATITIS A  ','','','ST_CLK','SUPPLIES','','','T','F','T','0','','','','1','VIAL','VIAL','VIAL','0000-00-00 00:00:00',0,'0000-00-00 00:00:00',4,'T',4,'','T','','F','','','','','','F','T','VIAL','T',''),(532,'1130400253','37830409','HCG DEVICE VICARE  - / + ','','','ST_KR','ST_KIMIA','','','T','F','T','0','','','','1','TEST','TEST','TEST','0000-00-00 00:00:00',0,'0000-00-00 00:00:00',4,'F',5,'','T','','F','','','','','','F','T','TEST','T',''),(533,'1139800478','37830410','TABUNG / POT URINE REDUKSI -  NON STERIL  60 ML ( TUTUP PUTIH )','','\"{\rtf1ansiansicpg1252deff0defl','ST_CL','','','','T','F','T','0','','\"{\rtf1ansiansicpg1252deff0defl','','1','PCS','PCS','PCS','0000-00-00 00:00:00',1,'0000-00-00 00:00:00',0,'T',12,'','','','F','','','','','','F','','PCS','T',''),(534,'1139800029','37830411','TABUNG URINE  / CONICAL TUBE  15 ML ( TUTUP BIRU )','','\"{\rtf1ansiansicpg1252deff0defl','ST_CL','SUPPLIES','','','T','F','T','0','','\"{\rtf1ansiansicpg1252deff0defl','','1','PCS','PCS','PCS','0000-00-00 00:00:00',0,'0000-00-00 00:00:00',0,'T',10,'','','','F','','','','','','F','','PCS','T',''),(535,'1130600001','37830412','JELLY USG 5 LITER','','\"{\rtf1ansiansicpg1252deff0defl','ST_USG','ST_RADIO','','','T','F','T','0','','\"{\rtf1ansiansicpg1252deff0defl','','1','BOTOL','BOTOL','BOTOL','0000-00-00 00:00:00',0,'0000-00-00 00:00:00',0,'T',10,'','','','F','','','','','','F','','BOTOL','T',''),(536,'1130500013','37830413','MUELLER HINTON AGAR 1058 - 500 Gr PRONADISA','','\"{\rtf1ansiansicpg1252deff0defl','ST_MIKRO','','','','T','F','T','0','','\"{\rtf1ansiansicpg1252deff0defl','','1','BOTOL','BOTOL','BOTOL','0000-00-00 00:00:00',0,'0000-00-00 00:00:00',0,'T',5,'','','','F','','','','','','F','','BOTOL','T',''),(537,'1130500746','37830414','PEWARNA MDT  -  PEWARNA SEDIAAN APUS DARAH  / LARUTAN FIKSATIF - 500 ML','','','ST_MIKRO','SUPPLIES','','','T','F','T','0','','','','1','BOTOL','BOTOL','BOTOL','0000-00-00 00:00:00',1,'0000-00-00 00:00:00',4,'T',6,'','T','','F','','','','','','F','T','BOTOL','T',''),(538,'1130309703','37830415','LEPTOSPIRA IgM','','','ST_IMUNO','ST_IMMUN','','','T','F','T','0','','','','1','TEST','KIT','TEST','0000-00-00 00:00:00',4,'0000-00-00 00:00:00',4,'T',3,'','T','','F','','','','','','F','T','TEST','T',''),(539,'1139901733','37830416','BROSUR PCR TB','','','ST_CETAK','CETAKAN','','','T','F','T','0','','','','1','LEMBAR','LEMBAR','LEMBAR','0000-00-00 00:00:00',0,'0000-00-00 00:00:00',4,'T',6,'','T','','F','','','','','','F','T','LEMBAR','T',''),(540,'1130500744','37830417','CELL SQUARE PRESERVATIVE SOLUTION  GYN ( TANPA FILTER )','','','ST_MIKRO','SUPPLIES','','','T','F','T','0','','','','1','BOTOL','BOTOL','BOTOL','0000-00-00 00:00:00',0,'0000-00-00 00:00:00',4,'T',2,'','T','','F','','','','','','F','T','BOTOL','T',''),(541,'1139901732','37830418','KANTONG PLASTIK LIMBAH  COKLAT 60 X 100','','','ST_RTU','SUPPLIES','','','T','F','T','0','','','','1','LEMBAR','LEMBAR','LEMBAR','0000-00-00 00:00:00',0,'2030-02-03 00:00:00',4,'T',3,'','T','','F','','','','','','F','T','LEMBAR','T',''),(542,'1139901731','37830419','HANDUK KECIL PRAMITA ( BORDIR MERAH )','','','ST_EJPD','ST_PELAYANAN','','','T','F','T','0','','','','1','PCS','PCS','PCS','0000-00-00 00:00:00',0,'0000-00-00 00:00:00',4,'T',4,'','T','','F','','','','','','F','T','PCS','T',''),(543,'1139901716','37830420','SEPEDA MINI ','','','ST_RTU','ST_UMUM','','','T','F','T','0','','','','1','UNIT','UNIT','UNIT','0000-00-00 00:00:00',0,'2009-12-05 00:00:00',4,'T',2,'','T','','F','','','','','','F','T','UNIT','T',''),(544,'1139800755','37830421','WAIST RULER ONE MED - 150 CM ( OD 235 )','ALAT UKUR LINGKAR PINGGANG','','ST_CLK','ST_PELAYANAN','','','T','F','T','0','','','','1','PCS','PCS','PCS','0000-00-00 00:00:00',0,'0000-00-00 00:00:00',4,'T',2,'','T','','F','','','','','','F','T','PCS','T',''),(545,'1139901706','37830422','FORMULIR FISIK WEB ( PAJANAN ) HALAMAN 1 - RIM','','','ST_CETAK','SUPPLIES','','','T','F','T','0','','','','1','RIM','RIM','RIM','0000-00-00 00:00:00',1,'0000-00-00 00:00:00',4,'T',7,'','T','','F','','','','','','F','T','RIM','T',''),(546,'1139800750','37830423','UNDERPAD BED SHEET ROLL 60 CM','','','ST_CR','SUPPLIES','','','T','F','T','0','','','','1','ROLL','ROLL','ROLL','0000-00-00 00:00:00',1,'2020-07-04 00:00:00',4,'T',4,'','T','','F','','','','','','F','T','ROLL','T',''),(547,'1130309995','42861254','FREND CARDIAG MARKER CONTROL FD  ( FIC CMFD ) - NANO ENTEK','','','ST_IMUNO','ST_IMMUN','','','T','F','T','0','','','','1','BOTOL','KIT','BOTOL','0000-00-00 00:00:00',1,'0000-00-00 00:00:00',1,'T',1,'','T','','F','','','','','','F','T','BOTOL','T',''),(548,'1139902179','42881528','KERTAS NOTA PEMERIKSAAN ( LABORATORIUM MEDIS DAN KLINIK UTAMA )','','','ST_CETAK','CETAKAN','','','T','F','T','0','','','','1','RIM','BOX','RIM','0000-00-00 00:00:00',1,'2001-12-08 00:00:00',1,'T',4,'','T','','F','','','','','','F','T','RIM','T',''),(549,'1139902182','42968648','MEMO STICK JOYKO 4 WARNA ( MMS-2 ) 75 X 18,75 mm','','','ST_RTU','ATK','','','T','F','T','0','','','','1','PACK','PACK','PACK','0000-00-00 00:00:00',1,'0000-00-00 00:00:00',1,'T',2,'','T','','F','','','','','','F','T','PACK','T',''),(550,'1139901728','37830424','BROSUR CBCT ','','','ST_CETAK','INVENTORY','','','T','F','T','0','','','','1','LEMBAR','LEMBAR','LEMBAR','0000-00-00 00:00:00',0,'0000-00-00 00:00:00',4,'T',2,'','T','','F','','','','','','F','T','LEMBAR','T',''),(551,'1139800756','37830425','DENTURE MEMBRANE STORAGE BOX','','','ST_CR','ST_RADIO','','','T','F','F','0','','','','1','PCS','PCS','PCS','0000-00-00 00:00:00',0,'0000-00-00 00:00:00',4,'T',2,'','T','','F','','','','','','F','T','PCS','T',''),(552,'1139901727','37830426','LABEL NO.119','','','ST_RTU','CETAKAN','','','T','F','T','0','','','','1','PAK','PAK','PAK','0000-00-00 00:00:00',1,'0000-00-00 00:00:00',4,'T',3,'','T','','F','','','','','','F','T','PAK','T',''),(553,'1139901714','37830427','STAPLES REMOVER','','','ST_RTU','ST_ADMIN','','','T','F','T','0','','','','1','PCS','PCS','PCS','0000-00-00 00:00:00',0,'0000-00-00 00:00:00',4,'T',2,'','T','','F','','','','','','F','T','PCS','T',''),(554,'1139901713','37830428','LAMPU NEON 16 WATT LED ','','','ST_RTU','ST_UMUM','','','T','F','T','0','','','','1','PCS','PCS','PCS','0000-00-00 00:00:00',0,'2028-02-00 00:00:00',4,'T',2,'','T','','F','','','','','','F','T','PCS','T',''),(555,'1139800754','37830429','REAGENT TRAY FOR INCUBATION SLIDE CONTAINING UP TO 10 FIELDS ZZ 9999-0110 ','','','ST_IMUNO','ST_IMMUN','','','T','F','T','0','','','','1','PCS','PCS','PCS','0000-00-00 00:00:00',0,'0000-00-00 00:00:00',4,'T',3,'','T','','F','','','','','','F','T','PCS','T',''),(556,'1139800753','37830430','PROBE SET C III ROCHE - MAT No. 04793773001 / MAN ID 0454199001','','','ST_KIMIA','ST_KIMIA','','','T','F','T','0','','','','1','UNIT','UNIT','UNIT','0000-00-00 00:00:00',0,'0000-00-00 00:00:00',4,'T',3,'','T','','F','','','','','','F','T','UNIT','T',''),(557,'1139901709','37830431','SUSU ULTRA UHT - STRAWBERRY  ( 250 ML)','','','ST_RTU','KONSUMSI','','','T','F','T','0','','','','1','PCS','KARTON','PCS','0000-00-00 00:00:00',1,'2028-05-05 00:00:00',4,'T',6,'','T','','F','','','','','','F','T','PCS','T',''),(558,'1139901708','37830432','SUSU ULTRA UHT - COKLAT  ( 250 ML )','','','ST_RTU','KONSUMSI','','','T','F','T','0','','','','1','PCS','KARTON','PCS','0000-00-00 00:00:00',1,'0000-00-00 00:00:00',4,'T',6,'','T','','F','','','','','','F','T','PCS','T',''),(559,'1139901707','37830433','SUSU ULTRA UHT - PLAIN / PUTIH  ( 250 ML )','','','ST_RTU','KONSUMSI','','','T','F','T','0','','','','1','PCS','KARTON','PCS','0000-00-00 00:00:00',1,'0000-00-00 00:00:00',4,'T',8,'','T','','F','','','','','','F','T','PCS','T',''),(560,'1130700022','37830434','PAPER ECG ESAOTE  P 80','','','ST_EJPD','ST_ADMIN','','','T','F','T','0','','','','1','PACK','PACK','PACK','0000-00-00 00:00:00',0,'2000-12-09 00:00:00',4,'T',2,'','T','','F','','','','','','F','T','PACK','T',''),(561,'1139901704','37830435','KAUS POLOS WARNA ','','','ST_RTU','SUPPLIES','','','T','F','T','0','','','','1','PCS','PCS','PCS','0000-00-00 00:00:00',0,'0000-00-00 00:00:00',4,'T',2,'','T','','F','','','','','','F','T','PCS','T',''),(562,'1130309700','37830436','ARCHITECH CYFRA 21-1 CALIBRATOR - 2P55.01','','','ST_IMUNO','SUPPLIES','','','T','F','T','0','','','','1','KIT','KIT','KIT','0000-00-00 00:00:00',0,'0000-00-00 00:00:00',4,'T',2,'','T','','F','','','','','','F','T','KIT','T',''),(563,'1130309699','37830437','ARCHITECH CYFRA21-1 CONTROL - 2P55.10','','','ST_IMUNO','SUPPLIES','','','T','F','T','0','','','','1','KIT','KIT','KIT','0000-00-00 00:00:00',0,'2030-04-06 00:00:00',4,'T',3,'','T','','F','','','','','','F','T','KIT','T',''),(564,'1130309698','37830438','ARCHITECH CYFRA 21-1  100 T - 2P55.25','','','ST_IMUNO','SUPPLIES','','','T','F','T','0','','','','1','KIT','KIT','KIT','0000-00-00 00:00:00',0,'0000-00-00 00:00:00',4,'T',3,'','T','','F','','','','','','F','T','KIT','T',''),(565,'1130200816','37830439','ALINITY C PANCREATIC AMYLASE REAGENT KIT - 1R04.22','','','ST_KIMIA','SUPPLIES','','','T','F','T','0','','','','1','KIT','KIT','KIT','0000-00-00 00:00:00',0,'0000-00-00 00:00:00',4,'T',2,'','T','','F','','','','','','F','T','KIT','T',''),(566,'1139901703','37830440','EPSON WASTE INK PAD  L 210','','','ST_RTU','SUPPLIES','','','T','F','T','0','','','','1','PCS','PCS','PCS','0000-00-00 00:00:00',0,'0000-00-00 00:00:00',4,'T',2,'','T','','F','','','','','','F','T','PCS','T',''),(567,'1139800752','37830441','LIQUID SOLUTION ANTIMICROBIAL  ELVANOL - 500 ML','','','ST_CL','SUPPLIES','','','T','F','T','0','','','','1','BOTOL','BOTOL','BOTOL','0000-00-00 00:00:00',1,'0000-00-00 00:00:00',4,'T',3,'','T','','F','','','','','','F','T','BOTOL','T',''),(568,'1139901710','37830442','STIKER SEGEL PRAMITA ','','','ST_CETAK','SUPPLIES','','','T','F','T','0','','','','1','PCS','PCS','PCS','0000-00-00 00:00:00',1,'0000-00-00 00:00:00',4,'T',4,'','T','','F','','','','','','F','T','PCS','T',''),(569,'1139800751','37830443','NECK PAPER BSR ','','','ST_CE','SUPPLIES','','','T','F','T','0','','','','1','ROLL','ROLL','ROLL','0000-00-00 00:00:00',0,'0000-00-00 00:00:00',4,'T',3,'','T','','F','','','','','','F','T','ROLL','T',''),(570,'1139901705','37830444','SEDOTAN PLASTIK PIPIH 12 CM ( STIRER )','','','ST_RTU','SUPPLIES','','','T','F','T','0','','','','1','PCS','PCS','PCS','0000-00-00 00:00:00',0,'0000-00-00 00:00:00',4,'T',2,'','T','','F','','','','','','F','T','PCS','T',''),(571,'1130200817','37830445','EQAS CLINICAL CHEMISTRY PROGRAM / QC CONTROL 12 X 5 ML - BC50 ( BIORAD )','','','ST_KIMIA','SUPPLIES','','','T','F','T','0','','','','1','KIT','KIT','KIT','0000-00-00 00:00:00',0,'0000-00-00 00:00:00',4,'T',2,'','T','','F','','','','','','F','T','KIT','T',''),(572,'1130309702','37830446','ARCH HAVAB IgM CTRL - 6C30.11','','','ST_IMUNO','ST_IMMUN','','','T','F','T','0','','','','1','KIT','KIT','KIT','0000-00-00 00:00:00',0,'0000-00-00 00:00:00',4,'T',2,'','T','','F','','','','','','F','T','KIT','T',''),(573,'1130309701','37830447','ARCH HAVAB IgM  REAGENT - 6C30.27','','','ST_IMUNO','SUPPLIES','','','T','F','T','0','','','','1','KIT','KIT','KIT','0000-00-00 00:00:00',0,'0000-00-00 00:00:00',4,'T',5,'','T','','F','','','','','','F','T','KIT','T',''),(574,'1139800749','37830448','STIK STRIP ASAM URAT','','','ST_KIMIA','SUPPLIES','','','T','F','T','0','','','','1','TEST','TEST','TEST','0000-00-00 00:00:00',0,'0000-00-00 00:00:00',4,'T',2,'','T','','F','','','','','','F','T','TEST','T',''),(575,'1139901702','37830449','SOUVENIR SHOPPING BAG BESAR - SPUNBOND','','','ST_RTU','ST_UMUM','','','T','F','T','0','','','','1','PCS','PCS','PCS','0000-00-00 00:00:00',0,'0000-00-00 00:00:00',4,'T',2,'','T','','F','','','','','','F','T','PCS','T',''),(576,'1139800747','37830450','THERMOMETER KULKAS','','','I-OPS','INVENTORY','','','T','F','T','0','','','','1','PCS','PCS','PCS','0000-00-00 00:00:00',4,'2024-06-09 00:00:00',4,'T',1,'','T','','F','','','','','','F','T','PCS','T',''),(577,'1139800746','37830451','THERMOHYGROMETER DIGITAL','','','I-OPS','INVENTORY','','','T','F','T','0','','','','1','PCS','PCS','PCS','0000-00-00 00:00:00',4,'0000-00-00 00:00:00',4,'T',1,'','T','','F','','','','','','F','T','PCS','T',''),(578,'1130200815','37830452','ALINITY C DIRECT LDL - 7P71.20','','','ST_KIMIA','ST_KIMIA','','','T','F','T','0','','','','1','CATRIDGE','CATRIDGE','CATRIDGE','0000-00-00 00:00:00',2,'2042-10-03 00:00:00',4,'T',5,'','T','','F','','','','','','F','T','CATRIDGE','T',''),(579,'1139901697','37830453','SIKAT CUCI','','','ST_RTU','SUPPLIES','','','T','F','T','0','','','','1','1','1','1','0000-00-00 00:00:00',0,'0000-00-00 00:00:00',4,'T',2,'','T','','F','','','','','','F','T','1','T',''),(580,'1139901696','37830454','SIKAT SEMIR','','','ST_RTU','SUPPLIES','','','T','F','T','0','','','','1','PCS','PCS','PCS','0000-00-00 00:00:00',0,'0000-00-00 00:00:00',4,'T',2,'','T','','F','','','','','','F','T','PCS','T',''),(581,'1130200814','37830455','ELECSYS hGH CALLSET ( 5390133190 )','','','ST_IMUNO','ST_IMMUN','','','T','F','T','0','','','','1','KIT','KIT','KIT','0000-00-00 00:00:00',0,'0000-00-00 00:00:00',4,'T',5,'','T','','F','','','','','','F','T','KIT','T',''),(582,'1130200813','37830456','ELECSYS hGH - 7027486190','','','ST_IMUNO','ST_IMMUN','','','T','F','T','0','','','','1','KIT','KIT','KIT','0000-00-00 00:00:00',0,'0000-00-00 00:00:00',4,'T',2,'','T','','F','','','','','','F','T','KIT','T',''),(583,'1130500742','37830457','CELL SQUARE PRESERVATIVE SOLUTION NON GYN ( TANPA FILTER )','','','ST_MIKRO','SUPPLIES','','','T','F','T','0','','','','1','BOTOL','BOTOL','BOTOL','0000-00-00 00:00:00',0,'0000-00-00 00:00:00',4,'T',3,'','T','','F','','','','','','F','T','BOTOL','T',''),(584,'1139800742','37830458','ASEPTAN LIQUID  5 LITER','','','ST_CL','CETAKAN','','','T','F','T','0','','','','1','GALON','GALON','GALON','0000-00-00 00:00:00',0,'0000-00-00 00:00:00',4,'T',2,'','T','','F','','','','','','F','T','GALON','T',''),(585,'1139901683','37830459','FORMULIR LAPORAN VERIVIKASI INPUT DATA','','','ST_CETAK','CETAKAN','','','T','F','T','0','','','','1','RIM','RIM','RIM','0000-00-00 00:00:00',0,'0000-00-00 00:00:00',4,'T',2,'','T','','F','','','','','','F','T','RIM','T',''),(586,'1130400537','39050050','TEST KEHAMILAN HCG  STRIP ONCOPROBE - 25 TEST / KIT','','','ST_ULFL ','ST_KIMIA','','','T','F','T','0','','','','1','TEST','TEST','TEST','0000-00-00 00:00:00',1,'0000-00-00 00:00:00',1,'T',2,'','T','','F','','','','','','F','T','TEST','T',''),(587,'1139902073','39238367','PARFUM MOBIL GANTUNG','','','ST_RTU','ST_UMUM','','','T','F','T','0','','','','1','PCS','PCS','PCS','0000-00-00 00:00:00',1,'2012-07-04 00:00:00',1,'T',2,'','T','','F','','','','','','F','T','PCS','T',''),(588,'1139800921','39238658','KASA HIDROPHILE UKURAN 80 CM','','','ST_CLK','SUPPLIES','','','T','F','T','0','','','','1','ROLL','ROLL','ROLL','0000-00-00 00:00:00',1,'0000-00-00 00:00:00',1,'T',4,'','T','','F','','','','','','F','T','ROLL','T',''),(589,'1139800922','39238756','JELLY KY - 100 Gr','','','ST_CLK','SUPPLIES','','','T','F','T','0','','','','1','TUBE','TUBE','TUBE','0000-00-00 00:00:00',1,'0000-00-00 00:00:00',1,'T',3,'','T','','F','','','','','','F','T','TUBE','T',''),(590,'1139801004','42945542','THROMBOPOP OINTMENT ( HIJAU )  - 15 Gr','','','ST_CL','SUPPLIES','','','T','F','T','0','','','','1','PCS','PCS','PCS','0000-00-00 00:00:00',1,'2000-07-06 00:00:00',1,'T',3,'','T','','F','','','','','','F','T','PCS','T',''),(591,'1139902181','42962800','SUSU ULTRA UHT - PLAIN / PUTIH ( 200 ML )','','','ST_RTU','ST_UMUM','','','T','F','F','0','','','','1','PCS','BOX','PCS','0000-00-00 00:00:00',1,'0000-00-00 00:00:00',1,'T',5,'','T','','F','','','','','','F','T','PCS','T',''),(592,'1139901698','37830460','HANDUK KIMONO','','','ST_RTU','ST_RADIO','','','T','F','T','0','','','','1','PCS','PCS','PCS','0000-00-00 00:00:00',0,'0000-00-00 00:00:00',4,'T',2,'','T','','F','','','','','','F','T','PCS','T',''),(593,'1139800744','37830461','STIK STRIP CHOLESTEROL','','','ST_KIMIA','SUPPLIES','','','T','F','T','0','','','','1','TES','TES','TES','0000-00-00 00:00:00',0,'2037-02-06 00:00:00',4,'T',2,'','T','','F','','','','','','F','T','TES','T',''),(594,'1130200625','37830462','LIQUICHECK BLOOD GAS PLUS E CTRL  LEVEL 2 ( 577 )','30 X 1.7 ML','','ST_KIMIA','ST_KIMIA','','','T','F','T','0','','','','1','VIAL','VIAL','VIAL','0000-00-00 00:00:00',0,'0000-00-00 00:00:00',4,'T',2,'','T','','F','','','','','','F','T','VIAL','T',''),(595,'1130200624','37830463','LIQUICHECK BLOOD GAS PLUS E CTRL  LEVEL 1 ( 576 )','30 X 1,7 ML','','ST_KIMIA','ST_KIMIA','','','T','F','T','0','','','','1','VIAL','VIAL','VIAL','0000-00-00 00:00:00',0,'0000-00-00 00:00:00',4,'T',3,'','T','','F','','','','','','F','T','VIAL','T',''),(596,'1130309327','37830464','WASHING SOLUTION FOR 5 X 500 ML - ZP 3002 0511','','','ST_IMUNO','ST_IMMUN','','','T','F','T','0','','','','1','KIT','KIT','KIT','0000-00-00 00:00:00',0,'0000-00-00 00:00:00',4,'T',2,'','T','','F','','','','','','F','T','KIT','T',''),(597,'1130100122','37830465','CD 32 K INLINE FILTER -  6H92.01','','','ST_HEMA','SUPPLIES','','','T','F','T','0','','','','1','UNIT','UNIT','UNIT','0000-00-00 00:00:00',1,'0000-00-00 00:00:00',4,'T',4,'','T','','F','','','','','','F','T','UNIT','T',''),(598,'ST-0600001','37830466','SPARE PART - ALAT ELEKTROMEDIS','','','ST_UMUM','BIAYA','','','T','F','T','0','','','','1','UNIT','UNIT','UNIT','0000-00-00 00:00:00',1,'0000-00-00 00:00:00',4,'T',4,'','T','','F','','','','','','F','T','UNIT','T',''),(599,'1139900947','37830467','BROSUR PRE  ECLAMSIA ( SLFT / PLGF )','','','ST_CETAK','CETAKAN','','','T','F','T','0','','','','1','LEMBAR','LEMBAR','LEMBAR','0000-00-00 00:00:00',0,'0000-00-00 00:00:00',4,'T',3,'','T','','F','','','','','','F','T','LEMBAR','T',''),(600,'1130100120','37830468','REAGEN HBA 1 C PREMIER HB 9210 500 T ( 09-03-0008 )','','','ST_HEMA','REAGEN','','','T','F','T','0','','','','1','KIT','KIT','KIT','0000-00-00 00:00:00',1,'0000-00-00 00:00:00',4,'F',4,'','T','','F','','','','','','F','T','KIT','T',''),(601,'1139900945','37830469','POSTER','','','ST_CETAK','CETAKAN','','','T','F','T','0','','','','1','LEMBAR','LEMBAR','LEMBAR','0000-00-00 00:00:00',0,'2002-02-00 00:00:00',4,'T',2,'','T','','F','','','','','','F','T','LEMBAR','T',''),(602,'1139900942','37830470','FILTER FOR FAN 120 mm / ELECTRONIC RACK FILTER - 28035792001','UNTUK SPARE PART TAQMAN','','ST_CL','','','','T','F','T','0','','','','1','UNIT','UNIT','UNIT','0000-00-00 00:00:00',0,'0000-00-00 00:00:00',4,'T',4,'','T','','F','','','','','','F','T','UNIT','T',''),(603,'1139900940','37830471','PABX PANASONIC -  TYPE KX NS 3000','','','I-ME-IT','INVENTORY','','','T','F','T','0','','','','1','UNIT','UNIT','UNIT','0000-00-00 00:00:00',0,'0000-00-00 00:00:00',4,'F',3,'','T','','F','','','','','','F','T','UNIT','T',''),(604,'1139800547','37830472','DEXAMETHASONE  5 mg / 1 ml','DEXAMETASONE NATRIUM FOSFAT','','ST_CR','ST_RADIO','','','T','F','T','0','','','','1','AMPUL','AMPUL','AMPUL','0000-00-00 00:00:00',0,'0000-00-00 00:00:00',4,'T',4,'','T','','F','','','','','','F','T','AMPUL','T',''),(605,'1130309299','37830473','CONDUCTIVE TIPS 300,EUROIMMUN AG','','','ST_IMUNO','','','','T','F','T','0','','','','1','PAK','PAK','PAK','0000-00-00 00:00:00',0,'2036-06-07 00:00:00',0,'T',4,'','T','','F','','','','','','F','T','PAK','T',''),(606,'1139900916','37830474','KERTAS KOP A4 PRAMITA PARANGKUSUMO','','','ST_CETAK','ST_ADMIN','','','T','F','T','0','','','','1','RIM','RIM','RIM','0000-00-00 00:00:00',0,'0000-00-00 00:00:00',4,'T',2,'','T','','F','','','','','','F','T','RIM','T',''),(607,'1139900917','37830475','KERTAS KOP F4 PRAMITA PARANGKUSUMO','','','ST_CETAK','ST_ADMIN','','','T','F','T','0','','','','1','RIM','RIM','RIM','0000-00-00 00:00:00',0,'0000-00-00 00:00:00',4,'T',2,'','T','','F','','','','','','F','T','RIM','T',''),(608,'1139800548','37830476','NEEDLE BD FLASHBACK  21 GA X 1 ( 301746 )','','','ST_CL','ST_PELAYANAN','','','T','F','T','0','','','','1','PCS','PCS','PCS','0000-00-00 00:00:00',1,'2015-12-08 00:00:00',4,'T',4,'','T','','F','','','','','','F','T','PCS','T',''),(609,'1130309300','37830477','CONDUCTIVE TIPS 1100,EUROIMMUN AG','','','ST_IMUNO','','','','T','F','T','0','','','','1','PAK','PAK','PAK','0000-00-00 00:00:00',0,'0000-00-00 00:00:00',0,'T',4,'','T','','F','','','','','','F','T','PAK','T',''),(610,'1139900915','37830478','FORMULIR PEMERIKSAAN KHUSUS ANTI AGING','','','ST_CETAK','CETAKAN','','','T','F','T','0','','','','1','BUKU','BUKU','BUKU','0000-00-00 00:00:00',0,'0000-00-00 00:00:00',4,'T',5,'','T','','F','','','','','','F','T','BUKU','T',''),(611,'1130200611','37830479','PRECINORM HBa 1 C - 11488422122','3 X 1 mL','','ST_KIMIA','ST_KIMIA','','','T','F','T','0','','','','1','KIT','KIT','KIT','0000-00-00 00:00:00',0,'0000-00-00 00:00:00',4,'T',2,'','T','','F','','','','','','F','T','KIT','T',''),(612,'1130309297','37830480','CHLAMYDIA IgG - EL 2191 9601 G - EUROIMMUN AG','','','ST_IMUNO','ST_IMMUN','','','T','F','T','0','','','','1','KIT','KIT','KIT','0000-00-00 00:00:00',0,'0000-00-00 00:00:00',4,'T',3,'','T','','F','','','','','','F','T','KIT','T',''),(613,'1130309298','37830481','CHLAMYDIA IgM - EL2191 9601 M - EUROIMMUN AG','','','ST_IMUNO','ST_IMMUN','','','T','F','T','0','','','','1','KIT','KIT','KIT','0000-00-00 00:00:00',0,'0000-00-00 00:00:00',4,'T',3,'','T','','F','','','','','','F','T','KIT','T',''),(614,'1130309301','37830482','DEEPWELL PLATE,EUROIMMUN AG','','','ST_IMUNO','','','','T','F','T','0','','','','1','PAK','PAK','PAK','0000-00-00 00:00:00',0,'0000-00-00 00:00:00',0,'T',4,'','T','','F','','','','','','F','T','PAK','T',''),(615,'1130100108','37830483','SULFOLYSER SLS 210 A  P90411317  500 ml  (  XN L 550 )','','','ST_HEMA','','','','T','F','T','0','','','','1','BOTOL','BOTOL','BOTOL','0000-00-00 00:00:00',0,'0000-00-00 00:00:00',0,'T',5,'','T','','F','','','','','','F','T','BOTOL','T',''),(616,'1130100015','37830484','SULFOLYSER SLS - 210 A ( KSO )','','\"{\rtf1ansiansicpg1252deff0defl','ST_HEMA','','','','T','F','T','0','','\"{\rtf1ansiansicpg1252deff0defl','','1','BOTOL','BOTOL','BOTOL','0000-00-00 00:00:00',0,'0000-00-00 00:00:00',0,'T',6,'','','','F','','','','','','F','','BOTOL','T',''),(617,'1130200620','37830485','LYPHOCHECK DIABETES CONTROL LEVEL 1 ( 740 )  BIORAD','','','ST_KIMIA','ST_KIMIA','','','T','F','T','0','','','','1','VIAL','VIAL','VIAL','0000-00-00 00:00:00',1,'0000-00-00 00:00:00',4,'T',4,'','T','','F','','','','','','F','T','VIAL','T',''),(618,'1130200621','37830486','LYPHOCHECK DIABETES CONTROL LEVEL 2 ( 740 )  BIORAD ','','','ST_KIMIA','ST_KIMIA','','','T','F','T','0','','','','1','VIAL','VIAL','VIAL','0000-00-00 00:00:00',1,'2037-09-04 00:00:00',4,'T',7,'','T','','F','','','','','','F','T','VIAL','T',''),(619,'1130309324','37830487','SHRIMP / UDANG ( F024 - 0110 )','','','ST_IMUNO','ST_IMMUN','','','T','F','T','0','','','','1','TES','TES','TES','0000-00-00 00:00:00',0,'0000-00-00 00:00:00',4,'T',4,'','T','','F','','','','','','F','T','TES','T',''),(620,'1130200598','37830488','ELECSYS DILUENT MULTIASSAY -  03609987190','2 X 18 ML','','ST_KIMIA','ST_IMMUN','','','T','F','T','0','','','','1','KIT','KIT','KIT','0000-00-00 00:00:00',0,'0000-00-00 00:00:00',4,'T',5,'','T','','F','','','','','','F','T','KIT','T',''),(621,'1139900895','37830489','BROSUR DIAGNOSIS RHEUMATOID ARTHRITIS','','','ST_CETAK','ST_PELAYANAN','','','T','F','T','0','','','','1','LEMBAR','LEMBAR','LEMBAR','0000-00-00 00:00:00',0,'0000-00-00 00:00:00',0,'T',2,'','T','','F','','','','','','F','T','LEMBAR','T',''),(622,'1130600053','37830490','GASTULEN SIMETICONE','PENGGANTI DISFLATYL','','ST_CLK','ST_PELAYANAN','','','T','F','T','0','','','','1','PCS','PCS','PCS','0000-00-00 00:00:00',1,'2010-12-02 00:00:00',4,'T',4,'','T','','F','','','','','','F','T','PCS','T',''),(623,'1139901730','37830491','KERANJANG PLASTIK KOTAK SERBAGUNA','','','ST_RTU','ST_UMUM','','','T','F','T','0','','','','1','PCS','PCS','PCS','0000-00-00 00:00:00',28,'0000-00-00 00:00:00',4,'T',3,'','T','','F','','','','','','F','T','PCS','T',''),(624,'1139901729','37830492','AMPLOP / ENVELOPE HOLDER','','','ST_RTU','ST_ADMIN','','','T','F','T','0','','','','1','PCS','PCS','PCS','0000-00-00 00:00:00',0,'2013-11-01 00:00:00',4,'T',2,'','T','','F','','','','','','F','T','PCS','T',''),(625,'CONS00001','37830493','REAGEN PREMIER CONSINASI ( HBA 1 C )','','','ST_KIMIA','ST_KIMIA','','','T','F','T','0','','','','1','TEST','TEST','TEST','0000-00-00 00:00:00',0,'2009-04-08 00:00:00',4,'T',2,'','T','','F','','','','','','F','T','TEST','T',''),(626,'ST-0400002','37830494','BIAYA PERAKITAN / PEMINDAHAN UNIT','','','ST_UMUM','BIAYA','','','T','F','T','0','','','','1','UNIT','UNIT','UNIT','0000-00-00 00:00:00',1,'2008-02-05 00:00:00',4,'T',3,'','T','','F','','','','','','F','T','UNIT','T',''),(627,'ST-0400001','37830495','BIAYA ONGKOS KIRIM ','','','ST_UMUM','BIAYA','','','T','F','T','0','','','','1','UNIT','UNIT','UNIT','0000-00-00 00:00:00',1,'0000-00-00 00:00:00',4,'T',5,'','T','','F','','','','','','F','T','UNIT','T',''),(628,'1139901717','37830496','SIGN BOARD SILVER MIRROR A4 - 271092','','','ST_RTU','ST_UMUM','','','T','F','T','0','','','','1','UNIT','UNIT','UNIT','0000-00-00 00:00:00',0,'0000-00-00 00:00:00',4,'T',2,'','T','','F','','','','','','F','T','UNIT','T',''),(629,'1139901715','37830497','KOPI BIJI MATANG ( KEMASAN 250 GRAM )','','','ST_RTU','KONSUMSI','','','T','F','T','0','','','','1','PCS','PCS','PCS','0000-00-00 00:00:00',1,'0000-00-00 00:00:00',4,'T',3,'','T','','F','','','','','','F','T','PCS','T',''),(630,'1139900911','37830498','TINTA EPSON M 100 - T7741 BLACK','','','ST_RTU','ST_ADMIN','','','T','F','T','0','','','','1','BOTOL','BOTOL','BOTOL','0000-00-00 00:00:00',0,'0000-00-00 00:00:00',4,'T',3,'','T','','F','','','','','','F','T','BOTOL','T',''),(631,'1130200604','37830499','SEBIA CAPICLEAN  CAT 2058','','','ST_HEMA','ST_KIMIA','','','T','F','T','0','','','','1','PAK','PAK','PAK','0000-00-00 00:00:00',0,'0000-00-00 00:00:00',4,'T',4,'','T','','F','','','','','','F','T','PAK','T',''),(632,'1130200603','37830500','CC MCC LIPID / LIPID MULTICONSTITUENT CALIB - 5P56.01 ','','','ST_KIMIA','ST_KIMIA','','','T','F','T','0','','','','1','VIAL','VIAL','VIAL','0000-00-00 00:00:00',1,'0000-00-00 00:00:00',4,'T',6,'','T','','F','','','','','','F','T','VIAL','T',''),(633,'1139900908','37830501','KERTAS KOP A4  PRAMITA MAKASSAR','','','ST_CETAK','ST_UMUM','','','T','F','T','0','','','','1','RIM','RIM','RIM','0000-00-00 00:00:00',0,'0000-00-00 00:00:00',4,'T',5,'','T','','F','','','','','','F','T','RIM','T',''),(634,'1130200602','37830502','COBAS SAMPLE CLEANER 1 - COBAS C  ( 12 X 59 ML ) - 04708725190','','','ST_KIMIA','ST_KIMIA','','','T','F','T','0','','','','1','BOTOL','BOTOL','BOTOL','0000-00-00 00:00:00',2,'0000-00-00 00:00:00',0,'T',8,'','T','','F','','','','','','F','T','BOTOL','T',''),(635,'1130309282','37830503','ELECSYS FREE T4 GEN 2 200T - 6437281190','','','ST_IMUNO','ST_IMMUN','','','T','F','T','0','','','','1','KIT','KIT','KIT','0000-00-00 00:00:00',0,'0000-00-00 00:00:00',4,'T',5,'','T','','F','','','','','','F','T','KIT','T',''),(636,'1130309281','37830504','ELECSYS AMH PRECI CTRL - 6709966190','','','ST_IMUNO','ST_IMMUN','','','T','F','T','0','','','','1','KIT','KIT','KIT','0000-00-00 00:00:00',0,'0000-00-00 00:00:00',4,'T',3,'','T','','F','','','','','','F','T','KIT','T',''),(637,'1130309280','37830505','ELECSYS AMH CALLSET - 6331084190','','','ST_IMUNO','ST_IMMUN','','','T','F','T','0','','','','1','KIT','KIT','KIT','0000-00-00 00:00:00',0,'0000-00-00 00:00:00',4,'T',3,'','T','','F','','','','','','F','T','KIT','T',''),(638,'1130309279','37830506','ELECSYS AMH  100 T  - 6331076190','','','ST_IMUNO','ST_IMMUN','','','T','F','T','0','','','','1','KIT','KIT','KIT','0000-00-00 00:00:00',0,'0000-00-00 00:00:00',4,'T',3,'','T','','F','','','','','','F','T','KIT','T',''),(639,'1139900898','37830507','ACCU CHECK ACTIVE 50 STRIP ( ROCHE ) - 06656757','','','ST_CE','ST_IMMUN','','','T','F','T','0','','','','1','PAK','PAK','PAK','0000-00-00 00:00:00',1,'0000-00-00 00:00:00',0,'F',8,'','T','','F','','','','','','F','T','PAK','T',''),(640,'1139900897','37830508','BLOOD LANCET - ACCU CHECK SOFTCLIX ISI 200 ( ROCHE )','','','ST_CE','ST_IMMUN','','','T','F','T','0','','','','1','PAK','PAK','PAK','0000-00-00 00:00:00',1,'0000-00-00 00:00:00',0,'F',4,'','T','','F','','','','','','F','T','PAK','T',''),(641,'1139900896','37830509','ALAT MONITOR GULA DARAH - ACCU CHECK ACTIVE ( ROCHE )','','','ST_CE','ST_IMMUN','','','T','F','T','0','','','','1','PCS','PCS','PCS','0000-00-00 00:00:00',1,'0000-00-00 00:00:00',0,'F',11,'','T','','F','','','','','','F','T','PCS','T',''),(642,'1130309276','37830510','DELFIA WASH CENCENTRATE - 3014-0010','8 X 40 ML','','ST_IMUNO','ST_IMMUN','','','T','F','T','0','','','','1','KIT','KIT','KIT','0000-00-00 00:00:00',0,'2039-01-06 00:00:00',4,'T',3,'','T','','F','','','','','','F','T','KIT','T',''),(643,'1130309275','37830511','DELFIA INDUCER - 3027-0010','8X30 ML','','ST_IMUNO','ST_IMMUN','','','T','F','T','0','','','','1','KIT','KIT','KIT','0000-00-00 00:00:00',0,'0000-00-00 00:00:00',4,'T',3,'','T','','F','','','','','','F','T','KIT','T',''),(644,'1130309252','37830512','ELECSYS PRECICONTROL ANTI HAV IgM - 11876368122','','','ST_IMUNO','ST_IMMUN','','','T','F','T','0','','','','1','KIT','KIT','KIT','0000-00-00 00:00:00',1,'0000-00-00 00:00:00',0,'T',7,'','T','','F','','','','','','F','T','KIT','T',''),(645,'1139800546','37830513','PERISTALTIC PUMP TUBING ( MED )  91485.01 - FOR CELL DYN RUBY','','','ST_CL','','','','T','F','T','0','','','','1','UNIT','UNIT','UNIT','0000-00-00 00:00:00',0,'2024-06-00 00:00:00',4,'T',3,'','T','','F','','','','','','F','T','UNIT','T',''),(646,'1139900882','37830514','LAKBAN MERAH 2 X 100','','','ST_RTU','ATK','','','T','F','T','0','','','','1','ROLL','ROLL','ROLL','0000-00-00 00:00:00',1,'0000-00-00 00:00:00',4,'T',6,'','T','','F','','','','','','F','T','ROLL','T',''),(647,'1139800535','37830515','BAK INSTRUMEN SS 509','','','ST_CR','ST_PELAYANAN','','','T','F','T','0','','','','1','PCS','PCS','PCS','0000-00-00 00:00:00',0,'0000-00-00 00:00:00',4,'T',2,'','T','','F','','','','','','F','T','PCS','T',''),(648,'1139800534','37830516','GUNTING ARTERI KLEM PEAN LURUS 14 PCS','','','ST_CR','ST_PELAYANAN','','','T','F','T','0','','','','1','PCS','PCS','PCS','0000-00-00 00:00:00',0,'0000-00-00 00:00:00',4,'T',2,'','T','','F','','','','','','F','T','PCS','T',''),(649,'1139800533','37830517','TEMPAT KAPAS 12 CM + TUTUP','','','ST_CR','ST_PELAYANAN','','','T','F','F','0','','','','1','PCS','PCS','PCS','0000-00-00 00:00:00',0,'0000-00-00 00:00:00',4,'F',3,'','T','','F','','','','','','F','T','PCS','T',''),(650,'1130309273','37830518','VIDAS ANTI HCV - 30308','','','ST_IMUNO','ST_IMMUN','','','T','F','T','0','','','','1','STRIP','STRIP','STRIP','0000-00-00 00:00:00',1,'0000-00-00 00:00:00',4,'T',5,'','T','','F','','','','','','F','T','STRIP','T',''),(651,'1139800532','37830519','THERMAL PAPER FOR CLINITEK','','','ST_CL','SUPPLIES','','','T','F','T','0','','','','1','ROL','ROL','ROL','0000-00-00 00:00:00',1,'0000-00-00 00:00:00',4,'T',6,'','T','','F','','','','','','F','T','ROL','T',''),(652,'1130400266','37830520','ATLAS CONTROL STRIP 5019','','','ST_KR','ST_KIMIA','','','T','F','T','0','','','','1','BOX','BOX','BOX','0000-00-00 00:00:00',0,'2031-09-05 00:00:00',4,'T',2,'','T','','F','','','','','','F','T','BOX','T',''),(653,'1130400265','37830521','OPI / MORP INTEC STRIP 50','','','ST_KR','ST_KIMIA','','','T','F','T','0','','','','1','STRIP','STRIP','STRIP','0000-00-00 00:00:00',0,'0000-00-00 00:00:00',4,'T',2,'','T','','F','','','','','','F','T','STRIP','T',''),(654,'1130400264','37830522','THC INTEC STRIP 50','','','ST_KR','ST_KIMIA','','','T','F','T','0','','','','1','STRIP','STRIP','STRIP','0000-00-00 00:00:00',0,'0000-00-00 00:00:00',4,'F',3,'','T','','F','','','','','','F','T','STRIP','T',''),(655,'1130400263','37830523','COCAIN INTEC STRIP 50','','','ST_KR','ST_KIMIA','','','T','F','T','0','','','','1','STRIP','STRIP','STRIP','0000-00-00 00:00:00',0,'0000-00-00 00:00:00',4,'F',4,'','T','','F','','','','','','F','T','STRIP','T',''),(656,'1139800531','37830524','ANTISEPTIC HAND RUB E-CARE 500 ML','','','ST_CL','ST_PELAYANAN','','','T','F','T','0','','','','1','BOTOL','BOTOL','BOTOL','0000-00-00 00:00:00',0,'0000-00-00 00:00:00',4,'T',2,'','T','','F','','','','','','F','T','BOTOL','T',''),(657,'1130100107','37830525','TE CONTROL - N 010 ( NORMAL COAGULATION )','','','ST_HEMA','ST_KIMIA','','','T','F','T','0','','','','1','VIAL','VIAL','VIAL','0000-00-00 00:00:00',0,'0000-00-00 00:00:00',4,'F',7,'','T','','F','','','','','','F','T','VIAL','T',''),(658,'1139800530','37830526','TABUNG REAKSI 16 X 100 ( PYREX )','','','ST_SUPPL','SUPPLIES','','','T','F','T','0','','','','1','PCS','PCS','PCS','0000-00-00 00:00:00',1,'0000-00-00 00:00:00',4,'T',3,'','T','','F','','','','','','F','T','PCS','T',''),(659,'1139800529','37830527','AQUADEST 20 LITER','','','ST_CL','ST_KIMIA','','','T','F','T','0','','','','1','GALON','GALON','GALON','0000-00-00 00:00:00',0,'0000-00-00 00:00:00',4,'T',2,'','T','','F','','','','','','F','T','GALON','T',''),(660,'1139800528','37830528','PLESTERIN','','','ST_CL','ST_PELAYANAN','','','T','F','T','0','','','','1','PCS','PCS','PCS','0000-00-00 00:00:00',0,'2012-01-03 00:00:00',4,'T',2,'','T','','F','','','','','','F','T','PCS','T',''),(661,'1139800527','37830529','JARUM / NEEDLE  BD 25 G','','','ST_CL','ST_PELAYANAN','','','T','F','T','0','','','','1','PCS','PCS','PCS','0000-00-00 00:00:00',0,'0000-00-00 00:00:00',4,'T',3,'','T','','F','','','','','','F','T','PCS','T',''),(662,'1139800545','37830530','MICROBUBBLE FILTER - INLINE ( 06H92.01 ) - FOR CELL DYN RUBY','','','ST_CL','','','','T','F','T','0','','','','1','UNIT','UNIT','UNIT','0000-00-00 00:00:00',0,'0000-00-00 00:00:00',4,'T',8,'','T','','F','','','','','','F','T','UNIT','T',''),(663,'1139900894','37830531','LAMPU TL 22 WATT','','','ST_RTU','ST_UMUM','','','T','F','T','0','','','','1','PCS','PCS','PCS','0000-00-00 00:00:00',0,'0000-00-00 00:00:00',0,'T',4,'','T','','F','','','','','','F','T','PCS','T',''),(664,'1139900890','37830532','TINTA STEMPEL BIASA ( HITAM )','','','ST_RTU','ATK','','','T','F','T','0','','','','1','BOTOL','BOTOL','BOTOL','0000-00-00 00:00:00',1,'0000-00-00 00:00:00',4,'T',5,'','T','','F','','','','','','F','T','BOTOL','T',''),(665,'1139900889','37830533','TINTA STEMPEL BIASA ( MERAH )','','','ST_RTU','ATK','','','T','F','T','0','','','','1','BOTOL','BOTOL','BOTOL','0000-00-00 00:00:00',0,'0000-00-00 00:00:00',4,'T',4,'','T','','F','','','','','','F','T','BOTOL','T',''),(666,'1139900888','37830534','FORMULIR HOME SERVICE ( NON NCR )','','','ST_CETAK','ST_ADMIN','','','T','F','T','0','','','','1','BUKU','BUKU','BUKU','0000-00-00 00:00:00',0,'0000-00-00 00:00:00',4,'T',11,'','T','','F','','','','','','F','T','BUKU','T',''),(667,'1139900887','37830535','FORMULIR  PERMINTAAN BARANG ( BESAR ) - NCR','','','ST_CETAK','ST_ADMIN','','','T','F','T','0','','','','1','BUKU','BUKU','BUKU','0000-00-00 00:00:00',0,'0000-00-00 00:00:00',4,'F',4,'','T','','F','','','','','','F','T','BUKU','T',''),(668,'1139800526','37830536','POVIDINE IODINE 10% 1 LITER','','','ST_FK','ST_PELAYANAN','','','T','F','T','0','','','','1','BOTOL','BOTOL','BOTOL','0000-00-00 00:00:00',0,'0000-00-00 00:00:00',4,'T',2,'','T','','F','','','','','','F','T','BOTOL','T',''),(669,'1139800525','37830537','KASA GULUNG 40 X 80','','','ST_CLK','SUPPLIES','','','T','F','T','0','','','','1','ROLL','ROLL','ROLL','0000-00-00 00:00:00',1,'0000-00-00 00:00:00',4,'T',5,'','T','','F','','','','','','F','T','ROLL','T',''),(670,'1130200595','37830538','HBA1c PRE TREATMENT LIQ. 12X20 ML THERMO - K 1924','','','ST_KIMIA','ST_KIMIA','','','T','F','T','0','','','','1','KIT','KIT','KIT','0000-00-00 00:00:00',0,'0000-00-00 00:00:00',4,'T',2,'','T','','F','','','','','','F','T','KIT','T',''),(671,'1130200594','37830539','HBA1c CONTROL NORMAL 5 X 1 ML THERMO -K1695','','','ST_KIMIA','ST_KIMIA','','','T','F','T','0','','','','1','KIT','KIT','KIT','0000-00-00 00:00:00',0,'0000-00-00 00:00:00',4,'T',2,'','T','','F','','','','','','F','T','KIT','T',''),(672,'1139800524','37830540','SAFETY BOX KUNING  ( 5 LITER )','','','ST_CL','ST_UMUM','','','T','F','T','0','','','','1','PCS','PCS','PCS','0000-00-00 00:00:00',0,'0000-00-00 00:00:00',4,'T',3,'','T','','F','','','','','','F','T','PCS','T',''),(673,'1139900881','37830541','AMPLOP PUTIH SEDANG 80 GR','','','ST_CETAK','CETAKAN','','','T','F','T','0','','','','1','PAK','PAK','PAK','0000-00-00 00:00:00',0,'0000-00-00 00:00:00',4,'T',6,'','T','','F','','','','','','F','T','PAK','T',''),(674,'1130400261','37830542','AMPHETAMIN INTEC STRIP  50','','','ST_KR','ST_KIMIA','','','T','F','T','0','','','','1','STRIP','STRIP','STRIP','0000-00-00 00:00:00',0,'0000-00-00 00:00:00',4,'F',3,'','T','','F','','','','','','F','T','STRIP','T',''),(675,'1139900880','37830543','KERTAS NOTA KWITANSI ','','','ST_CETAK','ST_ADMIN','','','T','F','T','0','','','','1','BUKU','BUKU','BUKU','0000-00-00 00:00:00',1,'0000-00-00 00:00:00',4,'T',7,'','T','','F','','','','','','F','T','BUKU','T',''),(676,'1139800519','37830544','JARUM / NEEDLE NIPRO 25G','','','ST_CL','ST_PELAYANAN','','','T','F','T','0','','','','1','PCS','PCS','PCS','0000-00-00 00:00:00',0,'0000-00-00 00:00:00',4,'T',3,'','T','','F','','','','','','F','T','PCS','T',''),(677,'1139800518','37830545','KAPAS PEMBALUT','','','ST_FK','ST_PELAYANAN','','','T','F','T','0','','','','1','PCS','PCS','PCS','0000-00-00 00:00:00',0,'0000-00-00 00:00:00',4,'F',3,'','T','','F','','','','','','F','T','PCS','T',''),(678,'1139800517','37830546','WATER ONE 1 LITER ONE MED ( AQUADES )','','','ST_CL','ST_KIMIA','','','T','F','T','0','','','','1','BOTOL','BOTOL','BOTOL','0000-00-00 00:00:00',0,'2020-05-02 00:00:00',4,'T',2,'','T','','F','','','','','','F','T','BOTOL','T',''),(679,'1130100106','37830547','TE CLOT CALCIUM CHLORIDE 0,025 M','','','ST_HEMA','ST_KIMIA','','','T','F','T','0','','','','1','VIAL','VIAL','VIAL','0000-00-00 00:00:00',0,'0000-00-00 00:00:00',4,'T',3,'','T','','F','','','','','','F','T','VIAL','T',''),(680,'1130100105','37830548','BCB 1% KEMASAN 50 ML','','','ST_HEMA','ST_KIMIA','','','T','F','T','0','','','','1','BOTOL','BOTOL','BOTOL','0000-00-00 00:00:00',0,'0000-00-00 00:00:00',4,'T',3,'','T','','F','','','','','','F','T','BOTOL','T',''),(681,'1130100104','37830549','TE CLOTAPTT-S A0320-050','','','ST_HEMA','ST_KIMIA','','','T','F','T','0','','','','1','VIAL','VIAL','VIAL','0000-00-00 00:00:00',0,'2016-12-04 00:00:00',4,'T',3,'','T','','F','','','','','','F','T','VIAL','T',''),(682,'1130100103','37830550','TE CLOT PT-S ( TROMBOPLASTIN ) 4 ML','','','ST_HEMA','ST_KIMIA','','','T','F','T','0','','','','1','VIAL','VIAL','VIAL','0000-00-00 00:00:00',0,'2012-11-01 00:00:00',4,'T',3,'','T','','F','','','','','','F','T','VIAL','T',''),(683,'1130400260','37830551','COCAIN RIGHT SIGN DEVICE 25','','','ST_KR','ST_PELAYANAN','','','T','F','T','0','','','','1','TEST','TEST','TEST','0000-00-00 00:00:00',0,'0000-00-00 00:00:00',4,'T',6,'','T','','F','','','','','','F','T','TEST','T',''),(684,'1130400259','37830552','THC RIGHT SIGN DEVICE  25','','','ST_KR','ST_KIMIA','','','T','F','T','0','','','','1','TEST','TEST','TEST','0000-00-00 00:00:00',0,'0000-00-00 00:00:00',4,'T',5,'','T','','F','','','','','','F','T','TEST','T',''),(685,'1130400258','37830553','BENZODIAZEPINE RIGHT SIGN DEVICE 25','','','ST_KR','ST_PELAYANAN','','','T','F','T','0','','','','1','BOX','BOX','BOX','0000-00-00 00:00:00',0,'0000-00-00 00:00:00',4,'T',8,'','T','','F','','','','','','F','T','BOX','T',''),(686,'1130400257','37830554','MORPHINE RIGHT SIGN DEVICE 25','','','ST_KR','ST_PELAYANAN','','','T','F','T','0','','','','1','TEST','TEST','TEST','0000-00-00 00:00:00',0,'0000-00-00 00:00:00',4,'T',2,'','T','','F','','','','','','F','T','TEST','T',''),(687,'1130400256','37830555','AMPHETAMIN RIGHT SIGN DEVICE 25','','','ST_KR','ST_KIMIA','','','T','F','T','0','','','','1','TEST','TEST','TEST','0000-00-00 00:00:00',1,'0000-00-00 00:00:00',4,'T',7,'','T','','F','','','','','','F','T','TEST','T',''),(688,'1130400255','37830556','MULTISTIK 10 SG 100 S - A2300A15','','','ST_KR','ST_PELAYANAN','','','T','F','T','0','','','','1','BOX','BOX','BOX','0000-00-00 00:00:00',1,'0000-00-00 00:00:00',4,'T',4,'','T','','F','','','','','','F','T','BOX','T',''),(689,'1139800516','37830557','TUBE SST II  PLH 5  ML  -  BD ( 367955 )','','','ST_CL','SUPPLIES','','','T','F','T','0','','','','1','PCS','PCS','PCS','0000-00-00 00:00:00',0,'2041-12-02 00:00:00',4,'T',8,'','T','','F','','','','','','F','T','PCS','T',''),(690,'1130400254','37830558','METHAMPHETAMIN RIGHT SIGN STRIPS 50','','','ST_KR','ST_KIMIA','','','T','F','T','0','','','','1','STRIP','STRIP','STRIP','0000-00-00 00:00:00',0,'0000-00-00 00:00:00',4,'F',3,'','T','','F','','','','','','F','T','STRIP','T',''),(691,'1139900879','37830559','FORMULIR PEMERIKSAAN MATA','','','ST_CETAK','ST_PELAYANAN','','','T','F','T','0','','','','1','BUKU','BUKU','BUKU','0000-00-00 00:00:00',1,'0000-00-00 00:00:00',4,'T',8,'','T','','F','','','','','','F','T','BUKU','T',''),(692,'1139900878','37830560','FORMULIR PEMERIKSAAN GIGI ( Drg )','','','ST_CETAK','ST_PELAYANAN','','','T','F','T','0','','','','1','BUKU','BUKU','BUKU','0000-00-00 00:00:00',0,'0000-00-00 00:00:00',4,'T',7,'','T','','F','','','','','','F','T','BUKU','T',''),(693,'1130500151','37830561','SS AGAR 500 Gr - BIOLIFE','','','ST_MIKRO','ST_KIMIA','','','T','F','T','0','','','','1','BOTOL','BOTOL','BOTOL','0000-00-00 00:00:00',0,'0000-00-00 00:00:00',4,'T',2,'','T','','F','','','','','','F','T','BOTOL','T',''),(694,'1130500150','37830562','CLED MEDIUM AGAR 500 Gr - BIOLIFE','','','ST_MIKRO','ST_KIMIA','','','T','F','T','0','','','','1','BOTOL','BOTOL','BOTOL','0000-00-00 00:00:00',0,'0000-00-00 00:00:00',4,'T',2,'','T','','F','','','','','','F','T','BOTOL','T',''),(695,'1130500149','37830563','MUELLER HINTON AGAR II 500 Gr - BIOLIFE','','','ST_MIKRO','ST_KIMIA','','','T','F','T','0','','','','1','BOTOL','BOTOL','BOTOL','0000-00-00 00:00:00',0,'0000-00-00 00:00:00',4,'T',2,'','T','','F','','','','','','F','T','BOTOL','T',''),(696,'1139901070','37830564','TINTA CE 285 A DELIGHT PRINT','','','ST_RTU','SUPPLIES','','','T','F','T','0','','','','1','PCS','PCS','PCS','0000-00-00 00:00:00',0,'0000-00-00 00:00:00',4,'T',2,'','T','','F','','','','','','F','T','PCS','T',''),(697,'1139800604','37830565','TIP KUNING / YELLOW TIP AXYGEN TR 222 Y ( 1000 PCS / PAK )','','','ST_CL','SUPPLIES','','','T','F','T','0','','','','1','PAK','PAK','PAK','0000-00-00 00:00:00',0,'0000-00-00 00:00:00',4,'T',3,'','T','','F','','','','','','F','T','PAK','T',''),(698,'1139800603','37830566','TIP BIRU / BLUE TIP AXYGEN T 1000 B ( 100 PCS / PAK )','','','ST_CL','SUPPLIES','','','T','F','T','0','','','','1','PAK','PAK','PAK','0000-00-00 00:00:00',0,'0000-00-00 00:00:00',4,'T',4,'','T','','F','','','','','','F','T','PAK','T',''),(699,'1139800602','37830567','ALKOHOL SWAB BD - 326894','','','ST_CL','SUPPLIES','','','T','F','T','0','','','','1','PAK','PAK','PAK','0000-00-00 00:00:00',0,'0000-00-00 00:00:00',4,'T',3,'','T','','F','','','','','','F','T','PAK','T',''),(700,'1130500148','37830568','VITEX AST ST01 - 41002','','','ST_MIKRO','ST_KIMIA','','','T','F','T','0','','','','1','KIT','KIT','KIT','0000-00-00 00:00:00',0,'0000-00-00 00:00:00',4,'T',4,'','T','','F','','','','','','F','T','KIT','T',''),(701,'1130400499','37830569','PANDY','','','ST_KR','ST_KIMIA','','','T','F','T','0','','','','1','BOTOL','BOTOL','BOTOL','0000-00-00 00:00:00',0,'0000-00-00 00:00:00',4,'T',2,'','T','','F','','','','','','F','T','BOTOL','T',''),(702,'1130309428','37830570','RF DIALAB 100 T - 603409','','','ST_IMUNO','ST_IMMUN','','','T','F','T','0','','','','1','KIT','KIT','KIT','0000-00-00 00:00:00',0,'0000-00-00 00:00:00',4,'T',2,'','T','','F','','','','','','F','T','KIT','T',''),(703,'1130309427','37830571','ASTO DIALAB 100 T - 603401','','','ST_IMUNO','ST_IMMUN','','','T','F','T','0','','','','1','KIT','KIT','KIT','0000-00-00 00:00:00',0,'0000-00-00 00:00:00',4,'T',2,'','T','','F','','','','','','F','T','KIT','T',''),(704,'1130309426','37830572','PROTEIN TOTAL IN  URINE / CSF DIALAB 100 T - D03200','','','ST_KIMIA','ST_IMMUN','','','T','F','T','0','','','','1','KIT','KIT','KIT','0000-00-00 00:00:00',0,'0000-00-00 00:00:00',4,'T',2,'','T','','F','','','','','','F','T','KIT','T',''),(705,'1130309425','37830573','DENGUE IgG / IgM  RAPID - ONCOPROBE','','','ST_IMUNO','ST_IMMUN','','','T','F','T','0','','','','1','KIT','KIT','KIT','0000-00-00 00:00:00',0,'0000-00-00 00:00:00',4,'T',2,'','T','','F','','','','','','F','T','KIT','T',''),(706,'1130309424','37830574','FREE TESTOSTERON ACCU BIND 96 T','','','ST_IMUNO','ST_IMMUN','','','T','F','T','0','','','','1','KIT','KIT','KIT','0000-00-00 00:00:00',0,'0000-00-00 00:00:00',4,'T',2,'','T','','F','','','','','','F','T','KIT','T',''),(707,'1130309422','37830575','ALLERGEN SPECIFIC IgE DETECTION KIT','','','ST_IMUNO','ST_IMMUN','','','T','F','T','0','','','','1','KIT','KIT','KIT','0000-00-00 00:00:00',0,'0000-00-00 00:00:00',4,'T',2,'','T','','F','','','','','','F','T','KIT','T',''),(708,'1130309423','37830576','CRP DIALAB100T - 603407','','','ST_IMUNO','ST_IMMUN','','','T','F','T','0','','','','1','KIT','KIT','KIT','0000-00-00 00:00:00',0,'0000-00-00 00:00:00',4,'T',2,'','T','','F','','','','','','F','T','KIT','T',''),(709,'1130309421','37830577','ANTI HCV IgM ACCUDIAG ELISA 96 T','','','ST_IMUNO','ST_IMMUN','','','T','F','T','0','','','','1','KIT','KIT','KIT','0000-00-00 00:00:00',0,'0000-00-00 00:00:00',4,'T',2,'','T','','F','','','','','','F','T','KIT','T',''),(710,'1130309420','37830578','ARCH SCC CONTROL - 8D18.11','','','ST_IMUNO','ST_IMMUN','','','T','F','T','0','','','','1','KIT','KIT','KIT','0000-00-00 00:00:00',0,'0000-00-00 00:00:00',4,'T',2,'','T','','F','','','','','','F','T','KIT','T',''),(711,'1130309419','37830579','ARCH SCC CALIBRATOR - 8D18.02','','','ST_IMUNO','ST_IMMUN','','','T','F','T','0','','','','1','KIT','KIT','KIT','0000-00-00 00:00:00',0,'0000-00-00 00:00:00',4,'T',2,'','T','','F','','','','','','F','T','KIT','T',''),(712,'1130309418','37830580','ARCH RUBELLA IgM CONTROL - 6C18.10','','','ST_IMUNO','ST_IMMUN','','','T','F','T','0','','','','1','KIT','KIT','KIT','0000-00-00 00:00:00',0,'0000-00-00 00:00:00',4,'T',2,'','T','','F','','','','','','F','T','KIT','T',''),(713,'1130309417','37830581','ARCH RUBELLA IgM CALIBRATOR - 6C18.01','','','ST_IMUNO','ST_IMMUN','','','T','F','T','0','','','','1','KIT','KIT','KIT','0000-00-00 00:00:00',0,'0000-00-00 00:00:00',4,'T',2,'','T','','F','','','','','','F','T','KIT','T',''),(714,'1130309416','37830582','ARCH RUBELLA IgM 100 T - 6C18.25','','','ST_IMUNO','ST_IMMUN','','','T','F','T','0','','','','1','KIT','KIT','KIT','0000-00-00 00:00:00',0,'0000-00-00 00:00:00',4,'T',2,'','T','','F','','','','','','F','T','KIT','T',''),(715,'1130309415','37830583','ARCH RUBELLA IgG CONTROL - 6C17.12','','','ST_IMUNO','ST_IMMUN','','','T','F','T','0','','','','1','KIT','KIT','KIT','0000-00-00 00:00:00',0,'0000-00-00 00:00:00',4,'T',2,'','T','','F','','','','','','F','T','KIT','T',''),(716,'1130309414','37830584','ARCH RUBELLA IgG CALIBRATOR - 6C17.02','','','ST_IMUNO','ST_IMMUN','','','T','F','T','0','','','','1','KIT','KIT','KIT','0000-00-00 00:00:00',0,'0000-00-00 00:00:00',4,'T',2,'','T','','F','','','','','','F','T','KIT','T',''),(717,'1130309413','37830585','ARCH RUBELLA IgG 100 T - 6C17.28','','','ST_IMUNO','ST_IMMUN','','','T','F','T','0','','','','1','KIT','KIT','KIT','0000-00-00 00:00:00',1,'0000-00-00 00:00:00',4,'T',3,'','T','','F','','','','','','F','T','KIT','T',''),(718,'1130309412','37830586','ARCH CA 125 CONTROL - 2K45.10','','','ST_IMUNO','ST_IMMUN','','','T','F','T','0','','','','1','KIT','KIT','KIT','0000-00-00 00:00:00',0,'2045-07-02 00:00:00',4,'T',2,'','T','','F','','','','','','F','T','KIT','T',''),(719,'1130309411','37830587','ARCH CA 125 CALIBRATOR - 2K45.01','','','ST_IMUNO','ST_IMMUN','','','T','F','T','0','','','','1','KIT','KIT','KIT','0000-00-00 00:00:00',0,'0000-00-00 00:00:00',4,'T',2,'','T','','F','','','','','','F','T','KIT','T',''),(720,'1130309410','37830588','ARCH CA 15-3 CONTROL - 2K44.10','','','ST_IMUNO','ST_IMMUN','','','T','F','T','0','','','','1','KIT','KIT','KIT','0000-00-00 00:00:00',0,'0000-00-00 00:00:00',4,'T',2,'','T','','F','','','','','','F','T','KIT','T',''),(721,'1130309409','37830589','ARCH CA 15-3 CALIBRATOR - 2K44.25','','','ST_IMUNO','ST_IMMUN','','','T','F','T','0','','','','1','KIT','KIT','KIT','0000-00-00 00:00:00',0,'0000-00-00 00:00:00',4,'T',2,'','T','','F','','','','','','F','T','KIT','T',''),(722,'1139800018','37830590','SPUIT 50 CC ( TERUMO )','','\"{\rtf1ansiansicpg1252deff0defl','ST_CL','SUPPLIES','','','T','F','T','0','','\"{\rtf1ansiansicpg1252deff0defl','','1','PCS','PCS','PCS','0000-00-00 00:00:00',0,'0000-00-00 00:00:00',0,'T',12,'','','','F','','','','','','F','','PCS','T',''),(723,'1130305031','37830591','PLASTIK EUROLINE - ZD 9885 - 0116','','','ST_IMUNO','ST_IMMUN','','','T','F','T','0','','','','1','PCS','PCS','PCS','0000-00-00 00:00:00',0,'2057-01-06 00:00:00',4,'T',2,'','T','','F','','','','','','F','T','PCS','T',''),(724,'1130305030','37830592','KERTAS HIJAU EUROLINE - ZD 8990 - 0101','','','ST_IMUNO','ST_IMMUN','','','T','F','T','0','','','','1','PCS','PCS','PCS','0000-00-00 00:00:00',0,'0000-00-00 00:00:00',4,'T',2,'','T','','F','','','','','','F','T','PCS','T',''),(725,'1139800560','37830593','SPECULUM  ( L )','','','ST_CLK','SUPPLIES','','','T','F','T','0','','','','1','PCS','PCS','PCS','0000-00-00 00:00:00',0,'0000-00-00 00:00:00',4,'T',4,'','T','','F','','','','','','F','T','PCS','T',''),(726,'ST-0600002','37830594','BIAYA SERVICE  ALAT ELEKTROMEDIS','','','ST_UMUM','BIAYA','','','T','F','T','0','','','','1','UNIT','UNIT','UNIT','0000-00-00 00:00:00',1,'2014-06-03 00:00:00',4,'T',5,'','T','','F','','','','','','F','T','UNIT','T',''),(727,'1130305029','37830595','CRAB  - EP - F023 - 0110','','','ST_IMUNO','ST_IMMUN','','','T','F','T','0','','','','1','TES','TES','TES','0000-00-00 00:00:00',0,'0000-00-00 00:00:00',4,'T',2,'','T','','F','','','','','','F','T','TES','T',''),(728,'ST-0400004','37830596','JASA BIAYA INSTALASI','JASA BIAYA PASANG ( TERMASUK PASANG AC DLSB )','','ST_RTU','SUPPLIES','','','T','F','T','0','','','','1','SET','SET','SET','0000-00-00 00:00:00',1,'0000-00-00 00:00:00',4,'T',4,'','T','','F','','','','','','F','T','SET','T',''),(729,'ST-0400003','37830597','JASA MAINTENANCE ALAT','MAINTENANCE RUTIN ','','ST_RTU','SUPPLIES','','','T','F','T','0','','','','1','UNIT','UNIT','UNIT','0000-00-00 00:00:00',1,'2058-08-03 00:00:00',4,'T',5,'','T','','F','','','','','','F','T','UNIT','T',''),(730,'1130100121','37830598','VISION DONGLE  ( PEMERIKSAAN LED )','','','ST_HEMA','SUPPLIES','','','T','F','T','0','','','','1','TEST','TEST','TEST','0000-00-00 00:00:00',0,'0000-00-00 00:00:00',4,'T',2,'','T','','F','','','','','','F','T','TEST','T',''),(731,'1139900906','37830599','EPINEFRIN  INJECTION ','','','ST_CE','ST_PELAYANAN','','','T','F','T','0','','','','1','VIAL','VIAL','VIAL','0000-00-00 00:00:00',0,'0000-00-00 00:00:00',4,'T',3,'','T','','F','','','','','','F','T','VIAL','T',''),(732,'1130200601','37830600','CC AERO LAMP - 9D45.03','','','ST_CL','SUPPLIES','','','T','F','T','0','','','','1','PCS','PCS','PCS','0000-00-00 00:00:00',2,'0000-00-00 00:00:00',0,'T',5,'','T','','F','','','','','','F','T','PCS','T',''),(733,'1130309277','37830601','DENGUE  IGG-IGM 25 TEST - IMMUNOQUICK','','','ST_IMUNO','ST_IMMUN','','','T','F','T','0','','','','1','TES','TES','TES','0000-00-00 00:00:00',0,'0000-00-00 00:00:00',0,'T',3,'','T','','F','','','','','','F','T','TES','T',''),(734,'1139900905','37830602','BROSUR KANKER SERVIX 2 - HPV','DARI BANDUNG','','ST_CETAK','CETAKAN','','','T','F','T','0','','','','1','LEMBAR','LEMBAR','LEMBAR','0000-00-00 00:00:00',0,'0000-00-00 00:00:00',4,'T',5,'','T','','F','','','','','','F','T','LEMBAR','T',''),(735,'1130200600','37830603','CC MAGNESIUM 1000 T - 3P68.21','','','ST_KIMIA','ST_KIMIA','','','T','F','T','0','','','','1','KIT','KIT','KIT','0000-00-00 00:00:00',0,'0000-00-00 00:00:00',4,'T',2,'','T','','F','','','','','','F','T','KIT','T',''),(736,'1139900903','37830604','TISSUE FACIAL SERBAGUNA','UNTUK VIP / RUANG MAKAN','','ST_RTU','ST_UMUM','','','T','F','T','0','','','','1','PCS','PCS','PCS','0000-00-00 00:00:00',0,'2030-05-02 00:00:00',4,'T',6,'','T','','F','','','','','','F','T','PCS','T',''),(737,'1130200599','37830605','NORTROL - 10 X 5 ml  Thermo -  81043  ','CONTROL NORMAL ','','ST_KIMIA','ST_KIMIA','','','T','F','T','0','','','','1','VIAL','VIAL','VIAL','0000-00-00 00:00:00',0,'0000-00-00 00:00:00',4,'T',2,'','T','','F','','','','','','F','T','VIAL','T',''),(738,'1139900902','37830606','SOUVENIR SHOPPING BAG - MERAH','','','ST_RTU','ST_PELAYANAN','','','T','F','T','0','','','','1','PCS','PCS','PCS','0000-00-00 00:00:00',0,'0000-00-00 00:00:00',4,'T',3,'','T','','F','','','','','','F','T','PCS','T',''),(739,'1139900901','37830607','SOUVENIR MUG BOWL','','','ST_CETAK','ST_PELAYANAN','','','T','F','T','0','','','','1','PCS','PCS','PCS','0000-00-00 00:00:00',0,'0000-00-00 00:00:00',4,'T',3,'','T','','F','','','','','','F','T','PCS','T',''),(740,'1139900900','37830608','BANTAL UNTUK SAMPLING - 29cm X 22cm','','','ST_RTU','ST_PELAYANAN','','','T','F','T','0','','','','1','PCS','PCS','PCS','0000-00-00 00:00:00',2,'2015-11-05 00:00:00',4,'T',5,'','T','','F','','','','','','F','T','PCS','T',''),(741,'1130400268','37830609','DOA  / MULTIDRUG TES NARKOBA 3 IN 1  ( 3 PARAMETER )','AMP - THC - MOP','','ST_KR','ST_KIMIA','','','T','F','T','0','','','','1','TES','TES','TES','0000-00-00 00:00:00',0,'0000-00-00 00:00:00',4,'T',8,'','T','','F','','','','','','F','T','TES','T',''),(742,'1130400262','37830610','BENZODIAZEPINE INTEC STRIP 50','','','ST_KR','ST_KIMIA','','','T','F','T','0','','','','1','STRIP','STRIP','STRIP','0000-00-00 00:00:00',0,'0000-00-00 00:00:00',4,'F',5,'','T','','F','','','','','','F','T','STRIP','T',''),(743,'1139900899','37830611','FORMULIR IJIN TUKAR SIFT ','','','ST_CETAK','ST_ADMIN','','','T','F','T','0','','','','1','BUKU','BUKU','BUKU','0000-00-00 00:00:00',0,'0000-00-00 00:00:00',0,'T',4,'','T','','F','','','','','','F','T','BUKU','T',''),(744,'1130200597','37830612','ADV TRIG_2 - 10335892','','','ST_KIMIA','ST_KIMIA','','','T','F','T','0','','','','1','BOTOL','BOTOL','BOTOL','0000-00-00 00:00:00',0,'0000-00-00 00:00:00',0,'T',3,'','T','','F','','','','','','F','T','BOTOL','T',''),(745,'1139900892','37830613','TISSUE FACIAL  -  120 SHEET ( KOTAK )','','','ST_RTU','ST_UMUM','','','T','F','T','0','','','','1','PCS','PCS','PCS','0000-00-00 00:00:00',0,'0000-00-00 00:00:00',0,'T',7,'','T','','F','','','','','','F','T','PCS','T',''),(746,'1139900891','37830614','CLIP PAPER NO 1','','','ST_RTU','ST_ADMIN','','','T','F','T','0','','','','1','PAK','PAK','PAK','0000-00-00 00:00:00',0,'0000-00-00 00:00:00',24,'T',3,'','T','','F','','','','','','F','T','PAK','T',''),(747,'1130400498','37830615','NONE APELT','','','ST_KR','ST_KIMIA','','','T','F','T','0','','','','1','BOTOL','BOTOL','BOTOL','0000-00-00 00:00:00',0,'0000-00-00 00:00:00',4,'T',2,'','T','','F','','','','','','F','T','BOTOL','T',''),(748,'1130400497','37830616','ESBACH - 100 mL','','','ST_KR','ST_KIMIA','','','T','F','T','0','','','','1','BOTOL','BOTOL','BOTOL','0000-00-00 00:00:00',0,'0000-00-00 00:00:00',4,'T',2,'','T','','F','','','','','','F','T','BOTOL','T',''),(749,'1130400496','37830617','ALKOHOL URINE ','','','ST_KR','ST_KIMIA','','','T','F','T','0','','','','1','TES','TES','TES','0000-00-00 00:00:00',0,'0000-00-00 00:00:00',4,'T',4,'','T','','F','','','','','','F','T','TES','T',''),(750,'1130309430','37830618','RF KUANTITATIF 30 T - AGAPE','','','ST_IMUNO','ST_IMMUN','','','T','F','T','0','','','','1','KIT','KIT','KIT','0000-00-00 00:00:00',0,'0000-00-00 00:00:00',4,'T',2,'','T','','F','','','','','','F','T','KIT','T',''),(751,'1130309429','37830619','ASO KUANTITATIF 30 T - AGAPE','','','ST_IMUNO','ST_IMMUN','','','T','F','T','0','','','','1','KIT','KIT','KIT','0000-00-00 00:00:00',0,'0000-00-00 00:00:00',4,'T',2,'','T','','F','','','','','','F','T','KIT','T',''),(752,'1130600044','37830620','IOPAMIRO 300 - 50 ml','','','ST_FK','ST_RADIO','','','T','F','T','0','','','','1','VIAL','VIAL','VIAL','0000-00-00 00:00:00',1,'2037-08-02 00:00:00',4,'T',5,'','T','','F','','','','','','F','T','VIAL','T',''),(753,'1130600043','37830621','IOPAMIRO 300 - 30 ml','','','ST_FK','ST_RADIO','','','T','F','T','0','','','','1','VIAL','VIAL','VIAL','0000-00-00 00:00:00',1,'0000-00-00 00:00:00',4,'T',4,'','T','','F','','','','','','F','T','VIAL','T',''),(754,'1139800601','37830622','TUBE BD 14 ML - 352059','','','ST_MD','SUPPLIES','','','T','F','T','0','','','','1','PCS','PCS','PCS','0000-00-00 00:00:00',0,'0000-00-00 00:00:00',4,'T',2,'','T','','F','','','','','','F','T','PCS','T',''),(755,'1130500160','37830623','REAGENT RESERVOIR 50 ML COBAS 4800 - 5232732001','','','ST_MD','ST_KIMIA','','','T','F','T','0','','','','1','BOTOL','BOTOL','BOTOL','0000-00-00 00:00:00',0,'2022-03-07 00:00:00',4,'T',3,'','T','','F','','','','','','F','T','BOTOL','T',''),(756,'1130500159','37830624','KIT COBAS 4800 HPV CONTROLS 10 SET IVD - 5235855190','','','ST_MD','ST_KIMIA','','','T','F','T','0','','','','1','KIT','KIT','KIT','0000-00-00 00:00:00',0,'0000-00-00 00:00:00',4,'T',3,'','T','','F','','','','','','F','T','KIT','T',''),(757,'1130500158','37830625','COBAS 4800 SYSTEM MICROWELL PLATE AND SEALING FILM - 5232724001','','','ST_MD','ST_KIMIA','','','T','F','T','0','','','','1','KIT','KIT','KIT','0000-00-00 00:00:00',0,'0000-00-00 00:00:00',4,'T',2,'','T','','F','','','','','','F','T','KIT','T',''),(758,'1130500157','37830626','COBAS 4800 SYSTEEM EXTRACTION PLATE - 5232716001','','','ST_MD','ST_KIMIA','','','T','F','T','0','','','','1','KIT','KIT','KIT','0000-00-00 00:00:00',0,'0000-00-00 00:00:00',4,'T',2,'','T','','F','','','','','','F','T','KIT','T',''),(759,'1130500156','37830627','KIT COBAS 4800 SYS WASH BUFFER ( HPV, CT/NG ) - 5235863190','','','ST_MD','ST_KIMIA','','','T','F','T','0','','','','1','KIT','KIT','KIT','0000-00-00 00:00:00',0,'0000-00-00 00:00:00',4,'T',2,'','T','','F','','','','','','F','T','KIT','T',''),(760,'1130500155','37830628','TIP HIGH VOL CORE TIP WITH FILTER 1 ML COBAS - 4639642001','','','ST_MD','ST_KIMIA','','','T','F','T','0','','','','1','PACK','PACK','PACK','0000-00-00 00:00:00',0,'0000-00-00 00:00:00',4,'T',2,'','T','','F','','','','','','F','T','PACK','T',''),(761,'1130500154','37830629','KIT COBAS 4800 SYS SAMPLE PREPARATION ( HPC, CT/NG ) 5235782190','','','ST_MD','ST_KIMIA','','','T','F','T','0','','','','1','KIT','KIT','KIT','0000-00-00 00:00:00',0,'2056-07-06 00:00:00',4,'T',2,'','T','','F','','','','','','F','T','KIT','T',''),(762,'1130500153','37830630','KIT COBAS 4800 SYS LIQ CYT PREP 240 T IVD - 5235812190','','','ST_MD','ST_KIMIA','','','T','F','T','0','','','','1','KIT','KIT','KIT','0000-00-00 00:00:00',0,'0000-00-00 00:00:00',4,'T',2,'','T','','F','','','','','','F','T','KIT','T',''),(763,'1130500152','37830631','KIT COBAS 4800 HPV / AMP / DET 240 T IVD - 5235901190','','','ST_MD','ST_KIMIA','','','T','F','T','0','','','','1','KIT','KIT','KIT','0000-00-00 00:00:00',0,'0000-00-00 00:00:00',4,'T',2,'','T','','F','','','','','','F','T','KIT','T',''),(764,'1139800600','37830632','TRANSFER PIPPETTE STERIL 3 ML','','','ST_MD','ST_KIMIA','','','T','F','T','0','','','','1','PCS','PCS','PCS','0000-00-00 00:00:00',0,'0000-00-00 00:00:00',4,'T',3,'','T','','F','','','','','','F','T','PCS','T',''),(765,'1139901083','37830633','AMPLOP EKSPEDISI KOP PRAMITA ( A4 )','','','ST_CETAK','ST_ADMIN','','','T','F','T','0','','','','1','LEMBAR','LEMBAR','LEMBAR','0000-00-00 00:00:00',0,'0000-00-00 00:00:00',4,'T',4,'','T','','F','','','','','','F','T','LEMBAR','T',''),(766,'1139901084','37830634','MATERAI RP. 3000','','','ST_RTU','ST_ADMIN','','','T','F','T','0','','','','1','PCS','PCS','PCS','0000-00-00 00:00:00',1,'0000-00-00 00:00:00',4,'T',5,'','T','','F','','','','','','F','T','PCS','T',''),(767,'1139901086','37830635','LAMPU ESSENTIAL 18 WATT','','','ST_RTU','ST_ADMIN','','','T','F','T','0','','','','1','PCS','PCS','PCS','0000-00-00 00:00:00',0,'0000-00-00 00:00:00',4,'T',2,'','T','','F','','','','','','F','T','PCS','T',''),(768,'1139901087','37830636','LAMPU ESSENTIAL 8 WATT','','','ST_RTU','ST_ADMIN','','','T','F','T','0','','','','1','PCS','PCS','PCS','0000-00-00 00:00:00',0,'0000-00-00 00:00:00',4,'T',2,'','T','','F','','','','','','F','T','PCS','T',''),(769,'1139901450','37830637','PLASTIK SAMPAH UKURAN BESAR','','','ST_RTU','ST_UMUM','','','T','F','T','0','','','','1','PCS','PCS','PCS','0000-00-00 00:00:00',0,'0000-00-00 00:00:00',4,'T',2,'','T','','F','','','','','','F','T','PCS','T',''),(770,'1139901089','37830638','BUKU TELEPON','','','ST_RTU','ST_ADMIN','','','T','F','T','0','','','','1','PCS','PCS','PCS','0000-00-00 00:00:00',0,'0000-00-00 00:00:00',4,'T',2,'','T','','F','','','','','','F','T','PCS','T',''),(771,'1139901090','37830639','BROSUR NIPT ','','','ST_CETAK','ST_ADMIN','','','T','F','T','0','','','','1','LEMBAR','LEMBAR','LEMBAR','0000-00-00 00:00:00',0,'0000-00-00 00:00:00',4,'T',2,'','T','','F','','','','','','F','T','LEMBAR','T',''),(772,'1130309408','37830640','ARCH CA15-3 100 T - 2K44.25','','','ST_IMUNO','ST_IMMUN','','','T','F','T','0','','','','1','KIT','KIT','KIT','0000-00-00 00:00:00',0,'2009-03-08 00:00:00',4,'T',2,'','T','','F','','','','','','F','T','KIT','T',''),(773,'1130309407','37830641','ARCH FSH CALIBRATOR - 7K75.01','','','ST_IMUNO','ST_IMMUN','','','T','F','T','0','','','','1','KIT','KIT','KIT','0000-00-00 00:00:00',0,'0000-00-00 00:00:00',4,'T',2,'','T','','F','','','','','','F','T','KIT','T',''),(774,'1130309406','37830642','ARCH FSH 100 T - 7K75.25','','','ST_IMUNO','ST_IMMUN','','','T','F','T','0','','','','1','KIT','KIT','KIT','0000-00-00 00:00:00',0,'0000-00-00 00:00:00',4,'T',2,'','T','','F','','','','','','F','T','KIT','T',''),(775,'1130309405','37830643','ARCH ANTI HBC IgM CALIBRATOR - 6C33.01','','','ST_IMUNO','ST_IMMUN','','','T','F','T','0','','','','1','KIT','KIT','KIT','0000-00-00 00:00:00',0,'0000-00-00 00:00:00',4,'T',2,'','T','','F','','','','','','F','T','KIT','T',''),(776,'IOPS00002','37830644','Spare Part EEG','Spare Part EEG','','I-OPS','S_PART','','','T','F','F','0','','','','1','','','','0000-00-00 00:00:00',0,'0000-00-00 00:00:00',0,'T',1,'','T','','F','','','','','','F','T','','T',''),(777,'IOPS00001','37830645','Spare Part Treadmill','Spare Part Treadmill','','I-OPS','S_PART','','','T','F','F','0','','','','1','','','','0000-00-00 00:00:00',0,'0000-00-00 00:00:00',0,'T',2,'','T','','T','','','','','','F','T','','T',''),(778,'1130400277','37830646','SPERMA RINSE 30 ML','','','ST_KR','ST_KIMIA','','','T','F','T','0','','','','1','BOTOL','BOTOL','BOTOL','0000-00-00 00:00:00',0,'0000-00-00 00:00:00',4,'T',2,'','T','','F','','','','','','F','T','BOTOL','T',''),(779,'1130400276','37830647','SPERMA GRAD KIT ','','','ST_KR','ST_KIMIA','','','T','F','T','0','','','','1','BOX','BOX','BOX','0000-00-00 00:00:00',0,'0000-00-00 00:00:00',4,'T',2,'','T','','F','','','','','','F','T','BOX','T',''),(780,'1139900958','37830648','FORMULIR PEMERIKSAAN ANDROLOGI','','','ST_CETAK','CETAKAN','','','T','F','T','0','','','','1','BUKU','BUKU','BUKU','0000-00-00 00:00:00',0,'0000-00-00 00:00:00',4,'T',2,'','T','','F','','','','','','F','T','BUKU','T',''),(781,'1139900957','37830649','BROSUR PEMERIKSAAN PAPP-A & FREE BETA HCG','','','ST_CETAK','CETAKAN','','','T','F','T','0','','','','1','LEMBAR','LEMBAR','LEMBAR','0000-00-00 00:00:00',0,'0000-00-00 00:00:00',4,'T',2,'','T','','F','','','','','','F','T','LEMBAR','T',''),(782,'1139900956','37830650','KARTU SURVEY PELANGGAN ( II )','','','ST_CETAK','CETAKAN','','','T','F','T','0','','','','1','LEMBAR','LEMBAR','LEMBAR','0000-00-00 00:00:00',0,'0000-00-00 00:00:00',4,'T',3,'','T','','F','','','','','','F','T','LEMBAR','T',''),(783,'1139900955','37830651','KARTU SURVEY PELANGGAN ( I )','','','ST_CETAK','CETAKAN','','','T','F','T','0','','','','1','LEMBAR','LEMBAR','LEMBAR','0000-00-00 00:00:00',0,'0000-00-00 00:00:00',4,'T',3,'','T','','F','','','','','','F','T','LEMBAR','T',''),(784,'1139900954','37830652','FORMULIR PEMUSNAHAN SAMPLE ','','','ST_CETAK','ST_KIMIA','','','T','F','T','0','','','','1','BUKU','BUKU','BUKU','0000-00-00 00:00:00',0,'0000-00-00 00:00:00',4,'T',3,'','T','','F','','','','','','F','T','BUKU','T',''),(785,'1139900953','37830653','RIBBON PACK HITI CARD PRINTER CS-2 SERIES ( RESIN K 1000 PRINTS )','','','ST_RTU','ATK','','','T','F','T','0','','','','1','PCS','PCS','PCS','0000-00-00 00:00:00',0,'0000-00-00 00:00:00',4,'T',2,'','T','','F','','','','','','F','T','PCS','T',''),(786,'1139900952','37830654','BROSUR PREPARASI SPERMA','','','ST_CETAK','CETAKAN','','','T','F','T','0','','','','1','LEMBAR','LEMBAR','LEMBAR','0000-00-00 00:00:00',0,'0000-00-00 00:00:00',4,'T',2,'','T','','F','','','','','','F','T','LEMBAR','T',''),(787,'1139800561','37830655','TUBE 5 ML 12 X 75 mm ( FALCON 352003 )','','','ST_MD','SUPPLIES','','','T','F','T','0','','','','1','PCS','PCS','PCS','0000-00-00 00:00:00',0,'2059-00-05 00:00:00',4,'T',3,'','T','','F','','','','','','F','T','PCS','T',''),(788,'1139900920','37830656','KERTAS STIKER ( GLOSSY PHOTO PAPER ) A4','','','ST_RTU','ST_ADMIN','','','T','F','T','0','','','','1','PACK','PACK','PACK','0000-00-00 00:00:00',0,'2058-12-07 00:00:00',4,'T',6,'','T','','F','','','','','','F','T','PACK','T',''),(789,'1139900921','37830657','LAMPU HALOGEN  C 311 / C501 ( 4813707001 )','','','ST_RTU','ST_KIMIA','','','T','F','T','0','','','','1','PCS','PCS','PCS','0000-00-00 00:00:00',0,'0000-00-00 00:00:00',4,'T',2,'','T','','F','','','','','','F','T','PCS','T',''),(790,'1130309287','37830658','CHLAMYDIA TRAC. IgG DEMEDITEC -  DE3810','','','ST_IMUNO','ST_IMMUN','','','T','F','T','0','','','','1','KIT','KIT','KIT','0000-00-00 00:00:00',0,'0000-00-00 00:00:00',4,'T',6,'','T','','F','','','','','','F','T','KIT','T',''),(791,'1130309289','37830659','ANA HEP SCREEN DEMEDITEC - DE7020','','','ST_IMUNO','ST_IMMUN','','','T','F','T','0','','','','1','KIT','KIT','KIT','0000-00-00 00:00:00',0,'0000-00-00 00:00:00',4,'T',4,'','T','','F','','','','','','F','T','KIT','T',''),(792,'1139900922','37830660','STEMPEL TRODAT DISALIN SESUAI ASLI - 4910 ','','','ST_UMUM','ST_ADMIN','','','T','F','T','0','','','','1','PCS','PCS','PCS','0000-00-00 00:00:00',1,'0000-00-00 00:00:00',4,'T',4,'','T','','F','','','','','','F','T','PCS','T',''),(793,'1130309371','37830661','ARCH CORTISOL CALIBRATOR - 8D15.02','','','ST_IMUNO','ST_IMMUN','','','T','F','T','0','','','','1','KIT','KIT','KIT','0000-00-00 00:00:00',0,'0000-00-00 00:00:00',4,'T',2,'','T','','F','','','','','','F','T','KIT','T',''),(794,'1130309372','37830662','ELECSYS CORTISOL  - 11875116122','','','ST_IMUNO','ST_IMMUN','','','T','F','T','0','','','','1','KIT','KIT','KIT','0000-00-00 00:00:00',0,'0000-00-00 00:00:00',4,'T',2,'','T','','F','','','','','','F','T','KIT','T',''),(795,'1130309374','37830663','ELECSYS CORTISOL CALSET - 11875124122','','','ST_IMUNO','ST_IMMUN','','','T','F','T','0','','','','1','KIT','KIT','KIT','0000-00-00 00:00:00',0,'0000-00-00 00:00:00',4,'T',2,'','T','','F','','','','','','F','T','KIT','T',''),(796,'1130309376','37830664','ELECSYS Tg II  CALSET - 6445900190','','','ST_IMUNO','ST_IMMUN','','','T','F','T','0','','','','1','KIT','KIT','KIT','0000-00-00 00:00:00',0,'0000-00-00 00:00:00',4,'T',2,'','T','','F','','','','','','F','T','KIT','T',''),(797,'1139800597','37830665','FOLLEY CATHETER NO. 12 ( 2 WAY )','','','ST_FK','REAGEN','','','T','F','T','0','','','','1','PCS','PCS','PCS','0000-00-00 00:00:00',1,'0000-00-00 00:00:00',4,'T',5,'','T','','F','','','','','','F','T','PCS','T',''),(798,'1130200687','37830666','KCL ( REFFERENCE ELEKTROLIT ) 5 X 300 - 113060981216','','','ST_KIMIA','ST_KIMIA','','','T','F','T','0','','','','1','BOTOL','KIT','KIT','0000-00-00 00:00:00',1,'2056-05-03 00:00:00',4,'T',7,'','T','','F','','','','','','F','T','BOTOL','T',''),(799,'1139901054','37830667','FORMULIR PEMERIKSAAN KHUSUS RONTGEN','','','ST_CETAK','ST_RADIO','','','T','F','T','0','','','','1','BUKU','BUKU','BUKU','0000-00-00 00:00:00',0,'0000-00-00 00:00:00',4,'T',2,'','T','','F','','','','','','F','T','BUKU','T',''),(800,'1130309377','37830668','ELECSYS PROGESTERON 100 T - 12145383122','','','ST_IMUNO','ST_IMMUN','','','T','F','T','0','','','','1','KIT','KIT','KIT','0000-00-00 00:00:00',0,'2046-01-02 00:00:00',4,'T',2,'','T','','F','','','','','','F','T','KIT','T',''),(801,'1130309378','37830669','ELECSYS PROGESTERON CALSET - 12145391122','','','ST_IMUNO','ST_IMMUN','','','T','F','T','0','','','','1','KIT','KIT','KIT','0000-00-00 00:00:00',0,'0000-00-00 00:00:00',4,'T',2,'','T','','F','','','','','','F','T','KIT','T',''),(802,'1139901053','37830670','FORMULIR PERSETUJUAN PEMERIKSAAN TREADMILL','','','ST_CETAK','ST_RADIO','','','T','F','T','0','','','','1','BUKU','BUKU','BUKU','0000-00-00 00:00:00',0,'0000-00-00 00:00:00',4,'T',2,'','T','','F','','','','','','F','T','BUKU','T',''),(803,'1139901044','37830671','FORMULIR PEMERIKSAAN INTERNAL RONTGEN - INDOCEMENT','','','ST_CETAK','ST_PELAYANAN','','','T','F','T','0','','','','1','BUKU','BUKU','BUKU','0000-00-00 00:00:00',1,'2006-12-02 00:00:00',4,'T',4,'','T','','F','','','','','','F','T','BUKU','T',''),(804,'1139901046','37830672','FORMULIR PEMERIKSAAN & PROSEDUR USG','','','ST_CETAK','SUPPLIES','','','T','F','T','0','','','','1','BUKU','BUKU','BUKU','0000-00-00 00:00:00',0,'0000-00-00 00:00:00',4,'T',2,'','T','','F','','','','','','F','T','BUKU','T',''),(805,'1139901047','37830673','FORMULIR FISIK PEMERIKSAAN GIGI ( MCU )','','','ST_CETAK','SUPPLIES','','','T','F','T','0','','','','1','BUKU','BUKU','BUKU','0000-00-00 00:00:00',0,'2002-03-01 00:00:00',4,'T',2,'','T','','F','','','','','','F','T','BUKU','T',''),(806,'1139901049','37830674','FORMULIR DISPOSISI TUGAS KERJA','','','ST_CETAK','SUPPLIES','','','T','F','T','0','','','','1','BUKU','BUKU','BUKU','0000-00-00 00:00:00',0,'2001-08-01 00:00:00',4,'T',2,'','T','','F','','','','','','F','T','BUKU','T',''),(807,'1139901050','37830675','FORMULIR / LEMBAR CHECK LIST TOILET','','','ST_CETAK','SUPPLIES','','','T','F','T','0','','','','1','BUKU','BUKU','BUKU','0000-00-00 00:00:00',0,'0000-00-00 00:00:00',4,'T',2,'','T','','F','','','','','','F','T','BUKU','T',''),(808,'1139800492','37830676','FAST CLIP FOR ECG','','','ST_EJPD','','','','T','F','T','0','','','','1','SET','SET','SET','0000-00-00 00:00:00',0,'0000-00-00 00:00:00',0,'T',5,'','T','','F','','','','','','F','T','SET','T',''),(809,'1130309388','37830677','ELECSYS B - CROSSLAPS CALSET  - 11972316122','','','ST_IMUNO','ST_IMMUN','','','T','F','T','0','','','','1','KIT','KIT','KIT','0000-00-00 00:00:00',0,'0000-00-00 00:00:00',4,'T',2,'','T','','F','','','','','','F','T','KIT','T',''),(810,'1130309389','37830678','ARCH FREE PSA 100 T - 7K71.25','','','ST_IMUNO','ST_IMMUN','','','T','F','T','0','','','','1','KIT','KIT','KIT','0000-00-00 00:00:00',0,'0000-00-00 00:00:00',4,'T',3,'','T','','F','','','','','','F','T','KIT','T',''),(811,'1130309390','37830679','ARCH HOMOCYSTEIN 100 T - 1L71.25','','','ST_IMUNO','ST_IMMUN','','','T','F','T','0','','','','1','KIT','KIT','KIT','0000-00-00 00:00:00',0,'0000-00-00 00:00:00',4,'T',2,'','T','','F','','','','','','F','T','KIT','T',''),(812,'1130309391','37830680','ARCH HE - 4 100 T - 2P54.25','','','ST_IMUNO','ST_IMMUN','','','T','F','T','0','','','','1','KIT','KIT','KIT','0000-00-00 00:00:00',0,'0000-00-00 00:00:00',4,'T',2,'','T','','F','','','','','','F','T','KIT','T',''),(813,'1130309392','37830681','ARCH LH 100 T - 2P40.25','','','ST_IMUNO','ST_IMMUN','','','T','F','T','0','','','','1','KIT','KIT','KIT','0000-00-00 00:00:00',0,'0000-00-00 00:00:00',4,'T',2,'','T','','F','','','','','','F','T','KIT','T',''),(814,'1130309393','37830682','ARCH LH CALIB - 2P40.01','','','ST_IMUNO','ST_IMMUN','','','T','F','T','0','','','','1','KIT','KIT','KIT','0000-00-00 00:00:00',0,'2012-08-07 00:00:00',4,'T',2,'','T','','F','','','','','','F','T','KIT','T',''),(815,'1130309394','37830683','ARCH CA 19-9 XR 100 T - 2K91.25','','','ST_IMUNO','ST_IMMUN','','','T','F','T','0','','','','1','KIT','KIT','KIT','0000-00-00 00:00:00',0,'0000-00-00 00:00:00',4,'T',2,'','T','','F','','','','','','F','T','KIT','T',''),(816,'1130309395','37830684','ARCH CA 19-9 XR CTRL - 2K61.10','','','ST_IMUNO','ST_IMMUN','','','T','F','T','0','','','','1','KIT','KIT','KIT','0000-00-00 00:00:00',0,'0000-00-00 00:00:00',4,'T',2,'','T','','F','','','','','','F','T','KIT','T',''),(817,'1130309396','37830685','ARCH CA 19-9 XR CALIB - 2K91.01','','','ST_IMUNO','ST_IMMUN','','','T','F','T','0','','','','1','KIT','KIT','KIT','0000-00-00 00:00:00',0,'0000-00-00 00:00:00',4,'T',2,'','T','','F','','','','','','F','T','KIT','T',''),(818,'1130309397','37830686','ARCH TOTAL PSA CONTROL - 7K10.10','','','ST_IMUNO','ST_IMMUN','','','T','F','T','0','','','','1','KIT','KIT','KIT','0000-00-00 00:00:00',0,'2015-12-07 00:00:00',4,'T',2,'','T','','F','','','','','','F','T','KIT','T',''),(819,'1130309398','37830687','ARCH FERRITIN 100 T - 7K59.25','','','ST_IMUNO','ST_IMMUN','','','T','F','T','0','','','','1','KIT','KIT','KIT','0000-00-00 00:00:00',0,'0000-00-00 00:00:00',4,'T',4,'','T','','F','','','','','','F','T','KIT','T',''),(820,'1130309399','37830688','ARCH FERRITIN CTRL - 7K59.10','','','ST_IMUNO','ST_IMMUN','','','T','F','T','0','','','','1','KIT','KIT','KIT','0000-00-00 00:00:00',0,'0000-00-00 00:00:00',4,'T',2,'','T','','F','','','','','','F','T','KIT','T',''),(821,'1130309400','37830689','ARCH FERRITIN CALIB - 7K59.01','','','ST_IMUNO','ST_IMMUN','','','T','F','T','0','','','','1','KIT','KIT','KIT','0000-00-00 00:00:00',0,'0000-00-00 00:00:00',4,'T',2,'','T','','F','','','','','','F','T','KIT','T',''),(822,'1130309401','37830690','ARCH HAVAB IgM CTRL - 6C30.10','','','ST_IMUNO','ST_IMMUN','','','T','F','T','0','','','','1','KIT','KIT','KIT','0000-00-00 00:00:00',0,'2020-03-09 00:00:00',4,'T',2,'','T','','F','','','','','','F','T','KIT','T',''),(823,'1130309402','37830691','ARCH HAVAB IgM CALIB - 6C30.01','','','ST_IMUNO','ST_IMMUN','','','T','F','T','0','','','','1','KIT','KIT','KIT','0000-00-00 00:00:00',0,'0000-00-00 00:00:00',4,'T',2,'','T','','F','','','','','','F','T','KIT','T',''),(824,'1130309403','37830692','ARCH ANTI HBc IgM 100 T - 6C33.C25','','','ST_IMUNO','ST_IMMUN','','','T','F','T','0','','','','1','KT','KT','KT','0000-00-00 00:00:00',0,'0000-00-00 00:00:00',4,'T',2,'','T','','F','','','','','','F','T','KT','T',''),(825,'1139901636','37830693','BROSUR AMH ( ANTI MULLERIAN HORMON )','','','ST_CETAK','ST_ADMIN','','','T','F','T','0','','','','1','LEMBAR','LEMBAR','LEMBAR','0000-00-00 00:00:00',0,'0000-00-00 00:00:00',4,'T',2,'','T','','F','','','','','','F','T','LEMBAR','T',''),(826,'1139901109','37830694','PAPER PHOTO CANNON SELPHY','','','ST_RTU','SUPPLIES','','','T','F','T','0','','','','1','PAK','PAK','PAK','0000-00-00 00:00:00',0,'0000-00-00 00:00:00',4,'T',2,'','T','','F','','','','','','F','T','PAK','T',''),(827,'1130200709','37830695','ELECTRODE ISE REFERENCE 91XX - 3112306180','','','ST_KIMIA','ST_KIMIA','','','T','F','T','0','','','','1','KIT','KIT','KIT','0000-00-00 00:00:00',1,'2024-11-00 00:00:00',4,'T',3,'','T','','F','','','','','','F','T','KIT','T',''),(828,'1130200708','37830696','ELECTRODE REF HOUSING 91XX  - 3112284180','','','ST_KIMIA','ST_KIMIA','','','T','F','T','0','','','','1','KIT','KIT','KIT','0000-00-00 00:00:00',1,'0000-00-00 00:00:00',4,'T',3,'','T','','F','','','','','','F','T','KIT','T',''),(829,'1139901142','37830697','NOTA 108 X 155 mm NCR 2 PLY ( BUKU )','','','ST_RTU','ST_ADMIN','','','T','F','T','0','','','','1','PCS','PCS','PCS','0000-00-00 00:00:00',0,'0000-00-00 00:00:00',4,'T',2,'','T','','F','','','','','','F','T','PCS','T',''),(830,'1139901108','37830698','BROSUR ANTI AGING ( WAJAH )','','','ST_CETAK','ST_ADMIN','','','T','F','T','0','','','','1','LEMBAR','LEMBAR','LEMBAR','0000-00-00 00:00:00',0,'2008-11-08 00:00:00',4,'T',2,'','T','','F','','','','','','F','T','LEMBAR','T',''),(831,'1139901107','37830699','AMPLOP PUTIH 95 X 152 mm ( 104 )','','','ST_RTU','ST_ADMIN','','','T','F','T','0','','','','1','LEMBAR','LEMBAR','LEMBAR','0000-00-00 00:00:00',4,'0000-00-00 00:00:00',4,'T',3,'','T','','F','','','','','','F','T','LEMBAR','T',''),(832,'1139901106','37830700','AMPLOP COKLAT KECIL','','','ST_RTU','ST_ADMIN','','','T','F','T','0','','','','1','LEMBAR','LEMBAR','LEMBAR','0000-00-00 00:00:00',0,'0000-00-00 00:00:00',4,'T',2,'','T','','F','','','','','','F','T','LEMBAR','T',''),(833,'1139901098','37830701','AMPLOP COKLAT HVS','','','ST_RTU','','','','T','F','T','0','','','','1','LEMBAR','LEMBAR','LEMBAR','0000-00-00 00:00:00',0,'0000-00-00 00:00:00',4,'T',2,'','T','','F','','','','','','F','T','LEMBAR','T',''),(834,'1139901097','37830702','KERTAS LEGAL','','','ST_RTU','ST_ADMIN','','','T','F','T','0','','','','1','ROLL','ROLL','ROLL','0000-00-00 00:00:00',0,'0000-00-00 00:00:00',4,'T',3,'','T','','F','','','','','','F','T','ROLL','T',''),(835,'1139901096','37830703','MAP BANTEX FOOLSCAP ','( ARSIP SDM )','','ST_RTU','ST_ADMIN','','','T','F','T','0','','','','1','PCS','PCS','PCS','0000-00-00 00:00:00',0,'0000-00-00 00:00:00',4,'T',2,'','T','','F','','','','','','F','T','PCS','T',''),(836,'1139901095','37830704','SPARE PART DRUM 12 A','','','ST_RTU','ST_ADMIN','','','T','F','T','0','','','','1','PCS','PCS','PCS','0000-00-00 00:00:00',0,'0000-00-00 00:00:00',4,'T',2,'','T','','F','','','','','','F','T','PCS','T',''),(837,'1139901094','37830705','MAP PLASTIK JEPIT','','','ST_RTU','ST_ADMIN','','','T','F','T','0','','','','1','PCS','PCS','PCS','0000-00-00 00:00:00',0,'0000-00-00 00:00:00',4,'T',4,'','T','','F','','','','','','F','T','PCS','T',''),(838,'1139901093','37830706','CATRIDGE TONER CANNON 325 ( REFILL )','','','ST_RTU','ST_ADMIN','','','T','F','T','0','','','','1','PCS','PCS','PCS','0000-00-00 00:00:00',0,'2005-07-02 00:00:00',4,'T',2,'','T','','F','','','','','','F','T','PCS','T',''),(839,'1139901085','37830707','AIR MINERAL GELAS','','','ST_RTU','ST_ADMIN','','','T','F','T','0','','','','1','PCS','PCS','PCS','0000-00-00 00:00:00',1,'0000-00-00 00:00:00',4,'T',3,'','T','','F','','','','','','F','T','PCS','T',''),(840,'1139901082','37830708','AMPLOP POLOS NO 90','','','ST_RTU','SUPPLIES','','','T','F','T','0','','','','1','PAK','PAK','PAK','0000-00-00 00:00:00',0,'0000-00-00 00:00:00',4,'T',2,'','T','','F','','','','','','F','T','PAK','T',''),(841,'1139901081','37830709','LAMPU LED  9 WATT','','','ST_RTU','SUPPLIES','','','T','F','T','0','','','','1','PCS','PCS','PCS','0000-00-00 00:00:00',0,'0000-00-00 00:00:00',4,'T',3,'','T','','F','','','','','','F','T','PCS','T',''),(842,'1139901080','37830710','LAMPU T6 RING 22','','','ST_RTU','SUPPLIES','','','T','F','T','0','','','','1','PCS','PCS','PCS','0000-00-00 00:00:00',0,'2016-08-01 00:00:00',4,'T',2,'','T','','F','','','','','','F','T','PCS','T',''),(843,'1139901079','37830711','BOTOL SEMPROT 250 ML','','','ST_RTU','SUPPLIES','','','T','F','T','0','','','','1','PCS','PCS','PCS','0000-00-00 00:00:00',0,'0000-00-00 00:00:00',4,'T',2,'','T','','F','','','','','','F','T','PCS','T',''),(844,'1139901078','37830712','MATERAI Rp. 6000','','','ST_RTU','ST_ADMIN','','','T','F','T','0','','','','1','PCS','PCS','PCS','0000-00-00 00:00:00',1,'0000-00-00 00:00:00',4,'T',3,'','T','','F','','','','','','F','T','PCS','T',''),(845,'1139901077','37830713','KERTAS ABSEN MANUAL','','','ST_RTU','SUPPLIES','','','T','F','T','0','','','','1','LEMBAR','LEMBAR','LEMBAR','0000-00-00 00:00:00',0,'0000-00-00 00:00:00',4,'T',2,'','T','','F','','','','','','F','T','LEMBAR','T',''),(846,'1139901076','37830714','AMPLOP KOP HVS','','','ST_CETAK','SUPPLIES','','','T','F','T','0','','','','1','LEMBAR','LEMBAR','LEMBAR','0000-00-00 00:00:00',0,'0000-00-00 00:00:00',4,'T',2,'','T','','F','','','','','','F','T','LEMBAR','T',''),(847,'1139901075','37830715','KERTAS UNTUK ELP','','','ST_RTU','SUPPLIES','','','T','F','T','0','','','','1','PAK','PAK','PAK','0000-00-00 00:00:00',0,'2014-01-01 00:00:00',4,'T',2,'','T','','F','','','','','','F','T','PAK','T',''),(848,'1139901074','37830716','USB FLASH DISK ','','','ST_RTU','SUPPLIES','','','T','F','T','0','','','','1','PCS','PCS','PCS','0000-00-00 00:00:00',0,'0000-00-00 00:00:00',4,'T',2,'','T','','F','','','','','','F','T','PCS','T',''),(849,'1139901073','37830717','TONER  / TINTA MESIN FAX FOR KX - FAT 411 E','','','ST_RTU','SUPPLIES','','','T','F','T','0','','','','1','PCS','PCS','PCS','0000-00-00 00:00:00',0,'0000-00-00 00:00:00',4,'T',2,'','T','','F','','','','','','F','T','PCS','T',''),(850,'1139901072','37830718','TINTA HP Q 2612 A ( DELIGHT PRINT )','','','ST_RTU','SUPPLIES','','','T','F','T','0','','','','1','PCS','PCS','PCS','0000-00-00 00:00:00',0,'0000-00-00 00:00:00',4,'T',2,'','T','','F','','','','','','F','T','PCS','T',''),(851,'1139901071','37830719','TINTA HP CE 311 A ( CYAN )','','','ST_RTU','SUPPLIES','','','T','F','T','0','','','','1','PCS','PCS','PCS','0000-00-00 00:00:00',0,'0000-00-00 00:00:00',4,'T',2,'','T','','F','','','','','','F','T','PCS','T',''),(852,'1139901449','37830720','PLASTIK SAMPAH UKURAN SEDANG','','','ST_RTU','SUPPLIES','','','T','F','T','0','','','','1','PCS','PCS','PCS','0000-00-00 00:00:00',0,'0000-00-00 00:00:00',4,'T',2,'','T','','F','','','','','','F','T','PCS','T',''),(853,'1139901466','37830721','KERTAS KOP A4 CATATAN KESEHATAN ADHIE SEHAT','','','ST_CETAK','CETAKAN','','','T','F','T','0','','','','1','RIM','RIM','RIM','0000-00-00 00:00:00',0,'2030-08-09 00:00:00',4,'T',2,'','T','','F','','','','','','F','T','RIM','T',''),(854,'1139901465','37830722','KERTAS KOP A4 SURAT PERNYATAAN ADHIE SEHAT','','','ST_CETAK','CETAKAN','','','T','F','T','0','','','','1','RIM','RIM','RIM','0000-00-00 00:00:00',0,'2028-04-02 00:00:00',4,'T',2,'','T','','F','','','','','','F','T','RIM','T',''),(855,'1139901464','37830723','FORMULIR SARAN DAN PESAN ADHIE SEHAT','','','ST_CETAK','CETAKAN','','','T','F','T','0','','','','1','RIM','RIM','RIM','0000-00-00 00:00:00',0,'0000-00-00 00:00:00',4,'T',2,'','T','','F','','','','','','F','T','RIM','T',''),(856,'1139901463','37830724','FORMULIR RESEP ADHIE SEHAT','','','ST_CETAK','CETAKAN','','','T','F','T','0','','','','1','RIM','RIM','RIM','0000-00-00 00:00:00',0,'2026-03-09 00:00:00',4,'T',2,'','T','','F','','','','','','F','T','RIM','T',''),(857,'1139800636','37830725','SAMPLE CUP MICRO 13/16 ( 2 X 450 PCS ) COBAS 311 - 5085713001','','','ST_KIMIA','SUPPLIES','','','T','F','T','0','','','','1','PAK','PAK','PAK','0000-00-00 00:00:00',0,'0000-00-00 00:00:00',4,'T',2,'','T','','F','','','','','','F','T','PAK','T',''),(858,'1139800635','37830726','SPUIT 20 CC ( BD ) - 300141','','','ST_CL','SUPPLIES','','','T','F','T','0','','','','1','PCS','PCS','PCS','0000-00-00 00:00:00',0,'0000-00-00 00:00:00',4,'T',2,'','T','','F','','','','','','F','T','PCS','T',''),(859,'1130309441','37830727','RF LATEX 50 TEST','','','ST_IMUNO','ST_IMMUN','','','T','F','T','0','','','','1','KIT','KIT','KIT','0000-00-00 00:00:00',0,'0000-00-00 00:00:00',4,'T',2,'','T','','F','','','','','','F','T','KIT','T',''),(860,'1139800634','37830728','ASEPTIC GEL REFILL 100 ML','','','ST_CL','ST_UMUM','','','T','F','T','0','','','','1','BOTOL','BOTOL','BOTOL','0000-00-00 00:00:00',0,'0000-00-00 00:00:00',4,'T',2,'','T','','F','','','','','','F','T','BOTOL','T',''),(861,'1130600045','37830729','PAPER USG SONY CLR - UPC 1010','','','ST_USG','SUPPLIES','','','T','F','T','0','','','','1','PAK','PAK','PAK','0000-00-00 00:00:00',0,'0000-00-00 00:00:00',4,'T',2,'','T','','F','','','','','','F','T','PAK','T',''),(862,'1139800633','37830730','OSE STERIL 10 uL ( 70 - 760 ) BIOMERIEUX','','','ST_MIKRO','SUPPLIES','','','T','F','T','0','','','','1','PCS','PCS','PCS','0000-00-00 00:00:00',0,'2058-07-08 00:00:00',4,'T',2,'','T','','F','','','','','','F','T','PCS','T',''),(863,'1130200711','37830731','TINA QUANT HAEMOGLOBIN A1c GEN.3 - 5336163190','','','ST_KIMIA','ST_KIMIA','','','T','F','T','0','','','','1','KIT','KIT','KIT','0000-00-00 00:00:00',0,'0000-00-00 00:00:00',4,'T',2,'','T','','F','','','','','','F','T','KIT','T',''),(864,'1139901116','37830732','KERTAS CONT. 91/2 X 11:2  3 PLY/ NCR','','','ST_RTU','CETAKAN','','','T','F','T','0','','','','1','BOX','BOX','BOX','0000-00-00 00:00:00',0,'2036-08-01 00:00:00',4,'T',4,'','T','','F','','','','','','F','T','BOX','T',''),(865,'1139901448','37830733','FORMULIR PENGIRIMAN DAN PENERIMAAN SAMPLE ','','','ST_CETAK','CETAKAN','','','T','F','T','0','','','','1','BUKU','BUKU','BUKU','0000-00-00 00:00:00',0,'0000-00-00 00:00:00',4,'T',6,'','T','','F','','','','','','F','T','BUKU','T',''),(866,'1130200834','38226832','ACID WASH 2 X 2 LITER - 08302723190','','','ST_KIMIA','ST_KIMIA','','','T','F','T','0','','','','1','KIT','KIT','KIT','0000-00-00 00:00:00',1,'0000-00-00 00:00:00',1,'T',1,'','T','','F','','','','','','F','T','KIT','T',''),(867,'1139800830','39000765','TUBE CITRAT 2,7 ML  - ARKAN MEDICAL','','','ST_CLK','SUPPLIES','','','T','F','T','0','','','','2','PCS','PCS','PCS','0000-00-00 00:00:00',1,'0000-00-00 00:00:00',1,'T',1,'','T','','F','','','','','','F','T','PCS','T',''),(868,'1130208920','39003964','ALBUMIN ( BCG ) THERMO  - 981767 ','','','ST_KIMIA','ST_KIMIA','','','T','F','T','0','','','','2','KIT','KIT','KIT','0000-00-00 00:00:00',1,'0000-00-00 00:00:00',1,'T',3,'','T','','F','','','','','','F','T','KIT','T',''),(869,'1139902064','39028850','KERTAS KOP LABORATORIUM MEDIS DAN KLINIK UTAMA  ( F4 )','','','ST_RTU','ATK','','','T','F','T','0','','','','2','RIM','RIM','RIM','0000-00-00 00:00:00',1,'0000-00-00 00:00:00',1,'T',1,'','T','','F','','','','','','F','T','RIM','T',''),(870,'1139902065','39028871','KERTAS KOP LABORATORIUM MEDIS DAN KLINIK UTAMA  ( A4 )','','','ST_CETAK','ATK','','','T','F','T','0','','','','1','RIM','RIM','RIM','0000-00-00 00:00:00',11,'0000-00-00 00:00:00',1,'T',3,'','T','','F','','','','','','F','T','RIM','T',''),(871,'1139902066','39038710','PERALATAN UMUM DAN RUMAH TANGGA','','','ST_RTU','ST_UMUM','','','T','F','T','0','','','','1','PCS','PCS','PCS','0000-00-00 00:00:00',1,'2022-06-06 00:00:00',1,'F',3,'','T','','F','','','','','','F','T','PCS','T',''),(872,'1139902069','39142582','KANTONG PLASTIK HITAM 100 X 120','','','ST_RTU','SUPPLIES','','','T','F','T','0','','','','1','LEMBAR','LEMBAR','LEMBAR','0000-00-00 00:00:00',1,'0000-00-00 00:00:00',1,'T',2,'','T','','F','','','','','','F','T','LEMBAR','T',''),(873,'1139800933','39463057','ACCU SAFE T PRO UNO - 200 PCS','','','ST_SUPPL','SUPPLIES','','','T','F','T','0','','','','1','PCS','BOX','PCS','0000-00-00 00:00:00',1,'0000-00-00 00:00:00',1,'T',2,'','T','','F','','','','','','F','T','PCS','T',''),(874,'1139800937','39587436','ACCUGENCE BLOOD URIC ACID TEST STRIP','','','ST_KR','ST_KIMIA','','','T','F','T','0','','','','2','STRIP','BOX','STRIP','0000-00-00 00:00:00',1,'0000-00-00 00:00:00',1,'T',2,'','T','','F','','','','','','F','T','STRIP','T',''),(875,'1130208948','39985802','ALINITY C GAMMA GLUTAMYL TRANS.2 ( 600 T ) - 4T96.20','','','ST_KIMIA','ST_KIMIA','','','T','F','T','0','','','','2','KIT','KIT','KIT','0000-00-00 00:00:00',1,'0000-00-00 00:00:00',1,'T',2,'','T','','F','','','','','','F','T','KIT','T',''),(876,'1130400545','40052758','URINE REAGEN STRIPS - URIT 11 G - 100 TEST','','','ST_KR','ST_KIMIA','','','T','F','T','0','','','','2','TUBE','TUBE','TUBE','0000-00-00 00:00:00',1,'2013-11-08 00:00:00',1,'T',2,'','T','','F','','','','','','F','T','TUBE','T',''),(877,'1130500833','40245745','CAT GRAM AIM STAIN SET - 390 ML  ( 65 ML X 6 BOTOL )','','','ST_MIKRO','REAGEN','','','T','F','T','0','','','','2','KIT','KIT','KIT','0000-00-00 00:00:00',1,'0000-00-00 00:00:00',1,'T',2,'','T','','F','','','','','','F','T','KIT','T',''),(878,'1130400547','40501411','DNA  FRAGMENTASI  KIT - BRED LIFE SCIENSE ( BRED - 002 )','','','ST_ULFL ','ST_KIMIA','','','T','F','T','0','','','','1','KIT','KIT','KIT','0000-00-00 00:00:00',1,'2006-09-09 00:00:00',1,'T',1,'','T','','F','','','','','','F','T','KIT','T',''),(879,'1130500838','40629062','PEWARNA GRAM 3 X 500 ML - INDO REAGEN ( 0030544 A )','','','ST_MIKRO','SUPPLIES','','','T','F','T','0','','','','2','SET','SET','SET','0000-00-00 00:00:00',1,'2036-00-06 00:00:00',1,'T',2,'','T','','F','','','','','','F','T','SET','T',''),(880,'1130309956','41035822','ELECSYS FOLATE III 100 TEST - 7559992190','','','ST_IMUNO','ST_IMMUN','','','T','F','T','0','','','','1','KIT','KIT','KIT','0000-00-00 00:00:00',1,'2029-11-08 00:00:00',1,'T',3,'','T','','F','','','','','','F','T','KIT','T',''),(881,'1139902180','42896670','LAMPU LED  10 WATT','','','ST_RTU','ST_UMUM','','','T','F','T','0','','','','1','PCS','PCS','PCS','0000-00-00 00:00:00',1,'2048-11-02 00:00:00',1,'T',5,'','T','','F','','','','','','F','T','PCS','T',''),(882,'1139801001','42902270','1 ML SYRINGE  ABBOTT ( 9D41.03 )','','','ST_CL','ST_KIMIA','','','T','F','T','0','','','','1','PCS','PCS','PCS','0000-00-00 00:00:00',1,'0000-00-00 00:00:00',1,'T',2,'','T','','F','','','','','','F','T','PCS','F',''),(883,'1130309866','38156445','VIDAS ANTI DENGUE IgM  60 TEST - 423078','','','ST_IMUNO','ST_IMMUN','','','T','F','T','0','','','','1','TES','KIT','TES','0000-00-00 00:00:00',1,'0000-00-00 00:00:00',1,'T',5,'','T','','F','','','','','','F','T','TES','T',''),(884,'1139902075','39284576','PLASTIK BENING 15 X 30','','','ST_RTU','ST_UMUM','','','T','F','T','0','','','','1','PAK','PAK','PAK','0000-00-00 00:00:00',0,'0000-00-00 00:00:00',1,'T',4,'','T','','F','','','','','','F','T','PAK','T',''),(885,'1130309908','39309850','COVID - 19  ( SARS -CoV-2 ) ANTIGEN  - COLLOIDAL GOLD','','','ST_IMUNO','ST_IMMUN','','','T','F','T','0','','','','2','TEST','KIT','TEST','0000-00-00 00:00:00',1,'2033-09-07 00:00:00',1,'T',2,'','T','','F','','','','','','F','T','TEST','T',''),(886,'1130700032','40265554','ELECTRODE  - 530 FOAM ELEKTRODES  ( REFF 31013926 )   KENDALL ™','','','ST_EJPD','SUPPLIES','','','T','F','T','0','','','','1','PACK','PACK','PACK','0000-00-00 00:00:00',1,'2015-00-08 00:00:00',1,'T',3,'','T','','F','','','','','','F','T','PACK','T',''),(887,'1139902109','40618622','KERTAS KOP LABORATORIUM MEDIS  ( F4 )','','','ST_RTU','ST_ADMIN','','','T','F','T','0','','','','1','RIM','RIM','RIM','0000-00-00 00:00:00',1,'2014-09-00 00:00:00',1,'T',4,'','T','','F','','','','','','F','T','RIM','T',''),(888,'1139902110','40618693','KERTAS KOP LABORATORIUM MEDIS  ( A4 )','','','ST_RTU','ST_ADMIN','','','T','F','T','0','','','','1','RIM','RIM','RIM','0000-00-00 00:00:00',1,'0000-00-00 00:00:00',1,'T',2,'','T','','F','','','','','','F','T','RIM','T',''),(889,'1130500839','40706892','CAT WRIGHT 500 ML  -  INDOREAGEN  ( 1000949 A )','','','ST_MIKRO','SUPPLIES','','','T','F','T','0','','','','2','BOTOL','BOTOL','BOTOL','0000-00-00 00:00:00',1,'0000-00-00 00:00:00',1,'T',3,'','T','','F','','','','','','F','T','BOTOL','T',''),(890,'1130309944','40713843','ARCH AFP CALIB - 3P36.01','','','ST_IMUNO','ST_IMMUN','','','T','F','T','0','','','','2','KIT','KIT','KIT','0000-00-00 00:00:00',1,'0000-00-00 00:00:00',1,'T',2,'','T','','F','','','','','','F','T','KIT','T',''),(891,'1130309948','40732678','ELECSYS FERRITIN CALLSET - 3737586190','','','ST_IMUNO','ST_IMMUN','','','T','F','T','0','','','','1','SET','KIT','SET','0000-00-00 00:00:00',4,'0000-00-00 00:00:00',1,'T',2,'','T','','F','','','','','','F','T','SET','T',''),(892,'1130309947','40732665','ELECSYS FERRITIN 300 TEST - 7027273190','','','ST_IMUNO','ST_IMMUN','','','T','F','T','0','','','','2','KIT','KIT','KIT','0000-00-00 00:00:00',1,'0000-00-00 00:00:00',1,'T',1,'','T','','F','','','','','','F','T','KIT','T',''),(893,'1130309949','40732714','ELECSYS VITAMIN D TOTAL III CALSET 4 x 1 ML  - 9038116190','','','ST_IMUNO','ST_IMMUN','','','T','F','T','0','','','','2','SET','KIT','SET','0000-00-00 00:00:00',1,'0000-00-00 00:00:00',1,'T',4,'','T','','F','','','','','','F','T','SET','T',''),(894,'1130309950','40732720','ELECSYS PRECICONTROL VITAMIN D TOTAL III - 9038124190','','','ST_IMUNO','ST_IMMUN','','','T','F','T','0','','','','2','SET','KIT','SET','0000-00-00 00:00:00',4,'0000-00-00 00:00:00',1,'T',5,'','T','','F','','','','','','F','T','SET','T',''),(895,'1130309946','40732852','ELECSYS VITAMIN D TOTAL III - 9038078190','','','ST_IMUNO','ST_IMMUN','','','T','F','T','0','','','','2','KIT','KIT','KIT','0000-00-00 00:00:00',1,'2041-06-07 00:00:00',1,'T',1,'','T','','F','','','','','','F','T','KIT','T',''),(896,'1130309952','40806778','VIDAS PTH  ( 42201 )','','','ST_IMUNO','ST_IMMUN','','','T','F','T','0','','','','2','STRIP','STRIP','STRIP','0000-00-00 00:00:00',1,'0000-00-00 00:00:00',1,'T',2,'','T','','F','','','','','','F','T','STRIP','T',''),(897,'1130208961','40807341','C-REACTIVE PROTEIN IV  2 X 200 TEST C III - 7876432190 ','','','ST_KIMIA','ST_KIMIA','','','T','F','T','0','','','','1','KIT','KIT','KIT','0000-00-00 00:00:00',1,'2003-08-00 00:00:00',1,'T',2,'','T','','F','','','','','','F','T','KIT','T',''),(898,'1139801005','43024421','HOLDER','','','ST_CL','SUPPLIES','','','T','F','T','0','','','','1','PCS','PCS','PCS','0000-00-00 00:00:00',1,'0000-00-00 00:00:00',1,'T',2,'','T','','F','','','','','','F','T','PCS','T',''),(899,'1139902193','43344249','REFILL TONER HP 76 A','','','ST_RTU','ST_ADMIN','','','T','F','T','0','','','','1','PCS','PCS','PCS','0000-00-00 00:00:00',1,'2017-08-01 00:00:00',1,'T',2,'','T','','F','','','','','','F','T','PCS','T',''),(900,'1139800910','38203744','SODIUM CHLORIDE 0,9 %','','','ST_SUPPL','SUPPLIES','','','T','F','T','0','','','','1','BOTOL','BOTOL','BOTOL','0000-00-00 00:00:00',1,'0000-00-00 00:00:00',1,'T',2,'','T','','F','','','','','','F','T','BOTOL','T',''),(901,'1139800911','38217779','FOLLEY CATHETER NO. 16 RUSCH ( 2 WAY )','','','ST_FK','SUPPLIES','','','T','F','T','0','','','','1','PCS','PCS','PCS','0000-00-00 00:00:00',1,'2046-06-04 00:00:00',1,'T',10,'','T','','F','','','','','','F','T','PCS','T',''),(902,'1130309872','38273107','COVID 19 - ANTIGEN RAPID TEST CASSETTE RIGHT SIGN ( NASOPHARYNGEAL SWAB )','','','ST_IMUNO','ST_IMMUN','','','T','F','T','0','','','','1','TEST','TEST','TEST','0000-00-00 00:00:00',1,'0000-00-00 00:00:00',1,'T',1,'','T','','F','','','','','','F','T','TEST','T',''),(903,'1139902040','38273191','LABEL NO.104','','','ST_RTU','ST_ADMIN','','','T','F','T','0','','','','1','PAK','PAK','PAK','0000-00-00 00:00:00',1,'0000-00-00 00:00:00',1,'T',2,'','T','','F','','','','','','F','T','PAK','T',''),(904,'1130700027','38273221','PAPER TREADMILL HELLIGE MARQUETTE  210 X 295 X 150 SHEET FOR SONOMED CODE HM 210295 ','','','ST_EJPD','SUPPLIES','','','T','F','T','0','','','','1','PACK','PACK','PACK','0000-00-00 00:00:00',1,'2057-03-03 00:00:00',1,'T',2,'','T','','F','','','','','','F','T','PACK','T',''),(905,'1130700028','38273257','PAPER TREADMILL SCHILLER 114 X 94  FOR SONOMED S 11494','','','ST_EJPD','SUPPLIES','','','T','F','T','0','','','','1','PACK','PACK','PACK','0000-00-00 00:00:00',1,'2059-01-05 00:00:00',1,'T',3,'','T','','F','','','','','','F','T','PACK','T',''),(906,'1139800917','38850259','ACCU CHECK PERFORMA 100 STRIP (  ROCHE ) - 06454038','','','ST_CLK','SUPPLIES','','','T','F','T','0','','','','2','BOX','BOX','BOX','0000-00-00 00:00:00',1,'0000-00-00 00:00:00',1,'T',2,'','T','','F','','','','','','F','T','BOX','T',''),(907,'1139902059','39007366','TINTA HP GT 53 ( BLACK )','','','ST_RTU','ATK','','','T','F','T','0','','','','2','BOTOL','BOTOL','BOTOL','0000-00-00 00:00:00',1,'0000-00-00 00:00:00',1,'T',2,'','T','','F','','','','','','F','T','BOTOL','T',''),(908,'1139902060','39007426','TINTA HP GT 52 ( YELLOW )','','','ST_RTU','ATK','','','T','F','T','0','','','','2','BOTOL','BOTOL','BOTOL','0000-00-00 00:00:00',1,'0000-00-00 00:00:00',1,'T',1,'','T','','F','','','','','','F','T','BOTOL','T',''),(909,'1139902061','39007467','TINTA HP GT 52 ( MAGENTA )','','','ST_RTU','ATK','','','T','F','T','0','','','','2','BOTOL','BOTOL','BOTOL','0000-00-00 00:00:00',1,'0000-00-00 00:00:00',1,'T',1,'','T','','F','','','','','','F','T','BOTOL','T',''),(910,'1139902062','39007479','TINTA HP GT 52 ( CYAN )','','','ST_RTU','ATK','','','T','F','T','0','','','','2','BOTOL','BOTOL','BOTOL','0000-00-00 00:00:00',1,'0000-00-00 00:00:00',1,'T',2,'','T','','F','','','','','','F','T','BOTOL','T',''),(911,'1139902063','39007528','TINTA HP GT 51 XL ( BLACK )','','','ST_RTU','ATK','','','T','F','T','0','','','','2','BOTOL','BOTOL','BOTOL','0000-00-00 00:00:00',1,'0000-00-00 00:00:00',1,'T',1,'','T','','F','','','','','','F','T','BOTOL','T',''),(912,'1139902088','39538385','STEMPEL TRODAT 4915 ( PRAMITA LAB )','','','ST_UMUM','ST_UMUM','','','T','F','T','0','','','','1','PCS','PCS','PCS','0000-00-00 00:00:00',1,'0000-00-00 00:00:00',1,'T',3,'','T','','F','','','','','','F','T','PCS','T',''),(913,'1130208934','39541487','ABBOTT TOTAL PROTEIN  3622 T - 7D73.22','','','ST_KIMIA','ST_KIMIA','','','T','F','T','0','','','','2','KIT','KIT','KIT','0000-00-00 00:00:00',1,'0000-00-00 00:00:00',1,'T',1,'','T','','F','','','','','','F','T','KIT','T',''),(914,'1130208935','39541491','ABBOTT ALBUMIN BCG 2607 T - 7D53.24','','','ST_KIMIA','ST_KIMIA','','','T','F','T','0','','','','2','KIT','KIT','KIT','0000-00-00 00:00:00',1,'0000-00-00 00:00:00',1,'T',2,'','T','','F','','','','','','F','T','KIT','T',''),(915,'1130208936','39541501','ABBOTT DIRECT BILLIRUBIN  2000 T - 8G63.22','','','ST_KIMIA','ST_KIMIA','','','T','F','T','0','','','','2','KIT','KIT','KIT','0000-00-00 00:00:00',1,'2025-00-03 00:00:00',1,'T',1,'','T','','F','','','','','','F','T','KIT','T',''),(916,'1130208937','39541513','ABBOTT TOTAL BILLIRUBIN 2750 T - 6L45.22','','','ST_KIMIA','ST_KIMIA','','','T','F','T','0','','','','2','KIT','KIT','KIT','0000-00-00 00:00:00',1,'0000-00-00 00:00:00',1,'T',1,'','T','','F','','','','','','F','T','KIT','T',''),(917,'1130208938','39541527','ABBOTT ALKALINE PHOSPATASE 1500 T - 7D55.22','','','ST_KIMIA','ST_KIMIA','','','T','F','T','0','','','','2','KIT','KIT','KIT','0000-00-00 00:00:00',1,'0000-00-00 00:00:00',1,'T',1,'','T','','F','','','','','','F','T','KIT','T',''),(918,'1130208939','39541536','ABBOTT ARCHITECH BILLIRUBIN CALIB. - 1E66.05','','','ST_KIMIA','ST_KIMIA','','','T','F','T','0','','','','2','KIT','KIT','KIT','0000-00-00 00:00:00',1,'2029-08-01 00:00:00',1,'T',1,'','T','','F','','','','','','F','T','KIT','T',''),(919,'1130208940','39541586','LIPID MULTICONSTITUENT CALIB - 5P56.02','','','ST_KIMIA','ST_KIMIA','','','T','F','T','0','','','','2','KIT','KIT','KIT','0000-00-00 00:00:00',1,'2032-03-05 00:00:00',1,'T',1,'','T','','F','','','','','','F','T','KIT','T',''),(920,'1130208941','39541645','APOLIPOPROTEIN B  243 T - 9D93.24','','','ST_KIMIA','ST_KIMIA','','','T','F','T','0','','','','2','KIT','KIT','KIT','0000-00-00 00:00:00',1,'2033-10-09 00:00:00',1,'T',1,'','T','','F','','','','','','F','T','KIT','T',''),(921,'1130208942','39541673','BIOKIT LP ( A ) CALIBRATOR - 5P83.02','','','ST_KIMIA','ST_KIMIA','','','T','F','T','0','','','','2','KIT','KIT','KIT','0000-00-00 00:00:00',1,'0000-00-00 00:00:00',1,'T',2,'','T','','F','','','','','','F','T','KIT','T',''),(922,'1139902105','40434598','LEM STICK BANTEX 35  GRAM','','','ST_UMUM','ST_ADMIN','','','T','F','T','0','','','','1','PCS','PCS','PCS','0000-00-00 00:00:00',1,'0000-00-00 00:00:00',1,'T',2,'','T','','F','','','','','','F','T','PCS','T',''),(923,'1139902171','42793265','DRUM PRINTER LASER HP PRO 200','','','ST_RTU','ST_UMUM','','','T','F','T','0','','','','1','PCS','PCS','PCS','0000-00-00 00:00:00',1,'0000-00-00 00:00:00',1,'T',1,'','T','','F','','','','','','F','T','PCS','T',''),(924,'1130309871','38224435','RAPID SARS COV - 2 ANTIGEN BOSON  ( IN40C5 )','','','ST_IMUNO','ST_IMMUN','','','T','F','T','0','','','','1','TEST','KIT','TEST','0000-00-00 00:00:00',1,'0000-00-00 00:00:00',1,'T',2,'','T','','F','','','','','','F','T','TEST','T',''),(925,'1139800913','38225683','ETER ALKOHOL 7:3 - 1 LITER','','','ST_CL','SUPPLIES','','','T','F','T','0','','','','1','BOTOL','BOTOL','BOTOL','0000-00-00 00:00:00',1,'0000-00-00 00:00:00',1,'F',2,'','T','','F','','','','','','F','T','BOTOL','T',''),(926,'1130600055','38225718','BARIUM MICROBAR POWDER 3,5 Kg','','','ST_FK','ST_RADIO','','','T','F','T','0','','','','1','BOTOL','BOTOL','BOTOL','0000-00-00 00:00:00',1,'0000-00-00 00:00:00',1,'T',3,'','T','','F','','','','','','F','T','BOTOL','T',''),(927,'1130060056','38225862','OMNIPAQUE 300 mg / 20 ml','','','ST_FK','ST_RADIO','','','T','F','F','0','','','','1','VIAL','VIAL','VIAL','0000-00-00 00:00:00',1,'0000-00-00 00:00:00',1,'T',2,'','T','','F','','','','','','F','T','VIAL','T',''),(928,'1139902034','38226075','PLASTIK LAMINATING ( TEBAL )','','','ST_UMUM','ST_ADMIN','','','T','F','T','0','','','','1','LEMBAR','LEMBAR','LEMBAR','0000-00-00 00:00:00',0,'0000-00-00 00:00:00',1,'T',2,'','T','','F','','','','','','F','T','LEMBAR','T',''),(929,'1139902035','38226098','PLASTIK LAMINATING ( TIPIS )','','','ST_UMUM','ST_ADMIN','','','T','F','T','0','','','','1','LEMBAR','LEMBAR','LEMBAR','0000-00-00 00:00:00',1,'0000-00-00 00:00:00',1,'T',2,'','T','','F','','','','','','F','T','LEMBAR','T',''),(930,'1130200835','38270594','REACTION CELL SET COBAS  C 503 - 7700814001','','','ST_KIMIA','ST_KIMIA','','','T','F','T','0','','','','1','BOX','BOX','BOX','0000-00-00 00:00:00',1,'0000-00-00 00:00:00',1,'T',1,'','T','','F','','','','','','F','T','BOX','T',''),(931,'1130400526','38270617','TEST KEHAMILAN - HCG CASSETTE ONCOPROBE 25 T','','','ST_KR','SUPPLIES','','','T','F','T','0','','','','1','TEST','TEST','TEST','0000-00-00 00:00:00',1,'0000-00-00 00:00:00',1,'T',1,'','T','','F','','','','','','F','T','TEST','T',''),(932,'1130400535','38805430','URINALISYS 10 P INSIGHT ACON 100 TEST - REF U031 -101','','','ST_ULFL ','ST_KIMIA','','','T','F','T','0','','','','1','TUBE','TUBE','TUBE','0000-00-00 00:00:00',1,'0000-00-00 00:00:00',1,'T',2,'','T','','F','','','','','','F','T','TUBE','T',''),(933,'1130309881','38837127','ALINITY I ANTI HCV REAGEN KIT - 8P06.23 ','','','ST_IMUNO','ST_IMMUN','','','T','F','T','0','','','','2','CATRIDGE','KIT','CATRIDGE','0000-00-00 00:00:00',1,'0000-00-00 00:00:00',1,'T',5,'','T','','F','','','','','','F','T','CATRIDGE','T',''),(934,'1130208914','38864117','ALINITY C CLINICAL CHEMISTRY CALIBRATOR - 8P65.03','4 X 3 ML','','ST_KIMIA','ST_KIMIA','','','T','F','T','0','','','','2','KIT','KIT','KIT','0000-00-00 00:00:00',1,'0000-00-00 00:00:00',1,'T',3,'','T','','F','','','','','','F','T','KIT','T',''),(935,'1130208915','38865146','ALINITY C GAMMA -  GLUTAMYL TRANFERASE REAGEN KIT  4 X 300 TEST - 7P73.20','','','ST_KIMIA','ST_KIMIA','','','T','F','T','0','','','','2','KIT','KIT','KIT','0000-00-00 00:00:00',1,'0000-00-00 00:00:00',1,'T',5,'','T','','F','','','','','','F','T','KIT','T',''),(936,'1130208916','38865257','ALINITY C CALCIUM REAGEN KIT 10 X 400 TEST - 7P57.20','','','ST_KIMIA','ST_KIMIA','','','T','F','T','0','','','','2','KIT','KIT','KIT','0000-00-00 00:00:00',1,'0000-00-00 00:00:00',1,'T',3,'','T','','F','','','','','','F','T','KIT','T',''),(937,'1130309883','38906970','VIDAS PCT - PRO CALCITONIN  60 T -  ( 30450 )','','','ST_IMUNO','ST_IMMUN','','','T','F','T','0','','','','2','TEST','KIT','TEST','0000-00-00 00:00:00',1,'0000-00-00 00:00:00',1,'T',5,'','T','','F','','','','','','F','T','TEST','T',''),(938,'1130600059','38906972','SCANLUX 300 mg I/ml  - IOPAMIDOL','','','ST_FK','ST_RADIO','','','T','F','T','0','','','','2','VIAL','VIAL','VIAL','0000-00-00 00:00:00',1,'0000-00-00 00:00:00',1,'T',2,'','T','','F','','','','','','F','T','VIAL','T',''),(939,'1130500812','38906977','RESORCINOL 100 gr','','','ST_SUPPL','SUPPLIES','','','T','F','T','0','','','','2','BOTOL','BOTOL','BOTOL','0000-00-00 00:00:00',1,'2023-10-00 00:00:00',1,'T',2,'','T','','F','','','','','','F','T','BOTOL','T',''),(940,'1130309897','39266241','ALINITY PRE TRIGGER SOLUTION - 6P12.70 ','','','ST_IMUNO','ST_IMMUN','','','T','F','T','0','','','','2','BOTOL','BOX','BOTOL','0000-00-00 00:00:00',1,'0000-00-00 00:00:00',1,'T',3,'','T','','F','','','','','','F','T','BOTOL','T',''),(941,'1139902172','42794923','REFILL TONER HP 107 A','','','ST_RTU','ST_UMUM','','','T','F','T','0','','','','1','PCS','PCS','PCS','0000-00-00 00:00:00',1,'0000-00-00 00:00:00',1,'T',1,'','T','','F','','','','','','F','T','PCS','T',''),(942,'1139902173','42794954','REFILL TONER HP 79 A','','','ST_RTU','ST_UMUM','','','T','F','T','0','','','','1','PCS','PCS','PCS','0000-00-00 00:00:00',1,'0000-00-00 00:00:00',1,'T',2,'','T','','F','','','','','','F','T','PCS','T',''),(943,'1139902174','42794966','REFILL TONER HP 280 A','','','ST_RTU','ST_UMUM','','','T','F','T','0','','','','1','PCS','PCS','PCS','0000-00-00 00:00:00',1,'2039-08-05 00:00:00',1,'T',3,'','T','','F','','','','','','F','T','PCS','T',''),(944,'1130100171','38168955','KAOLIN SUSPENSION SIEMENS - OQAB45','1 X 50 ML','','ST_HEMA','ST_HEMA','','','T','F','T','0','','','','1','KIT','KIT','KIT','0000-00-00 00:00:00',0,'2032-09-09 00:00:00',1,'T',2,'','T','','F','','','','','','F','T','KIT','T',''),(945,'1139800912','38222840','FOLLEY CATHETER NO. 18 RUSCH ( 2 WAY )','','','ST_FK','SUPPLIES','','','T','F','T','0','','','','1','PCS','PCS','PCS','0000-00-00 00:00:00',1,'0000-00-00 00:00:00',1,'T',3,'','T','','F','','','','','','F','T','PCS','T',''),(946,'1130208897','38232675','ALINITY C TOTAL PROTEIN 2 800 T - 4T81.20','','','ST_KIMIA','ST_KIMIA','','','T','F','T','0','','','','1','KIT','KIT','KIT','0000-00-00 00:00:00',1,'2003-11-00 00:00:00',1,'T',1,'','T','','F','','','','','','F','T','KIT','T',''),(947,'1130208898','38232798','ALINITY C CONSOLIDATED CHEMISTRY CALIB - 4V62.01','','','ST_KIMIA','ST_KIMIA','','','T','F','T','0','','','','1','BOTOL','BOTOL','BOTOL','0000-00-00 00:00:00',2,'0000-00-00 00:00:00',1,'T',3,'','T','','F','','','','','','F','T','BOTOL','T',''),(948,'1139902038','38246054','CATRIDGE COMPATIBLE  HP 80 A ','','','ST_RTU','ST_ADMIN','','','T','F','T','0','','','','1','PCS','PCS','PCS','0000-00-00 00:00:00',0,'0000-00-00 00:00:00',1,'T',4,'','T','','F','','','','','','F','T','PCS','T',''),(949,'1130100172','38575725','DILUENT DXH 05 - B 36845 10 LITER  ( BECKMAN COULTER )','','','ST_HEMA','ST_HEMA','','','T','F','T','0','','','','1','BOX','BOX','BOX','0000-00-00 00:00:00',1,'0000-00-00 00:00:00',1,'T',2,'','T','','F','','','','','','F','T','BOX','T',''),(950,'1130100173','38575777','LYSE DXH 06 - B 36846 500 ML  (  BECKMAN COULTER )','','','ST_HEMA','ST_HEMA','','','T','F','T','0','','','','1','BOTOL','BOTOL','BOTOL','0000-00-00 00:00:00',1,'0000-00-00 00:00:00',1,'T',1,'','T','','F','','','','','','F','T','BOTOL','T',''),(951,'1130100174','38575802','CLEANER DXH 08 - B 36868  500 ML  (  BECKMAN COULTER )','','','ST_HEMA','ST_HEMA','','','T','F','T','0','','','','1','BOTOL','BOTOL','BOTOL','0000-00-00 00:00:00',1,'0000-00-00 00:00:00',1,'T',1,'','T','','F','','','','','','F','T','BOTOL','T',''),(952,'1130100175','38575815','CONTROL TRI LEVEL  DXH 02 - B 36872  6 X 2,3 ML   (  BECKMAN COULTER )','','','ST_HEMA','ST_HEMA','','','T','F','T','0','','','','1','SET','SET','SET','0000-00-00 00:00:00',1,'0000-00-00 00:00:00',1,'T',2,'','T','','F','','','','','','F','T','SET','T',''),(953,'1130100176','38575826','CALIBRATOR  DXH 00 - B 36880  2 X 2  ML   (  BECKMAN COULTER )','','','ST_HEMA','ST_HEMA','','','T','F','T','0','','','','1','SET','SET','SET','0000-00-00 00:00:00',1,'0000-00-00 00:00:00',1,'T',1,'','T','','F','','','','','','F','T','SET','T',''),(954,'1130600057','38671401','IOPAMIRO 370 - 100 ML','','','ST_FK','ST_RADIO','','','T','F','T','0','','','','1','BOTOL','BOTOL','BOTOL','0000-00-00 00:00:00',1,'0000-00-00 00:00:00',1,'T',4,'','T','','F','','','','','','F','T','BOTOL','T',''),(955,'1130309786','38882617','DENGUE VIRUS IgG ELISA DEMEDITEC - DENG0120','','','ST_IMUNO','ST_IMMUN','','','T','F','T','0','','','','2','KIT','KIT','KIT','0000-00-00 00:00:00',1,'0000-00-00 00:00:00',1,'T',1,'','T','','F','','','','','','F','T','KIT','T',''),(956,'1130309779','38422096','ELECSYS ANTI TSHR  (  E PACK GREEN )  E 801 / 300  TES  - 8496633190','','','ST_IMUNO','ST_IMMUN','','','T','F','T','0','','','','1','KIT','KIT','KIT','0000-00-00 00:00:00',1,'0000-00-00 00:00:00',1,'T',3,'','T','','F','','','','','','F','T','KIT','T',''),(957,'1139902041','38425025','SABUN CUCI PIRING NATURKLIN - 5 LITER','','','ST_RTU','ST_UMUM','','','T','F','T','0','','','','1','JERIGEN','JERIGEN','JERIGEN','0000-00-00 00:00:00',1,'0000-00-00 00:00:00',1,'T',1,'','T','','F','','','','','','F','T','JERIGEN','T',''),(958,'1139902042','38425055','PEMBERSIH KAMAR MANDI + CLOSET BOWL CLEANER 5 LITER','','','ST_RTU','ST_UMUM','','','T','F','T','0','','','','1','JERIGEN','JERIGEN','JERIGEN','0000-00-00 00:00:00',1,'2039-06-02 00:00:00',1,'T',2,'','T','','F','','','','','','F','T','JERIGEN','T',''),(959,'1130208910','38836106','ALINITY C ALBUMIN BCG 2 - 1044 TEST ( 4U30.20 )','','','ST_KIMIA','ST_KIMIA','','','T','F','T','0','','','','1','KIT','KIT','KIT','0000-00-00 00:00:00',1,'0000-00-00 00:00:00',1,'T',1,'','T','','F','','','','','','F','T','KIT','T',''),(960,'1130208911','38836135','ALINITY C URIC ACID 2 -  640 TEST ( 4U09.20 )','','','ST_KIMIA','ST_KIMIA','','','T','F','T','0','','','','2','CATRIDGE','CATRIDGE','CATRIDGE','0000-00-00 00:00:00',2,'0000-00-00 00:00:00',1,'T',3,'','T','','F','','','','','','F','T','CATRIDGE','T',''),(961,'1130208912','38836142','ALINITY C CHOLESTEROL 2  - 880 TEST ( 4T88.20 )','','','ST_KIMIA','ST_KIMIA','','','T','F','T','0','','','','2','CATRIDGE','CATRIDGE','CATRIDGE','0000-00-00 00:00:00',2,'0000-00-00 00:00:00',1,'T',3,'','T','','F','','','','','','F','T','CATRIDGE','T',''),(962,'1130309879','38836230','ALINITY I ANTI HCV CALIBRATOR  - 8P06.02 ','','','ST_IMUNO','ST_IMMUN','','','T','F','T','0','','','','2','KIT','KIT','KIT','0000-00-00 00:00:00',1,'2047-03-06 00:00:00',1,'T',2,'','T','','F','','','','','','F','T','KIT','T',''),(963,'1130309880','38836273','ALINITY I ANTI HCV CONTROL  - 8P06.11 ','','','ST_IMUNO','ST_IMMUN','','','T','F','T','0','','','','2','KIT','KIT','KIT','0000-00-00 00:00:00',1,'0000-00-00 00:00:00',1,'T',3,'','T','','F','','','','','','F','T','KIT','T',''),(964,'1130309884','38953889','CARDIAC MARKER CONTROL FD LEVEL 1 & 2 - NANTO ENTEK ( FIC-CMFD )','','','ST_IMUNO','ST_IMMUN','','','T','F','F','0','','','','2','KIT','KIT','KIT','0000-00-00 00:00:00',1,'2022-09-00 00:00:00',1,'T',2,'','T','','F','','','','','','F','T','KIT','T',''),(965,'1139902057','38953972','SUSU ULTRA UHT - COKLAT  ( 200 ML)','','','ST_RTU','KONSUMSI','','','T','F','T','0','','','','2','PCS','KARTON','PCS','0000-00-00 00:00:00',1,'0000-00-00 00:00:00',1,'T',5,'','T','','F','','','','','','F','T','PCS','T',''),(966,'1130400536','38954074','SPERM GRAD 30 ML - 303VIR0063','','','ST_ULFL ','ST_KIMIA','','','T','F','T','0','','','','2','KIT','KIT','KIT','0000-00-00 00:00:00',1,'0000-00-00 00:00:00',1,'T',2,'','T','','F','','','','','','F','T','KIT','T',''),(967,'1139800926','39326045','Na CL 0,9 % - 100 ml','','','ST_CL','ST_KIMIA','','','T','F','T','0','','','','2','BOTOL','BOTOL','BOTOL','0000-00-00 00:00:00',1,'2039-06-00 00:00:00',1,'T',4,'','T','','F','','','','','','F','T','BOTOL','T',''),(968,'1130400558','43323327','COMBUR 10 TEST ® M  VISUAL 100 STR - 09587624190 ','','','ST_ULFL ','REAGEN','','','T','F','T','0','','','','1','TUBE','TUBE','TUBE','0000-00-00 00:00:00',1,'0000-00-00 00:00:00',1,'T',2,'','T','','F','','','','','','F','T','TUBE','T',''),(969,'1130200860','38329579','COBAS ALBUMIN GEN 2 - 8056692190','','','ST_KIMIA','ST_KIMIA','','','T','F','T','0','','','','1','KIT','KIT','KIT','0000-00-00 00:00:00',1,'0000-00-00 00:00:00',1,'T',1,'','T','','F','','','','','','F','T','KIT','T',''),(970,'1130200830','38426746','SCCS 50 ML  COBAS C 503 - 08463093190','','','ST_KIMIA','ST_KIMIA','','','T','F','T','0','','','','1','BOTOL','BOTOL','BOTOL','0000-00-00 00:00:00',1,'2056-03-03 00:00:00',1,'T',1,'','T','','F','','','','','','F','T','BOTOL','T',''),(971,'1130309792','38426782','ELECSYS TSH CALSET ( 4 X 1,3 ML )  -  8443459190','','','ST_IMUNO','ST_IMMUN','','','T','F','T','0','','','','1','KIT','KIT','KIT','0000-00-00 00:00:00',1,'0000-00-00 00:00:00',1,'T',1,'','T','','F','','','','','','F','T','KIT','T',''),(972,'1139902046','38520437','POS IT - 670 ( WARNA )','','','ST_RTU','ATK','','','T','F','T','0','','','','1','PCS','PCS','PCS','0000-00-00 00:00:00',1,'0000-00-00 00:00:00',1,'T',2,'','T','','F','','','','','','F','T','PCS','T',''),(973,'1139902051','38775960','ORDNER BANTEX 1466 ( HITAM )','','','ST_RTU','ST_ADMIN','','','T','F','T','0','','','','1','PCS','PCS','PCS','0000-00-00 00:00:00',1,'0000-00-00 00:00:00',1,'T',2,'','T','','F','','','','','','F','T','PCS','T',''),(974,'1130208908','38816073','ACTIVATOR FOR COBAS C , INTEGRA  ( 4663632190 )','','','ST_KIMIA','ST_KIMIA','','','T','F','T','0','','','','2','BOX','BOX','BOX','0000-00-00 00:00:00',1,'0000-00-00 00:00:00',1,'T',2,'','T','','F','','','','','','F','T','BOX','T',''),(975,'1130208919','38987398','CRP T CONTROL N  ( 5 X 0,5 ML ) - 20766321322','KODE 235','','ST_KIMIA','ST_KIMIA','','','T','F','T','0','','','','2','KIT','KIT','KIT','0000-00-00 00:00:00',1,'2023-10-02 00:00:00',1,'T',2,'','T','','F','','','','','','F','T','KIT','T',''),(976,'1139800924','39266330','ARCHITECH SEPTUM ( 4D18.03 )','','','ST_CL','ST_KIMIA','','','T','F','T','0','','','','2','BOX','BOX','BOX','0000-00-00 00:00:00',1,'0000-00-00 00:00:00',1,'T',2,'','T','','F','','','','','','F','T','BOX','T',''),(977,'1130309898','39266475','ELECSYS ANTI HAV - 8086664190','','','ST_IMUNO','ST_IMMUN','','','T','F','T','0','','','','2','KIT','KIT','KIT','0000-00-00 00:00:00',1,'0000-00-00 00:00:00',1,'T',1,'','T','','F','','','','','','F','T','KIT','T',''),(978,'1130309899','39266530','ELECSYS PRECI CONTROL ANTI HAV  - 8086672190','','','ST_IMUNO','ST_IMMUN','','','T','F','T','0','','','','2','KIT','KIT','KIT','0000-00-00 00:00:00',1,'0000-00-00 00:00:00',1,'T',1,'','T','','F','','','','','','F','T','KIT','T',''),(979,'1130309900','39266558','ELECSYS AMH PLUS E2G 100 TEST - 8818916190','','','ST_IMUNO','ST_IMMUN','','','T','F','T','0','','','','2','KIT','KIT','KIT','0000-00-00 00:00:00',1,'0000-00-00 00:00:00',1,'T',3,'','T','','F','','','','','','F','T','KIT','T',''),(980,'1130309901','39266580','ELECSYS AMH PLUS CALSET - 7957203190','','','ST_IMUNO','ST_IMMUN','','','T','F','T','0','','','','2','SET','KIT','SET','0000-00-00 00:00:00',4,'0000-00-00 00:00:00',1,'T',2,'','T','','F','','','','','','F','T','SET','T',''),(981,'1130309902','39266606','ELECSYS PRECI CONTROL AMH PLUS - 7957211190','','','ST_IMUNO','ST_IMMUN','','','T','F','T','0','','','','2','SET','KIT','SET','0000-00-00 00:00:00',4,'0000-00-00 00:00:00',1,'T',2,'','T','','F','','','','','','F','T','SET','T',''),(982,'1130309903','39266630','ELECSYS ® TG II E2 G 300 TEST - 8906564190 ','','','ST_IMUNO','ST_IMMUN','','','T','F','T','0','','','','2','KIT','KIT','KIT','0000-00-00 00:00:00',1,'0000-00-00 00:00:00',1,'T',4,'','T','','F','','','','','','F','T','KIT','T',''),(983,'1130309904','39266705','ELECSYS TG II G2 CALSET ELECSYS ® V2 - 8991405190','','','ST_IMUNO','ST_IMMUN','','','T','F','T','0','','','','2','SET','KIT','SET','0000-00-00 00:00:00',4,'0000-00-00 00:00:00',1,'T',3,'','T','','F','','','','','','F','T','SET','T',''),(984,'1130309905','39266740','ELECSYS B CROSS LAPS E2G - 9005781190','','','ST_IMUNO','ST_IMMUN','','','T','F','T','0','','','','2','KIT','KIT','KIT','0000-00-00 00:00:00',4,'0000-00-00 00:00:00',1,'T',2,'','T','','F','','','','','','F','T','KIT','T',''),(985,'1130309906','39266779','ELECSYS BRAHMS PCT - 8828679190','','','ST_IMUNO','ST_IMMUN','','','T','F','T','0','','','','2','KIT','KIT','KIT','0000-00-00 00:00:00',1,'2004-05-04 00:00:00',1,'T',2,'','T','','F','','','','','','F','T','KIT','T',''),(986,'1139800925','39266930','TUBE VACUTAINER GEL CLOT ACTIVATORSST 4ML GOLDEN VAC','','','ST_CL','ST_KIMIA','','','T','F','T','0','','','','2','PCS','PCS','PCS','0000-00-00 00:00:00',1,'2008-12-09 00:00:00',1,'T',2,'','T','','F','','','','','','F','T','PCS','T',''),(987,'1139902077','39333921','ISI STAPLES KANGARO - 24/6 - 1 M','','','ST_RTU','ATK','','','T','F','T','0','','','','2','PCS','PCS','PCS','0000-00-00 00:00:00',1,'0000-00-00 00:00:00',1,'T',2,'','T','','F','','','','','','F','T','PCS','T',''),(988,'1130400540','39335642','TEST KEHAMILAN ORIENT GENE  ( STRIP )','','','ST_ULFL ','ST_KIMIA','','','T','F','T','0','','','','2','TEST','KIT','TEST','0000-00-00 00:00:00',0,'0000-00-00 00:00:00',1,'T',3,'','T','','F','','','','','','F','T','TEST','T',''),(989,'1130400541','39335787','TEST KEHAMILAN ORIENT GENE  ( DEVICE )','','','ST_ULFL ','ST_KIMIA','','','T','F','T','0','','','','2','TEST','TEST','TEST','0000-00-00 00:00:00',1,'2044-07-00 00:00:00',1,'T',3,'','T','','F','','','','','','F','T','TEST','T',''),(990,'1139800927','39335806','GELAS PLASTIK UNTUK DENTAL','','','ST_CL','ST_KIMIA','','','T','F','T','0','','','','2','PCS','PCS','PCS','0000-00-00 00:00:00',0,'2045-01-01 00:00:00',1,'T',3,'','T','','F','','','','','','F','T','PCS','T',''),(991,'1139800928','39336029','TUBE VAC 3 ML K3E KE EDTA NR LAV/BLK/T ( 454217 )','','','ST_CL','SUPPLIES','','','T','F','T','0','','','','1','PCS','BOX','PCS','0000-00-00 00:00:00',12,'2018-04-09 00:00:00',1,'T',5,'','T','','F','','','','','','F','T','PCS','T',''),(992,'1139800929','39336032','TUBE VAC PLH VAC 4 ML CAT SER C/A PREM RED/BLK 13 X 75 - 454092 ','','','ST_CLK','SUPPLIES','','','T','F','T','0','','','','2','PCS','BOX','PCS','0000-00-00 00:00:00',1,'2020-01-03 00:00:00',1,'T',6,'','T','','F','','','','','','F','T','PCS','T',''),(993,'1139800952','40526040','OXYCAN  500 CC','','','ST_LK','SUPPLIES','','','T','F','T','0','','','','1','BOTOL','BOTOL','BOTOL','0000-00-00 00:00:00',1,'0000-00-00 00:00:00',1,'T',3,'','T','','F','','','','','','F','T','BOTOL','T',''),(994,'1139800955','40587015','PIPETTOR PROBES FOR ALINITY ( 2 PACK ) - 03R96-01','','','ST_CL','S_PART','','','T','F','T','0','','','','1','UNIT','UNIT','UNIT','0000-00-00 00:00:00',1,'2054-11-09 00:00:00',1,'T',2,'','T','','F','','','','','','F','T','UNIT','T',''),(995,'1130309951','40748625','ELECSYS VITAMIN D TOTAL III E2G 300 T - 9038086190','','','ST_IMUNO','ST_IMMUN','','','T','F','T','0','','','','2','KIT','KIT','KIT','0000-00-00 00:00:00',1,'0000-00-00 00:00:00',1,'T',2,'','T','','F','','','','','','F','T','KIT','T',''),(996,'1139800968','40858005','ARC TBG /SN/TP WZ - 8C94.90','','','ST_CR','ST_IMMUN','','','T','F','T','0','','','','2','PCS','PCS','PCS','0000-00-00 00:00:00',1,'0000-00-00 00:00:00',1,'T',1,'','T','','F','','','','','','F','T','PCS','T',''),(997,'PERL-OPERASIONAL6','43553577','PERALATAN OPERASIONAL CAT6','DIATAS 900 JUTA','','FA-OPER3','FIXASSET','','','F','F','F','0','','','','1','UNIT','UNIT','UNIT','0000-00-00 00:00:00',0,'0000-00-00 00:00:00',0,'T',5,'','T','','F','','','','','','F','T','UNIT','T',''),(998,'1130500810','38609273','GYN SOLUTION - SPECIMEN PRESERVATION SOLUTION CELLTRA ZONE - 20 ML','','','ST_SUPPL','SUPPLIES','','','T','F','T','0','','','','1','BOTOL','BOTOL','BOTOL','0000-00-00 00:00:00',1,'0000-00-00 00:00:00',1,'T',2,'','T','','F','','','','','','F','T','BOTOL','T',''),(999,'1130600056','38664710','FEEDING TUBE 5 FR - 40 CM ( JMS ) - 805-0500','','','ST_FK','ST_RADIO','','','T','F','F','0','','','','1','PCS','PCS','PCS','0000-00-00 00:00:00',1,'0000-00-00 00:00:00',1,'T',2,'','T','','F','','','','','','F','T','PCS','T',''),(1000,'1139902056','38836515','CUTTER','','','ST_RTU','ST_ADMIN','','','T','F','T','0','','','','1','PCS','PCS','PCS','0000-00-00 00:00:00',1,'2005-06-07 00:00:00',0,'F',3,'','T','','F','','','','','','F','T','PCS','T',''),(1001,'1130208955','40497811','ABBOTT TOTAL PROTEIN 800 T  ( 4U44.20 )','','','ST_KR','ST_KIMIA','','','T','F','T','0','','','','1','KIT','KIT','KIT','0000-00-00 00:00:00',1,'0000-00-00 00:00:00',1,'T',5,'','T','','F','','','','','','F','T','KIT','T',''),(1002,'1130700033','40526657','PAPER ECG ROLL 215mm X 25 mm','','','ST_EJPD','SUPPLIES','','','T','F','T','0','','','','1','ROLL','ROLL','ROLL','0000-00-00 00:00:00',1,'2038-04-05 00:00:00',0,'T',4,'','T','','F','','','','','','F','T','ROLL','T',''),(1003,'1130400548','40659138','HITUNG SPERMA  / SPERMA COUNT  - 250 CC ','','','ST_ULFL ','ST_KIMIA','','','T','F','T','0','','','','2','BOTOL','BOTOL','BOTOL','0000-00-00 00:00:00',1,'0000-00-00 00:00:00',1,'T',4,'','T','','F','','','','','','F','T','BOTOL','T',''),(1004,'1130500843','40996868','PEWARNA MDT2 INDO REAGEN - 100 ML','','','ST_MIKRO','REAGEN','','','T','F','T','0','','','','2','BOTOL','BOTOL','BOTOL','0000-00-00 00:00:00',1,'0000-00-00 00:00:00',1,'F',4,'','T','','F','','','','','','F','T','BOTOL','T',''),(1005,'1130309953','40996950','HERPES SIMPLEX VIRUS ( HSV - 1/2 POOL ) IgM   EUROIMMUN  - EL 2531-9601-1M','','','ST_IMUNO','ST_IMMUN','','','T','F','T','0','','','','2','KIT','KIT','KIT','0000-00-00 00:00:00',1,'0000-00-00 00:00:00',1,'T',2,'','T','','F','','','','','','F','T','KIT','T',''),(1006,'1139902204','43563876','FORMULIR PEMERIKSAAN FISIK DAN INTERNIS','','','ST_CETAK','ST_PELAYANAN','','','T','F','T','0','','','','1','BUKU','BUKU','BUKU','0000-00-00 00:00:00',1,'0000-00-00 00:00:00',1,'T',2,'','T','','F','','','','','','F','T','BUKU','T',''),(1007,'1130208894','38157175','THERMOSCIENTIFIC HDL CHOLES - 81955','','','ST_KIMIA','ST_KIMIA','','','T','F','T','0','','','','1','KIT','KIT','KIT','0000-00-00 00:00:00',1,'2014-06-07 00:00:00',1,'T',2,'','T','','F','','','','','','F','T','KIT','T',''),(1008,'1130208895','38225298','HDL CHOLESTEROL PLUS THERMO - 81955 ','','','ST_KIMIA','ST_KIMIA','','','T','F','T','0','','','','1','KIT','KIT','KIT','0000-00-00 00:00:00',1,'0000-00-00 00:00:00',1,'T',1,'','T','','F','','','','','','F','T','KIT','T',''),(1009,'1130208896','38225299','LDL CHOLESTEROL PLUS THERMO - K 1956','','','ST_KIMIA','ST_KIMIA','','','T','F','T','0','','','','1','KIT','KIT','KIT','0000-00-00 00:00:00',1,'0000-00-00 00:00:00',1,'T',2,'','T','','F','','','','','','F','T','KIT','T',''),(1010,'1139800915','38693054','HELIFORCE UREA BREATH TEST KIT  ( GRANUL ) - UBT 1140.012','','','ST_IMUNO','ST_IMMUN','','','T','F','T','0','','','','2','BOX','BOX','BOX','0000-00-00 00:00:00',1,'0000-00-00 00:00:00',1,'T',7,'','T','','F','','','','','','F','T','PCS','T',''),(1011,'1139902078','39336097','KERTAS HASIL A4 - ELEKTROMEDIS ( RIM )','','','ST_CETAK','CETAKAN','','','T','F','T','0','','','','1','RIM','RIM','RIM','0000-00-00 00:00:00',0,'0000-00-00 00:00:00',1,'T',3,'','T','','F','','','','','','F','T','RIM','T',''),(1012,'1139800950','40454116','Na CL 0,86% - 100 ml ( ONE CARE )','','','ST_ULFL ','SUPPLIES','','','T','F','T','0','','','','1','BOTOL','BOTOL','BOTOL','0000-00-00 00:00:00',1,'0000-00-00 00:00:00',1,'T',2,'','T','','F','','','','','','F','T','BOTOL','T',''),(1013,'1130208956','40593763','LIPASE 4 X 25 ML -  THERMO  ( 81846 )','','','ST_KIMIA','ST_KIMIA','','','T','F','T','0','','','','2','KIT','KIT','KIT','0000-00-00 00:00:00',1,'0000-00-00 00:00:00',1,'T',3,'','T','','F','','','','','','F','T','KIT','T',''),(1014,'1139902111','40647934','KAIN SERAGAM MERAH  - LIVINA','','','ST_RTU','SUPPLIES','','','T','F','T','0','','','','1','METER','METER','METER','0000-00-00 00:00:00',1,'0000-00-00 00:00:00',1,'T',3,'','T','','F','','','','','','F','T','METER','T',''),(1015,'1130208962','40824257','ABBOTT CHOLESTEROL 2   ( 4T88.30 )','','','ST_KIMIA','ST_KIMIA','','','T','F','T','0','','','','1','KIT','KIT','KIT','0000-00-00 00:00:00',1,'0000-00-00 00:00:00',1,'T',4,'','T','','F','','','','','','F','T','KIT','T',''),(1016,'1130400559','43383839','CALPROTECTIN - 25 T ICHROMAX - CFPC-83','','','ST_ULFL ','REAGEN','','','T','F','T','0','','','','1','TEST','KIT','TEST','0000-00-00 00:00:00',1,'0000-00-00 00:00:00',1,'T',3,'','T','','F','','','','','','F','T','TEST','T',''),(1017,'1130310016','43688263','DENGUE COMBO RAPID TEST ( IgG / IgM / NS 1 )  BIOPANDA UK -  RAPG-DEC-001','','','ST_IMUNO','ST_IMMUN','','','T','F','T','0','','','','1','TEST','KIT','TEST','0000-00-00 00:00:00',1,'0000-00-00 00:00:00',1,'T',4,'','T','','F','','','','','','F','T','TEST','T',''),(1018,'1130310026','43807232','AIM HAV TRIPLELINE TOTAL RAPID TEST ( IgG / IgM ) - HATD0025','','','ST_IMUNO','ST_IMMUN','','','T','F','F','0','','','','1','TEST','KIT','TEST','0000-00-00 00:00:00',1,'0000-00-00 00:00:00',1,'T',2,'','T','','F','','','','','','F','T','TEST','T',''),(1019,'1139801017','43824374','VAKSIN QDENGA - DENGUE TETRAVALEN  (  0,5 ML )','','','ST_LJ','ST_PELAYANAN','','','T','F','T','0','','','','1','VIAL','BOX','VIAL','0000-00-00 00:00:00',1,'0000-00-00 00:00:00',1,'T',2,'','T','','F','','','','','','F','T','VIAL','T',''),(1020,'1139902033','38161041','KEYBOARD + MOUSE  ( PACKAGE )','','','ST_UMUM','ST_ADMIN','','','T','F','T','0','','','','1','PCS','PCS','PCS','0000-00-00 00:00:00',1,'0000-00-00 00:00:00',1,'T',3,'','T','','F','','','','','','F','T','PCS','T',''),(1021,'1139902079','39371324','TISSUE HAND TOWEL - LIVI ESSENTIAL TOWEL MULTI FOLD 150`S  - 1011404160090','','','ST_RTU','ST_UMUM','','','T','F','T','0','','','','2','PCS','PCS','PCS','0000-00-00 00:00:00',1,'0000-00-00 00:00:00',1,'T',2,'','T','','F','','','','','','F','T','PCS','T',''),(1022,'1139902106','40434604','STAPLER JOYKO HD - 30 ','','','ST_UMUM','ST_ADMIN','','','T','F','T','0','','','','1','PCS','PCS','PCS','0000-00-00 00:00:00',1,'0000-00-00 00:00:00',1,'T',3,'','T','','F','','','','','','F','T','PCS','T',''),(1023,'1139902107','40535833','DOCUMENT KEEPER / CLEAR HOLDER  ISI 40  ( A4 )','','','ST_UMUM','ST_ADMIN','','','T','F','T','0','','','','1','PCS','PCS','PCS','0000-00-00 00:00:00',1,'0000-00-00 00:00:00',1,'T',3,'','T','','F','','','','','','F','T','PCS','T',''),(1024,'1139800964','40699521','JARUM / NEEDLE TERUMO AGANI 25 G X 1 ( 25 MM ) - AN * 2525 R','','','ST_CLK','SUPPLIES','','','T','F','T','0','','','','2','PCS','BOX','PCS','0000-00-00 00:00:00',1,'0000-00-00 00:00:00',1,'T',5,'','T','','F','','','','','','F','T','PCS','T',''),(1025,'1130309943','40699712','ARCH HS TROPONIN I CONTROL - 3P25.11','','','ST_IMUNO','ST_IMMUN','','','T','F','T','0','','','','2','KIT','KIT','KIT','0000-00-00 00:00:00',1,'0000-00-00 00:00:00',1,'T',2,'','T','','F','','','','','','F','T','KIT','T',''),(1026,'1130100185','40833823','AIM MALARIA DUO RAPID TEST ( PAN / P.f ) - MAL D2 20','','','ST_HEMA','ST_HEMA','','','T','F','T','0','','','','2','KIT','KIT','KIT','0000-00-00 00:00:00',1,'0000-00-00 00:00:00',1,'T',5,'','T','','F','','','','','','F','T','KIT','T',''),(1027,'1139800969','40858053','PROBE NEXT R KIT  - 3R87.10','','','ST_CR','ST_IMMUN','','','T','F','T','0','','','','1','PCS','PCS','PCS','0000-00-00 00:00:00',1,'0000-00-00 00:00:00',1,'T',2,'','T','','F','','','','','','F','T','PCS','T',''),(1028,'1130310012','43505971','HIV - 1/2  ANTIBODY  RAPID TEST ( 25 T )  -  GENOMIC ','','','ST_IMUNO','ST_IMMUN','','','T','F','F','0','','','','1','TEST','KIT','TEST','0000-00-00 00:00:00',1,'0000-00-00 00:00:00',1,'T',6,'','T','','F','','','','','','F','T','TEST','T',''),(1029,'1130310030','43860825','ARCH RUBELLA IgG 100 T - 6C17.26','','','ST_IMUNO','ST_IMMUN','','','T','F','T','0','','','','1','KIT','KIT','KIT','0000-00-00 00:00:00',1,'0000-00-00 00:00:00',1,'T',1,'','T','','F','','','','','','F','T','KIT','T',''),(1030,'1130310031','43860903','ARCH RUBELLA IgM CONTROL - 6C18.13','','','ST_IMUNO','ST_IMMUN','','','T','F','T','0','','','','1','KIT','KIT','KIT','0000-00-00 00:00:00',1,'0000-00-00 00:00:00',1,'T',1,'','T','','F','','','','','','F','T','KIT','T',''),(1031,'1130310032','43860931','QC TB - IGRA LEVEL 1','','','ST_IMUNO','ST_IMMUN','','','T','F','T','0','','','','1','VIAL','VIAL','VIAL','0000-00-00 00:00:00',1,'0000-00-00 00:00:00',1,'T',1,'','T','','F','','','','','','F','T','VIAL','T',''),(1032,'1130209029','43967798','ALINITY C CHOLINESTRASE 2 X 100 T - 9P94.22','','','ST_KIMIA','ST_KIMIA','','','T','F','T','0','','','','1','BOTOL','KIT','BOTOL','0000-00-00 00:00:00',1,'0000-00-00 00:00:00',1,'T',1,'','T','','F','','','','','','F','T','BOTOL','T',''),(1033,'1130200822','38183116','CHOL 2  - 2600 T COBAS C 503 - 8057443190','','','ST_KIMIA','ST_KIMIA','','','T','F','T','0','','','','1','KIT','KIT','KIT','0000-00-00 00:00:00',1,'0000-00-00 00:00:00',1,'T',1,'','T','','F','','','','','','F','T','KIT','T',''),(1034,'1130200824','38183119','GLUC 3 - 3300 T COBAS C 503 - 8057800190','','','ST_KIMIA','ST_KIMIA','','','T','F','T','0','','','','1','KIT','KIT','KIT','0000-00-00 00:00:00',1,'0000-00-00 00:00:00',1,'T',1,'','T','','F','','','','','','F','T','KIT','T',''),(1035,'1130200826','38183120','UA2 - 1300 T COBAS C 503 - 8058750190','','','ST_KIMIA','ST_KIMIA','','','T','F','T','0','','','','1','KIT','KIT','KIT','0000-00-00 00:00:00',1,'2007-08-06 00:00:00',1,'T',1,'','T','','F','','','','','','F','T','KIT','T',''),(1036,'1130200841','38183122','ALB T2 500 T COBAS C 503 - 8056722190','','','ST_KIMIA','ST_KIMIA','','','T','F','T','0','','','','1','KIT','KIT','KIT','0000-00-00 00:00:00',1,'0000-00-00 00:00:00',1,'T',1,'','T','','F','','','','','','F','T','KIT','T',''),(1037,'1130200829','38183123','Na CL COBAS C 503 - 08063494190','','','ST_KIMIA','ST_KIMIA','','','T','F','T','0','','','','1','KIT','KIT','KIT','0000-00-00 00:00:00',1,'0000-00-00 00:00:00',1,'T',1,'','T','','F','','','','','','F','T','KIT','T',''),(1038,'1130309770','38601127','ELECSYS PRECI CONTROL ANTI SARS COV-2 S ( QUANT )  -  9289313190','','','ST_IMUNO','ST_IMMUN','','','T','F','T','0','','','','1','KIT','KIT','KIT','0000-00-00 00:00:00',1,'0000-00-00 00:00:00',1,'T',1,'','T','','F','','','','','','F','T','KIT','T',''),(1039,'1130500816','39370713','XYLENE HISTOLOGICAL GRADE  2,5 LTR - 06.1304E ( BIO OPTICA )','','','ST_MIKRO','REAGEN','','','T','F','T','0','','','','2','BOTOL','BOTOL','BOTOL','0000-00-00 00:00:00',1,'0000-00-00 00:00:00',1,'T',2,'','T','','F','','','','','','F','T','BOTOL','T',''),(1040,'1130500817','39370719','DEHYOL ABSOLUTE ( ALKOHOL ABSOLUT ) 2,5 LTR - 06.10077E ( BIO OPTICA )','','','ST_MIKRO','SUPPLIES','','','T','F','T','0','','','','2','BOTOL','BOTOL','BOTOL','0000-00-00 00:00:00',1,'0000-00-00 00:00:00',1,'T',1,'','T','','F','','','','','','F','T','BOTOL','T',''),(1041,'1130500818','39370735','DEHYOL 95 ( ALKOHOL 95% )  2,5 LTR - 06.10070E ( BIO OPTICA )','','','ST_MIKRO','SUPPLIES','','','T','F','T','0','','','','2','BOTOL','BOTOL','BOTOL','0000-00-00 00:00:00',1,'0000-00-00 00:00:00',1,'T',1,'','T','','F','','','','','','F','T','BOTOL','T',''),(1042,'1130500819','39370742','PAPANICOLAOU EA 50 1 LTR - 05.12019  / L ( BIO OPTICA )','','','ST_MIKRO','SUPPLIES','','','T','F','T','0','','','','2','BOTOL','BOTOL','BOTOL','0000-00-00 00:00:00',1,'2027-00-02 00:00:00',1,'T',3,'','T','','F','','','','','','F','T','BOTOL','T',''),(1043,'1130500820','39370743','PAPANICOLAOU OG 6 1 LTR - 05.12013 / L ( BIO OPTICA )','','','ST_MIKRO','SUPPLIES','','','T','F','T','0','','','','2','BOTOL','BOTOL','BOTOL','0000-00-00 00:00:00',1,'0000-00-00 00:00:00',1,'T',1,'','T','','F','','','','','','F','T','BOTOL','T',''),(1044,'1130500821','39370744','PAPANICOLAOU HARRIS HEMATOXYLIN 1 LTR - 05.12011 / L ( BIO OPTICA )','','','ST_MIKRO','SUPPLIES','','','T','F','T','0','','','','2','BOTOL','BOTOL','BOTOL','0000-00-00 00:00:00',1,'0000-00-00 00:00:00',1,'T',2,'','T','','F','','','','','','F','T','BOTOL','T',''),(1045,'1130500822','39370745','MAYER`S HEMATOXYLIN FOR HOSTOLOGY 1 LTR - 05.06002 / L ( BIO OPTICA )','','','ST_MIKRO','SUPPLIES','','','T','F','T','0','','','','2','BOTOL','BOTOL','BOTOL','0000-00-00 00:00:00',1,'2030-01-01 00:00:00',1,'T',1,'','T','','F','','','','','','F','T','BOTOL','T',''),(1046,'1130500823','39370746','BIO MOUNT HM ( ENTELLAN ) 500 ML - 05.BMHM500 ( BIO OPTICA )','','','ST_MIKRO','SUPPLIES','','','T','F','T','0','','','','2','BOTOL','BOTOL','BOTOL','0000-00-00 00:00:00',1,'2031-08-01 00:00:00',1,'T',1,'','T','','F','','','','','','F','T','BOTOL','T',''),(1047,'1130500824','39370748','SCOTT`S WATER  - CONCENTRATED BUFFER 10 X ( BLUING AGENT ) 500 ML - 05.M05023 ( BIO OPTICA )','','','ST_MIKRO','SUPPLIES','','','T','F','T','0','','','','2','BOTOL','BOTOL','BOTOL','0000-00-00 00:00:00',1,'0000-00-00 00:00:00',1,'T',1,'','T','','F','','','','','','F','T','BOTOL','T',''),(1048,'1130500825','39370752','HYDROCHLORIC ACID SOLUTION ( ALKOHOL ASAM ) 0,01 % 1 LTR - HAS-AS ( BIO OPTICA )','','','ST_MIKRO','SUPPLIES','','','T','F','T','0','','','','2','BOTOL','BOTOL','BOTOL','0000-00-00 00:00:00',0,'0000-00-00 00:00:00',1,'T',4,'','T','','F','','','','','','F','T','BOTOL','T',''),(1049,'1139800931','39370774','MANUAL STAINER 12 DHISES AND BASKET FOR 25 SLIDE - 10.10 ( BIO OPTICA )','','','ST_MIKRO','SUPPLIES','','','T','F','T','0','','','','2','PCS','PCS','PCS','0000-00-00 00:00:00',1,'0000-00-00 00:00:00',1,'T',2,'','T','','F','','','','','','F','T','PCS','T',''),(1050,'1139801007','43234969','POT DAHAK SAMPLE CONTAINER STERIL ( EKOMED )','','','ST_FPS','SUPPLIES','','','T','F','T','0','','','','1','PCS','PCS','PCS','0000-00-00 00:00:00',1,'0000-00-00 00:00:00',1,'T',2,'','T','','F','','','','','','F','T','PCS','T',''),(1051,'1130310010','43350091','FAST CLEAR Q NS 1 Ag TEST - FCQ-DNS01G','','','ST_IMUNO','ST_IMMUN','','','T','F','T','0','','','','1','TEST','KIT','TEST','0000-00-00 00:00:00',1,'2038-01-06 00:00:00',1,'T',3,'','T','','F','','','','','','F','T','TEST','T',''),(1052,'1139902194','43350293','TINTA EPSON T 774 - BLACK','','','ST_RTU','ST_ADMIN','','','T','F','T','0','','','','1','BOTOL','BOTOL','BOTOL','0000-00-00 00:00:00',1,'2043-06-02 00:00:00',1,'T',1,'','T','','F','','','','','','F','T','BOTOL','T',''),(1053,'1139902195','43350299','TINTA EPSON T 005 - BLACK','','','ST_RTU','ST_ADMIN','','','T','F','T','0','','','','1','BOTOL','BOTOL','BOTOL','0000-00-00 00:00:00',1,'0000-00-00 00:00:00',1,'T',2,'','T','','F','','','','','','F','T','BOTOL','T',''),(1054,'1130209023','43373310','SERUM INDEX ( SI2) 14500 T  - 8063516190','','','ST_KIMIA','ST_KIMIA','','','T','F','T','0','','','','1','KIT','KIT','KIT','0000-00-00 00:00:00',1,'0000-00-00 00:00:00',1,'T',2,'','T','','F','','','','','','F','T','KIT','T',''),(1055,'1139902039','38246667','PLASTIK OPP UKURAN 7 X 15','','','ST_UMUM','SUPPLIES','','','T','F','T','0','','','','1','PAK','PAK','PAK','0000-00-00 00:00:00',1,'0000-00-00 00:00:00',1,'T',5,'','T','','F','','','','','','F','T','PAK','T',''),(1056,'1130309931','40437587','ELECSYS TESTOSTERON G2 COBAS E 100 V2 - 8946353190','','','ST_IMUNO','ST_IMMUN','','','T','F','T','0','','','','1','KIT','KIT','KIT','0000-00-00 00:00:00',1,'0000-00-00 00:00:00',1,'T',3,'','T','','F','','','','','','F','T','KIT','T',''),(1057,'1130309937','40486351','ELECSYS DILUENT ESTRADIOL / PROGESTERON - 03028542122','','','ST_IMUNO','ST_IMMUN','','','T','F','T','0','','','','1','KIT','KIT','KIT','0000-00-00 00:00:00',1,'0000-00-00 00:00:00',1,'T',2,'','T','','F','','','','','','F','T','KIT','T',''),(1058,'1130600062','41019147','STERILE POUCH 35 X 200 M - ONE MED','','','ST_FK','ST_RADIO','','','T','F','T','0','','','','2','ROLL','ROLL','ROLL','0000-00-00 00:00:00',1,'0000-00-00 00:00:00',1,'T',1,'','T','','F','','','','','','F','T','ROLL','T',''),(1059,'1130208963','41039645','ISE DEPROTENEIZER COBAS  CIII - 2 X 11 ML  ( 4838181001 )','','','ST_KIMIA','ST_KIMIA','','','T','F','T','0','','','','2','BOTOL','KIT','BOTOL','0000-00-00 00:00:00',1,'0000-00-00 00:00:00',1,'T',5,'','T','','F','','','','','','F','T','BOTOL','T',''),(1060,'1130309994','42803299','INTERSKALA  COVID 19 ( SARS -CoV - 2 ) ANTIGEN TEST KIT COLLOIDAL GOLD 25 T  ( NASOFARING SWAB )','','','ST_IMUNO','ST_IMMUN','','','T','F','T','0','','','','1','TEST','KIT','TEST','0000-00-00 00:00:00',1,'2050-04-07 00:00:00',1,'T',3,'','T','','F','','','','','','F','T','TEST','T',''),(1061,'1130209025','43403309','ALKALINE PHOSPHATASE FS IFCC 37  ͦC (  10441990022 ) - PROLINE','','','ST_KIMIA','ST_KIMIA','','','T','F','T','0','','','','1','KIT','KIT','KIT','0000-00-00 00:00:00',1,'2038-08-01 00:00:00',1,'T',2,'','T','','F','','','','','','F','T','KIT','T',''),(1062,'1139902196','43413699','TINTA HP INKTANK 315 - BLACK','','','ST_UMUM','ATK','','','T','F','T','0','','','','1','BOTOL','BOTOL','BOTOL','0000-00-00 00:00:00',1,'0000-00-00 00:00:00',1,'T',1,'','T','','F','','','','','','F','T','BOTOL','T',''),(1063,'1139902197','43413758','TINTA HP INKTANK 315 - YELLOW','','','ST_UMUM','ATK','','','T','F','T','0','','','','1','BOTOL','BOTOL','BOTOL','0000-00-00 00:00:00',1,'0000-00-00 00:00:00',1,'T',1,'','T','','F','','','','','','F','T','BOTOL','T',''),(1064,'1139902198','43413761','TINTA HP INKTANK 315 - MAGENTA','','','ST_UMUM','ATK','','','T','F','T','0','','','','1','BOTOL','BOTOL','BOTOL','0000-00-00 00:00:00',1,'0000-00-00 00:00:00',1,'T',2,'','T','','F','','','','','','F','T','BOTOL','T',''),(1065,'1139902199','43413771','TINTA HP INKTANK 315 - CYAN','','','ST_UMUM','ATK','','','T','F','T','0','','','','1','BOTOL','BOTOL','BOTOL','0000-00-00 00:00:00',1,'0000-00-00 00:00:00',1,'T',2,'','T','','F','','','','','','F','T','BOTOL','T',''),(1066,'1130600067','43453247','HEXIOL ®  300 mg - 50 ML ','','','ST_CR','ST_RADIO','','','T','F','T','0','','','','1','BOTOL','BOTOL','BOTOL','0000-00-00 00:00:00',1,'0000-00-00 00:00:00',1,'T',4,'','T','','F','','','','','','F','T','BOTOL','T',''),(1067,'1139902202','43453301','SABUN CUCI PIRING - 4,5 LITER','','','ST_RTU','ST_UMUM','','','T','F','T','0','','','','1','JERIGEN','JERIGEN','JERIGEN','0000-00-00 00:00:00',1,'2008-06-06 00:00:00',1,'T',2,'','T','','F','','','','','','F','T','JERIGEN','T',''),(1068,'1130310019','43768753','TB IGRA 28 T  CMT 0102 - AUTOBIO','','','ST_IMUNO','ST_IMMUN','','','T','F','T','0','','','','1','KIT','KIT','KIT','0000-00-00 00:00:00',1,'0000-00-00 00:00:00',1,'T',2,'','T','','F','','','','','','F','T','KIT','T',''),(1069,'1130310020','43768854','SUBSTRATE  100 ML X 2 ( 1 SET ) - AUTOBIO','','','ST_IMUNO','ST_IMMUN','','','T','F','T','0','','','','1','KIT','KIT','KIT','0000-00-00 00:00:00',1,'2005-11-08 00:00:00',1,'T',2,'','T','','F','','','','','','F','T','KIT','T',''),(1070,'1130310021','43768909','WASHING SOLUTION 500 ML - AUTOBIO','','','ST_IMUNO','ST_IMMUN','','','T','F','T','0','','','','1','BOTOL','BOTOL','BOTOL','0000-00-00 00:00:00',1,'0000-00-00 00:00:00',1,'T',1,'','T','','F','','','','','','F','T','BOTOL','T',''),(1071,'1130310022','43768917','SAMPLE DILUENT 250 ML - AUTOBIO','','','ST_IMUNO','ST_IMMUN','','','T','F','T','0','','','','1','BOTOL','BOTOL','BOTOL','0000-00-00 00:00:00',1,'0000-00-00 00:00:00',1,'T',1,'','T','','F','','','','','','F','T','BOTOL','T',''),(1072,'1130310023','43768926','SYSTEM WASHING 25 ML - AUTOBIO','','','ST_IMUNO','ST_IMMUN','','','T','F','T','0','','','','1','BOTOL','BOTOL','BOTOL','0000-00-00 00:00:00',1,'0000-00-00 00:00:00',1,'T',1,'','T','','F','','','','','','F','T','BOTOL','T',''),(1073,'1130310024','43768933','QC TB IGRA - AUTOBIO','','','ST_IMUNO','ST_IMMUN','','','T','F','T','0','','','','1','KIT','KIT','KIT','0000-00-00 00:00:00',1,'0000-00-00 00:00:00',1,'T',2,'','T','','F','','','','','','F','T','KIT','T',''),(1074,'1139801013','43768937','SAMPLE CUP 500 - AUTOBIO','','','ST_IMUNO','ST_IMMUN','','','T','F','T','0','','','','1','BOX','BOX','BOX','0000-00-00 00:00:00',1,'2008-10-00 00:00:00',1,'T',2,'','T','','F','','','','','','F','T','BOX','T',''),(1075,'1139801012','43768935','REACTION VESSEL 1000 - AUTOBIO','','','ST_IMUNO','ST_IMMUN','','','T','F','T','0','','','','1','BOX','BOX','BOX','0000-00-00 00:00:00',1,'0000-00-00 00:00:00',1,'T',1,'','T','','F','','','','','','F','T','BOX','T',''),(1076,'1130208893','38150664','PRECI CONTROL HbA 1 C PATH  - 5912504190','','','ST_KIMIA','ST_KIMIA','','','T','F','T','0','','','','1','KIT','KIT','KIT','0000-00-00 00:00:00',1,'0000-00-00 00:00:00',1,'T',4,'','T','','F','','','','','','F','T','KIT','T',''),(1077,'1130200838','38150741','COBAS CREATININ JAFEE / CREAJ 700 T - 4810716190','','','ST_KIMIA','ST_KIMIA','','','T','F','T','0','','','','1','KIT','KIT','KIT','0000-00-00 00:00:00',1,'0000-00-00 00:00:00',1,'T',1,'','T','','F','','','','','','F','T','KIT','T',''),(1078,'1130208906','38612039','CLEANING KIT FOR CL ELECTRODE ( ROCHE ) - 03112098035','','','ST_KIMIA','ST_KIMIA','','','T','F','T','0','','','','1','SET','SET','SET','0000-00-00 00:00:00',1,'0000-00-00 00:00:00',1,'T',3,'','T','','F','','','','','','F','T','SET','T',''),(1079,'1130309907','39300072','COVID 19 Ag TEST STANDART Q - SD BIOSENSOR ( Q - NCOV - 01G )','','','ST_IMUNO','ST_IMMUN','','','T','F','T','0','','','','2','TEST','KIT','TEST','0000-00-00 00:00:00',1,'2022-05-09 00:00:00',1,'T',2,'','T','','F','','','','','','F','T','TEST','T',''),(1080,'1130309941','40672322','BRAHMS sFlt - 1 KRYPTOR- QC  ( BR 84592 )','','','ST_IMUNO','ST_IMMUN','','','T','F','T','0','','','','2','KIT','KIT','KIT','0000-00-00 00:00:00',1,'0000-00-00 00:00:00',1,'T',3,'','T','','F','','','','','','F','T','KIT','T',''),(1081,'1130309940','40672128','BRAHMS sFlt - 1 KRYPTOR  075  REAGENT  ( BR 845.075 )','','','ST_IMUNO','ST_IMMUN','','','T','F','T','0','','','','2','KIT','KIT','KIT','0000-00-00 00:00:00',1,'0000-00-00 00:00:00',1,'T',4,'','T','','F','','','','','','F','T','KIT','T',''),(1082,'1130309942','40672432','BRAHMS sFlt - 1 KRYPTOR - Cal  ( BR 84591 )','','','ST_IMUNO','ST_IMMUN','','','T','F','T','0','','','','2','KIT','KIT','KIT','0000-00-00 00:00:00',1,'0000-00-00 00:00:00',1,'T',3,'','T','','F','','','','','','F','T','KIT','T',''),(1083,'1139902115','41145056','KERTAS GLOSSY / PHOTO  A3','','','ST_UMUM','SUPPLIES','','','T','F','T','0','','','','2','PAK','PAK','PAK','0000-00-00 00:00:00',1,'0000-00-00 00:00:00',1,'T',2,'','T','','F','','','','','','F','T','PAK','T',''),(1084,'1139902116','41145211','CATRIDGE TONER HP 80 A BLACK - CF 280 A','','','ST_UMUM','SUPPLIES','','','T','F','T','0','','','','1','UNIT','UNIT','UNIT','0000-00-00 00:00:00',1,'0000-00-00 00:00:00',1,'T',3,'','T','','F','','','','','','F','T','UNIT','T',''),(1085,'1130100186','41167606','CD RUBY ASP NDL - 9H06 - 01','','','ST_HEMA','ST_HEMA','','','T','F','T','0','','','','2','KIT','KIT','KIT','0000-00-00 00:00:00',1,'0000-00-00 00:00:00',1,'T',2,'','T','','F','','','','','','F','T','KIT','T',''),(1086,'1139800976','41238431','TUBE SODIUM CITRATE 3,8 % GD ( 1.28 ML GLASS ) - ESR','','','ST_LK','SUPPLIES','','','T','F','T','0','','','','2','PCS','PCS','PCS','0000-00-00 00:00:00',1,'0000-00-00 00:00:00',1,'T',2,'','T','','F','','','','','','F','T','PCS','T',''),(1087,'1130309971','41674938','ELECSYS AFP E2G 300 V2 - 9015124190','','','ST_IMUNO','ST_IMMUN','','','T','F','T','0','','','','1','KIT','KIT','KIT','0000-00-00 00:00:00',1,'0000-00-00 00:00:00',1,'T',2,'','T','','F','','','','','','F','T','KIT','T',''),(1088,'1139800986','41675301','TUBE PLN PLC 16 X 100 10.0  PLBL RD - 367820','','','ST_LK','SUPPLIES','','','T','F','T','0','','','','1','PCS','PCS','PCS','0000-00-00 00:00:00',1,'0000-00-00 00:00:00',1,'T',2,'','T','','F','','','','','','F','T','PCS','T',''),(1089,'1139902131','41742844','KERTAS KWITANSI ½ FOLIO  PRAMITA ( NON NCR )','','','ST_UMUM','ST_UMUM','','','T','F','T','0','','','','2','RIM','RIM','RIM','0000-00-00 00:00:00',1,'0000-00-00 00:00:00',1,'T',4,'','T','','F','','','','','','F','T','RIM','T',''),(1090,'1139902137','42103299','REFILL HIT ELECTRIK CAIR','','','ST_RTU','ST_UMUM','','','T','F','T','0','','','','1','PCS','PCS','PCS','0000-00-00 00:00:00',1,'0000-00-00 00:00:00',1,'T',2,'','T','','F','','','','','','F','T','PCS','T',''),(1091,'1130309983','42156415','H. PYLORI ANTIGEN TEST CARD 25 T BOSSON - KAT.1003C4','','','ST_IMUNO','ST_IMMUN','','','T','F','T','0','','','','1','TEST','KIT','TEST','0000-00-00 00:00:00',1,'2009-06-04 00:00:00',1,'T',3,'','T','','F','','','','','','F','T','TEST','T',''),(1092,'1139902192','43298686','SILICON GREASE CRC','','','ST_UMUM','SUPPLIES','','','T','F','T','0','','','','1','TUBE','TUBE','TUBE','0000-00-00 00:00:00',1,'2058-05-07 00:00:00',1,'T',2,'','T','','F','','','','','','F','T','TUBE','T',''),(1093,'1130309867','38193525','ASO LATEX FORTRESS 50 TEST - LXASO50','','','ST_IMUNO','ST_IMMUN','','','T','F','T','0','','','','1','KIT','KIT','KIT','0000-00-00 00:00:00',1,'0000-00-00 00:00:00',1,'T',1,'','T','','F','','','','','','F','T','KIT','T',''),(1094,'1130309868','38193530','ASO LATEX FORTRESS 100 TEST - LXASO100','','','ST_IMUNO','ST_IMMUN','','','T','F','T','0','','','','1','KIT','KIT','KIT','0000-00-00 00:00:00',1,'0000-00-00 00:00:00',1,'T',1,'','T','','F','','','','','','F','T','KIT','T',''),(1095,'1130309869','38193531','RPR PLASMA REAGEN FORTRESS 50 TEST - SYRPR50','','','ST_IMUNO','ST_IMMUN','','','T','F','T','0','','','','1','KIT','KIT','KIT','0000-00-00 00:00:00',1,'0000-00-00 00:00:00',1,'T',1,'','T','','F','','','','','','F','T','KIT','T',''),(1096,'1130309870','38193532','RPR PLASMA REAGEN FORTRESS 100 TEST - SYRPR100','','','ST_IMUNO','ST_IMMUN','','','T','F','T','0','','','','1','KIT','KIT','KIT','0000-00-00 00:00:00',1,'0000-00-00 00:00:00',1,'T',2,'','T','','F','','','','','','F','T','KIT','T',''),(1097,'1139902036','38241926','AMPLOP KABINET ( KOP PRAMITA ) - KLINIK UTAMA','','','ST_CETAK','ST_ADMIN','','','T','F','T','0','','','','1','LEMBAR','LEMBAR','LEMBAR','0000-00-00 00:00:00',1,'2042-06-07 00:00:00',1,'T',2,'','T','','F','','','','','','F','T','LEMBAR','T',''),(1098,'1139902037','38242006','KERTAS KOP KLINIK UTAMA ( F4 80 Gr )','','','ST_CETAK','ST_ADMIN','','','T','F','T','0','','','','1','RIM','RIM','RIM','0000-00-00 00:00:00',0,'0000-00-00 00:00:00',1,'T',3,'','T','','F','','','','','','F','T','RIM','T',''),(1099,'1139902052','38783475','TINTA EPSON T 008 - BLACK ','','','ST_RTU','ST_ADMIN','','','T','F','T','0','','','','1','BOTOL','BOTOL','BOTOL','0000-00-00 00:00:00',0,'0000-00-00 00:00:00',1,'T',4,'','T','','F','','','','','','F','T','BOTOL','T',''),(1100,'1139902053','38783495','TINTA EPSON T 008 - CYAN','','','ST_RTU','ST_ADMIN','','','T','F','T','0','','','','1','BOTOL','BOTOL','BOTOL','0000-00-00 00:00:00',0,'2045-00-09 00:00:00',1,'T',3,'','T','','F','','','','','','F','T','BOTOL','T',''),(1101,'1139902054','38783498','TINTA EPSON T 008 - MAGENTA','','','ST_RTU','ST_ADMIN','','','T','F','T','0','','','','1','BOTOL','BOTOL','BOTOL','0000-00-00 00:00:00',0,'0000-00-00 00:00:00',1,'T',3,'','T','','F','','','','','','F','T','BOTOL','T',''),(1102,'1139902055','38783506','TINTA EPSON T 008 - YELLOW ','','','ST_RTU','ST_ADMIN','','','T','F','T','0','','','','1','BOTOL','BOTOL','BOTOL','0000-00-00 00:00:00',0,'0000-00-00 00:00:00',1,'T',4,'','T','','F','','','','','','F','T','BOTOL','T',''),(1103,'1130309882','38872318','ARCHITECH HTLV I / II  CALIBRATOR - 6L61.01','','','ST_IMUNO','ST_IMMUN','','','T','F','T','0','','','','2','KIT','KIT','KIT','0000-00-00 00:00:00',1,'0000-00-00 00:00:00',1,'T',2,'','T','','F','','','','','','F','T','KIT','T',''),(1104,'1139800918','38968844','TUBE VAC 4 ML CAT SER C/A PREM ROT/S - 454092','','','ST_CLK','SUPPLIES','','','T','F','T','0','','','','1','PCS','PCS','PCS','0000-00-00 00:00:00',0,'0000-00-00 00:00:00',1,'T',3,'','T','','F','','','','','','F','T','PCS','T',''),(1105,'1139800951','40457014','BLOOD COLLECTION SET + LUER ADAPTER 25 G X ¾ TUBING LENGHT 12 ( 30 CM ) VACUETTE - 450099','','','ST_LK','SUPPLIES','','','T','F','T','0','','','','1','PCS','PCS','PCS','0000-00-00 00:00:00',1,'0000-00-00 00:00:00',1,'T',5,'','T','','F','','','','','','F','T','PCS','T',''),(1106,'1139800960','40646813','PIPPETTE VOLUME 1 ML','','','ST_SUPPL','SUPPLIES','','','T','F','T','0','','','','1','PCS','PCS','PCS','0000-00-00 00:00:00',1,'0000-00-00 00:00:00',1,'T',1,'','T','','F','','','','','','F','T','PCS','T',''),(1107,'1139800961','40646839','PIPPETTE VOLUME 3 ML','','','ST_SUPPL','SUPPLIES','','','T','F','T','0','','','','1','PCS','PCS','PCS','0000-00-00 00:00:00',1,'0000-00-00 00:00:00',1,'T',3,'','T','','F','','','','','','F','T','PCS','T',''),(1108,'1130208960','40806238','O - TOLUDINE PRO ANALYSIS 250 ML - MERCK ( 1.08310.0250 )','UNTUK PENETAPAN KADAR GULA DALAM DARAH ','','ST_KIMIA','ST_KIMIA','','','T','F','T','0','','','','2','BOTOL','BOTOL','BOTOL','0000-00-00 00:00:00',1,'0000-00-00 00:00:00',1,'T',2,'','T','','F','','','','','','F','T','BOTOL','T',''),(1109,'1139902113','40806253','SOUVENIR SABUN KERTAS','','','ST_UMUM','SUPPLIES','','','T','F','T','0','','','','2','PCS','PCS','PCS','0000-00-00 00:00:00',1,'0000-00-00 00:00:00',1,'T',3,'','T','','F','','','','','','F','T','PCS','T',''),(1110,'1139902114','41032820','GULA SACHET 8 GR  - 100 PCS / PACK','','','ST_UMUM','SUPPLIES','','','T','F','T','0','','','','2','PACK','PACK','PACK','0000-00-00 00:00:00',1,'0000-00-00 00:00:00',1,'T',3,'','T','','F','','','','','','F','T','PACK','T',''),(1111,'1130209022','43368135','ARCH ALKALINE PHOSPATASE 2  ( 1600 T ) - 4S87.20','','','ST_KIMIA','ST_KIMIA','','','T','F','T','0','','','','1','KIT','KIT','KIT','0000-00-00 00:00:00',1,'0000-00-00 00:00:00',1,'T',2,'','T','','F','','','','','','F','T','KIT','T',''),(1112,'1130309812','38184504','ELECSYS IL - 6 EG2 ( 100 TES ) - 9015612190','','','ST_IMUNO','ST_IMMUN','','','T','F','T','0','','','','1','KIT','KIT','KIT','0000-00-00 00:00:00',1,'0000-00-00 00:00:00',1,'T',1,'','T','','F','','','','','','F','T','KIT','T',''),(1113,'1130309802','38184540','ELECSYS IL - 6   ( 5109442190 )','','','ST_IMUNO','ST_IMMUN','','','T','F','T','0','','','','1','KIT','KIT','KIT','0000-00-00 00:00:00',1,'0000-00-00 00:00:00',1,'T',2,'','T','','F','','','','','','F','T','KIT','T',''),(1114,'1130309803','38184555','ELECSYS IL - 6 CALLSET ( 5109469190 )','','','ST_IMUNO','ST_IMMUN','','','T','F','T','0','','','','1','KIT','KIT','KIT','0000-00-00 00:00:00',1,'2015-05-02 00:00:00',1,'T',2,'','T','','F','','','','','','F','T','KIT','T',''),(1115,'1130309811','38184560','ELECSYS IL - 6  COBAS E 100 V2  ( 9015604190 )','','','ST_IMUNO','ST_IMMUN','','','T','F','T','0','','','','1','KIT','KIT','KIT','0000-00-00 00:00:00',1,'0000-00-00 00:00:00',1,'T',3,'','T','','F','','','','','','F','T','KIT','T',''),(1116,'1130309878','38791150','VIDAS HS TROPONIN I 60 TEST ( 15386 )','','','ST_IMUNO','ST_IMMUN','','','T','F','T','0','','','','1','KIT','KIT','KIT','0000-00-00 00:00:00',1,'0000-00-00 00:00:00',1,'T',2,'','T','','F','','','','','','F','T','TEST','T',''),(1117,'1130208907','38791181','CAPILARY CATRIDGE - 10046286','','','ST_KIMIA','ST_KIMIA','','','T','F','T','0','','','','1','PCS','PCS','PCS','0000-00-00 00:00:00',1,'0000-00-00 00:00:00',1,'T',2,'','T','','F','','','','','','F','T','PCS','T',''),(1118,'1130500811','38791198','MAC CONKEY AGAR W / OUT CRYSTAL VIOLET ( MC-D ) 500 Gr - BIOMERIEUX','','','ST_MIKRO','REAGEN','','','T','F','T','0','','','','1','BOTOL','BOTOL','BOTOL','0000-00-00 00:00:00',1,'0000-00-00 00:00:00',1,'T',5,'','T','','F','','','','','','F','T','BOTOL','T',''),(1119,'1130208909','38821404','COBAS TOTAL PROTEIN URINE / CSF GEN 3 - 3333825190','','','ST_KIMIA','ST_KIMIA','','','T','F','T','0','','','','2','KIT','KIT','KIT','0000-00-00 00:00:00',1,'0000-00-00 00:00:00',1,'T',2,'','T','','F','','','','','','F','T','KIT','T',''),(1120,'1139800781','37844885','UNDERPAD 60 X 90 - ISI 10 LEMBAR','','','ST_CR','SUPPLIES','','','T','F','T','0','','','','1','LEMBAR','LEMBAR','LEMBAR','0000-00-00 00:00:00',1,'0000-00-00 00:00:00',1,'T',4,'','T','','F','','','','','','F','T','LEMBAR','T',''),(1121,'1130208917','38889051','REFF. FILLING SOLUTION 10 ML ( ISE )','','','ST_KIMIA','ST_KIMIA','','','T','F','T','0','','','','2','KIT','KIT','KIT','0000-00-00 00:00:00',1,'0000-00-00 00:00:00',1,'T',1,'','T','','F','','','','','','F','T','KIT','T',''),(1122,'1130208918','38889070','FILLING SOLUTION 10 ML ( ISE )','','','ST_KIMIA','ST_KIMIA','','','T','F','T','0','','','','2','KIT','KIT','KIT','0000-00-00 00:00:00',1,'2037-12-04 00:00:00',1,'T',1,'','T','','F','','','','','','F','T','KIT','T',''),(1123,'1130309932','40468562','ELECSYS CYFRA 21 - 1 - 11820966122','','','ST_IMUNO','ST_IMMUN','','','T','F','T','0','','','','1','KIT','KIT','KIT','0000-00-00 00:00:00',1,'0000-00-00 00:00:00',1,'T',2,'','T','','F','','','','','','F','T','KIT','T',''),(1124,'1130309933','40468575','ELECSYS CYFRA CALSET - 11820974322','','','ST_IMUNO','ST_IMMUN','','','T','F','T','0','','','','1','KIT','KIT','KIT','0000-00-00 00:00:00',1,'0000-00-00 00:00:00',1,'T',1,'','T','','F','','','','','','F','T','KIT','T',''),(1125,'1130309934','40468592','ELECSYS IGF 1 E2G - 7475918190','','','ST_IMUNO','ST_IMMUN','','','T','F','T','0','','','','1','KIT','KIT','KIT','0000-00-00 00:00:00',1,'2005-06-08 00:00:00',1,'T',1,'','T','','F','','','','','','F','T','KIT','T',''),(1126,'1130309935','40468626','ELECSYS IGF - 1 CALSET - 747596190','','','ST_IMUNO','ST_IMMUN','','','T','F','T','0','','','','1','KIT','KIT','KIT','0000-00-00 00:00:00',1,'0000-00-00 00:00:00',1,'T',1,'','T','','F','','','','','','F','T','KIT','T',''),(1127,'1130309936','40468640','ELECSYS PRECI CONTROL GROWTH - 7476108190','','','ST_IMUNO','ST_IMMUN','','','T','F','T','0','','','','1','KIT','KIT','KIT','0000-00-00 00:00:00',1,'0000-00-00 00:00:00',1,'T',3,'','T','','F','','','','','','F','T','KIT','T',''),(1128,'1130309938','40597077','ARCHITECH SHBG REAGEN KIT 100 T - 08K26.25','','','ST_IMUNO','ST_IMMUN','','','T','F','F','0','','','','1','KIT','KIT','KIT','0000-00-00 00:00:00',1,'0000-00-00 00:00:00',1,'T',2,'','T','','F','','','','','','F','T','KIT','T',''),(1129,'1130309939','40597103','ARCHITECH SHBG CALS - 8K26.02','','','ST_IMUNO','ST_IMMUN','','','T','F','T','0','','','','1','KIT','KIT','KIT','0000-00-00 00:00:00',1,'2020-09-01 00:00:00',1,'T',2,'','T','','F','','','','','','F','T','KIT','T',''),(1130,'1130208957','40678066','NORUDIA GLYCATED ALBUMIN - 5114 - 798693 509','','','ST_KIMIA','ST_KIMIA','','','T','F','T','0','','','','1','KIT','SET','KIT','0000-00-00 00:00:00',1,'0000-00-00 00:00:00',1,'T',3,'','T','','F','','','','','','F','T','SET','T',''),(1131,'1130208958','40678067','NORUDIA GLYCATED ALBUMIN CALIBRATOR - 5115516','','','ST_KIMIA','ST_KIMIA','','','T','F','T','0','','','','1','VIAL','VIAL','VIAL','0000-00-00 00:00:00',1,'2008-05-02 00:00:00',1,'T',1,'','T','','F','','','','','','F','T','VIAL','T',''),(1132,'1130208959','40678068','NORUDIA GLYCATED ALBUMIN CONTROL - 511523','','','ST_KIMIA','ST_KIMIA','','','T','F','T','0','','','','2','VIAL','VIAL','VIAL','0000-00-00 00:00:00',1,'0000-00-00 00:00:00',1,'T',2,'','T','','F','','','','','','F','T','VIAL','T',''),(1133,'1130209024','43373344','WASH SOLUTION JOKOH 25 ML - J16151','','','ST_KIMIA','ST_KIMIA','','','T','F','T','0','','','','1','BOTOL','BOTOL','BOTOL','0000-00-00 00:00:00',1,'2041-05-02 00:00:00',1,'T',2,'','T','','F','','','','','','F','T','BOTOL','T',''),(1134,'1139800885','37988483','HANDSCONE FREE POWDER - MEDIUM','','','ST_CL','SUPPLIES','','','T','F','T','0','','','','1','BOX','BOX','BOX','0000-00-00 00:00:00',1,'0000-00-00 00:00:00',1,'T',4,'','T','','F','','','','','','F','T','BOX','T',''),(1135,'1130200881','37993051','LYP DIABETES CTRL. BILEVEL MINIPACK - 740 X','','','ST_KIMIA','ST_KIMIA','','','T','F','T','0','','','','1','VIAL','VIAL','VIAL','0000-00-00 00:00:00',1,'0000-00-00 00:00:00',1,'T',5,'','T','','F','','','','','','F','T','VIAL','T',''),(1136,'1139901945','37993059','THERMAL PAPER 5,7 X 50','','','ST_UMUM','SUPPLIES','','','T','F','T','0','','','','1','ROLL','ROLL','ROLL','0000-00-00 00:00:00',1,'0000-00-00 00:00:00',1,'T',2,'','T','','F','','','','','','F','T','ROLL','T',''),(1137,'1139800880','37993067','TUBE EDTA K3 - 0,5 ML  ( GP )','','','ST_CL','SUPPLIES','','','T','F','T','0','','','','1','PCS','BOX','PCS','0000-00-00 00:00:00',1,'0000-00-00 00:00:00',1,'T',2,'','T','','F','','','','','','F','T','PCS','T',''),(1138,'1139800881','37993076','FILTER SPIRAL  WOULD -  UNTUK RO','','','ST_SUPPL','SUPPLIES','','','T','F','F','0','','','','1','PCS','PCS','PCS','0000-00-00 00:00:00',1,'0000-00-00 00:00:00',1,'T',1,'','T','','F','','','','','','F','T','PCS','T',''),(1139,'1139800882','37993084','FILTER AIR CARBON - UNTUK RO','','','ST_SUPPL','SUPPLIES','','','T','F','T','0','','','','1','PCS','PCS','PCS','0000-00-00 00:00:00',1,'0000-00-00 00:00:00',1,'T',2,'','T','','F','','','','','','F','T','PCS','T',''),(1140,'1139800884','37993086','HANDSCONE FREE POWDER - SMALL','','','ST_SUPPL','SUPPLIES','','','T','F','T','0','','','','1','BOX','BOX','BOX','0000-00-00 00:00:00',1,'0000-00-00 00:00:00',1,'T',4,'','T','','F','','','','','','F','T','BOX','T',''),(1141,'1139800883','37993113','ACTI LANCET LITE SAFETY 28 G','','','ST_SUPPL','SUPPLIES','','','T','F','T','0','','','','1','BOX','BOX','BOX','0000-00-00 00:00:00',1,'0000-00-00 00:00:00',1,'T',1,'','T','','F','','','','','','F','T','BOX','T',''),(1142,'1139901946','37993143','KERTAS HVS F4 75 GRAM','','','ST_RTU','SUPPLIES','','','T','F','T','0','','','','1','RIM','RIM','RIM','0000-00-00 00:00:00',1,'0000-00-00 00:00:00',1,'T',4,'','T','','F','','','','','','F','T','RIM','T',''),(1143,'11399001947','37993150','KERTAS HVS F4 75 GRAM','','','ST_RTU','SUPPLIES','','','T','F','T','0','','','','1','RIM','RIM','RIM','0000-00-00 00:00:00',1,'0000-00-00 00:00:00',1,'T',1,'','T','','F','','','','','','F','T','RIM','T',''),(1144,'1139901948','37993162','FORMULIR RETUR PEMERIKSAAN','','','ST_RTU','SUPPLIES','','','T','F','T','0','','','','1','BUKU','BUKU','BUKU','0000-00-00 00:00:00',1,'0000-00-00 00:00:00',1,'T',1,'','T','','F','','','','','','F','T','BUKU','T',''),(1145,'1139901949','37993176','FORMULIR BUKTI BANK KELUAR - PT MPM','','','ST_RTU','SUPPLIES','','','T','F','T','0','','','','1','BUKU','BUKU','BUKU','0000-00-00 00:00:00',1,'2009-04-06 00:00:00',1,'F',2,'','T','','F','','','','','','F','T','BUKU','T',''),(1146,'1139901950','37993182','KERTAS KOP SURAT A4 - PONTIANAK','','','ST_RTU','SUPPLIES','','','T','F','T','0','','','','1','RIM','RIM','RIM','0000-00-00 00:00:00',1,'0000-00-00 00:00:00',1,'T',1,'','T','','F','','','','','','F','T','RIM','T',''),(1147,'1139901963','37993186','KERTAS KOP SURAT F4 - PONTIANAK','','','ST_RTU','SUPPLIES','','','T','F','T','0','','','','1','RIM','RIM','RIM','0000-00-00 00:00:00',1,'0000-00-00 00:00:00',1,'T',1,'','T','','F','','','','','','F','T','RIM','T',''),(1148,'1139901951','37993229','AMPLOP HASIL - PONTIANAK','','','ST_CETAK','CETAKAN','','','T','F','T','0','','','','1','LEMBAR','LEMBAR','LEMBAR','0000-00-00 00:00:00',1,'0000-00-00 00:00:00',1,'F',2,'','T','','F','','','','','','F','T','LEMBAR','T',''),(1149,'1139901952','37993273','RIBBON BARCODE 60 mm X 70 mm','','','ST_RTU','SUPPLIES','','','T','F','T','0','','','','1','ROLL','ROLL','ROLL','0000-00-00 00:00:00',1,'2014-06-05 00:00:00',1,'T',1,'','T','','F','','','','','','F','T','ROLL','T',''),(1150,'1139901955','37993301','KERTAS FORMULIR NOTULEN','','','ST_RTU','SUPPLIES','','','T','F','T','0','','','','1','LEMBAR','LEMBAR','LEMBAR','0000-00-00 00:00:00',1,'0000-00-00 00:00:00',1,'T',1,'','T','','F','','','','','','F','T','LEMBAR','T',''),(1151,'1139901957','37993306','PLASTIK KLIP  6 X 10','','','ST_RTU','SUPPLIES','','','T','F','T','0','','','','1','PAK','PAK','PAK','0000-00-00 00:00:00',1,'0000-00-00 00:00:00',1,'T',1,'','T','','F','','','','','','F','T','PAK','T',''),(1152,'1139902149','42236632','TINTA BROTHER LC - 462  ( MAGENTA )','','','ST_RTU','ST_ADMIN','','','T','F','T','0','','','','1','PCS','PCS','PCS','0000-00-00 00:00:00',1,'2002-05-04 00:00:00',1,'T',4,'','T','','F','','','','','','F','T','PCS','T',''),(1153,'1139901960','37993476','DETTOL ANTISEPTIK 245 ml','','','ST_RTU','SUPPLIES','','','T','F','T','0','','','','1','BOTOL','BOTOL','BOTOL','0000-00-00 00:00:00',1,'0000-00-00 00:00:00',1,'T',1,'','T','','F','','','','','','F','T','BOTOL','T',''),(1154,'1139901961','37993477','POCKET SANITIZER','','','ST_RTU','SUPPLIES','','','T','F','F','0','','','','1','PCS','PCS','PCS','0000-00-00 00:00:00',1,'0000-00-00 00:00:00',1,'T',1,'','T','','F','','','','','','F','T','PCS','T',''),(1155,'1139901962','37993480','PEMBERSIH SERBAGINA','','','ST_RTU','SUPPLIES','','','T','F','T','0','','','','1','PCS','PCS','PCS','0000-00-00 00:00:00',1,'0000-00-00 00:00:00',1,'T',1,'','T','','F','','','','','','F','T','PCS','T',''),(1156,'1139901967','37993513','AMPLOP COKLAT PRAMITA UK ½ FOLIO','','','ST_RTU','SUPPLIES','','','T','F','T','0','','','','1','LEMBAR','LEMBAR','LEMBAR','0000-00-00 00:00:00',1,'0000-00-00 00:00:00',1,'T',1,'','T','','F','','','','','','F','T','LEMBAR','T',''),(1157,'1139901966','37993533','AMPLOP COKLAT PRAMITA UK 29x39','','','ST_RTU','SUPPLIES','','','T','F','T','0','','','','1','LEMBAR','LEMBAR','LEMBAR','0000-00-00 00:00:00',1,'0000-00-00 00:00:00',1,'T',1,'','T','','F','','','','','','F','T','LEMBAR','T',''),(1158,'1139901965','37993548','PEMBERSIH KURSI / SOFA','','','ST_RTU','SUPPLIES','','','T','F','T','0','','','','1','BOTOL','BOTOL','BOTOL','0000-00-00 00:00:00',1,'0000-00-00 00:00:00',1,'T',3,'','T','','F','','','','','','F','T','BOTOL','T',''),(1159,'1139901924','37968307','AMPLOP HASIL ( KLINIK UTAMA )','','','ST_CETAK','CETAKAN','','','T','F','T','0','','','','1','LEMBAR','LEMBAR','LEMBAR','0000-00-00 00:00:00',1,'0000-00-00 00:00:00',1,'T',6,'','T','','F','','','','','','F','T','LEMBAR','T',''),(1160,'1139901937','37968604','FORMULIR PEMERIKSAAN APENDICOGRAM','','','ST_CETAK','SUPPLIES','','','T','F','T','0','','','','1','BUKU','BUKU','BUKU','0000-00-00 00:00:00',1,'0000-00-00 00:00:00',1,'T',2,'','T','','F','','','','','','F','T','BUKU','T',''),(1161,'1139901938','37968618','FORMULIR INFERTILITAS','','','ST_CETAK','SUPPLIES','','','T','F','T','0','','','','1','BUKU','BUKU','BUKU','0000-00-00 00:00:00',1,'2030-08-01 00:00:00',1,'T',2,'','T','','F','','','','','','F','T','BUKU','T',''),(1162,'1139901939','37968626','ANTRIAN USG','','','ST_CETAK','SUPPLIES','','','T','F','T','0','','','','1','PCS','PCS','PCS','0000-00-00 00:00:00',1,'0000-00-00 00:00:00',1,'T',3,'','T','','F','','','','','','F','T','PCS','T',''),(1163,'1139901940','37968629','BUKU BPJS RAWAT JALAN','','','ST_CETAK','SUPPLIES','','','T','F','T','0','','','','1','BUKU','BUKU','BUKU','0000-00-00 00:00:00',1,'2031-05-07 00:00:00',1,'T',2,'','T','','F','','','','','','F','T','BUKU','T',''),(1164,'1139901941','37968630','FORMULIR PEMERIKSAAN BPJS','','','ST_CETAK','SUPPLIES','','','T','F','T','0','','','','1','BUKU','BUKU','BUKU','0000-00-00 00:00:00',1,'0000-00-00 00:00:00',1,'T',1,'','T','','F','','','','','','F','T','BUKU','T',''),(1165,'1139901342','37968631','KREOLIN','','','ST_RTU','SUPPLIES','','','T','F','T','0','','','','1','BOTOL','BOTOL','BOTOL','0000-00-00 00:00:00',1,'0000-00-00 00:00:00',1,'T',2,'','T','','F','','','','','','F','T','BOTOL','T',''),(1166,'1139901343','37968641','FORMULIR HASIL PEMBACAAN USG','','','ST_CETAK','SUPPLIES','','','T','F','T','0','','','','1','BUKU','BUKU','BUKU','0000-00-00 00:00:00',1,'0000-00-00 00:00:00',1,'T',1,'','T','','F','','','','','','F','T','BUKU','T',''),(1167,'1139901344','37968648','FORMULIR HASIL PEMBACAAN FOTO','','','ST_CETAK','SUPPLIES','','','T','F','T','0','','','','1','BUKU','BUKU','BUKU','0000-00-00 00:00:00',1,'0000-00-00 00:00:00',1,'T',1,'','T','','F','','','','','','F','T','BUKU','T',''),(1168,'1139901345','37968655','FORMULIR PERSIAPAN PEMERIKSAAN HSG','','','ST_CETAK','SUPPLIES','','','T','F','T','0','','','','1','BUKU','BUKU','BUKU','0000-00-00 00:00:00',1,'0000-00-00 00:00:00',1,'T',1,'','T','','F','','','','','','F','T','BUKU','T',''),(1169,'1130500797','37969019','Rnase AWAY 475 ml ( Cat. 7002 ) - SPRAY','','','ST_MD','SUPPLIES','','','T','F','T','0','','','','1','BOTOL','BOTOL','BOTOL','0000-00-00 00:00:00',1,'0000-00-00 00:00:00',1,'T',2,'','T','','F','','','','','','F','T','BOTOL','T',''),(1170,'1139800851','37969031','SAFETY BOX 12,5 LITER','','','ST_SUPPL','SUPPLIES','','','T','F','T','0','','','','1','PCS','PCS','PCS','0000-00-00 00:00:00',1,'2004-08-09 00:00:00',1,'T',1,'','T','','F','','','','','','F','T','PCS','T',''),(1171,'1139901835','37969067','FORMULIR PEMERIKSAAN dr. LANTING','','','ST_CETAK','SUPPLIES','','','T','F','T','0','','','','1','BUKU','BUKU','BUKU','0000-00-00 00:00:00',1,'0000-00-00 00:00:00',1,'T',2,'','T','','F','','','','','','F','T','BUKU','T',''),(1172,'1139901347','37969261','TINTA HP CE 310 A ( BLACK )','','','ST_CETAK','SUPPLIES','','','T','F','T','0','','','','1','PCS','PCS','PCS','0000-00-00 00:00:00',1,'0000-00-00 00:00:00',1,'T',2,'','T','','F','','','','','','F','T','PCS','T',''),(1173,'1130500802','37969911','EN - SWER COVID 19 / MASTER MIX','','','ST_MD','SUPPLIES','','','T','F','T','0','','','','1','TEST','TEST','TEST','0000-00-00 00:00:00',1,'2025-02-04 00:00:00',1,'T',5,'','T','','F','','','','','','F','T','TEST','T',''),(1174,'1139901774','37970598','AMPLOP GENERAL BESAR','','','ST_CETAK','CETAKAN','','','T','F','T','0','','','','1','LEMBAR','LEMBAR','LEMBAR','0000-00-00 00:00:00',1,'0000-00-00 00:00:00',1,'T',1,'','T','','F','','','','','','F','T','LEMBAR','T',''),(1175,'1139901894','37970614','SANITER SPRAY 400 ML','','','ST_RTU','SUPPLIES','','','T','F','T','0','','','','1','BOTOL','BOTOL','BOTOL','0000-00-00 00:00:00',1,'2001-09-04 00:00:00',1,'T',1,'','T','','F','','','','','','F','T','BOTOL','T',''),(1176,'1139800849','37972128','NASAL CANUL OXYGEN - DEWASA','','','ST_EEG','SUPPLIES','','','T','F','T','0','','','','1','PCS','PCS','PCS','0000-00-00 00:00:00',4,'0000-00-00 00:00:00',1,'T',2,'','T','','F','','','','','','F','T','PCS','T',''),(1177,'1139901942','37972133','SARINGAN  ( PEMERIKSAAN SEL LE )','','','ST_EEG','SUPPLIES','','','T','F','F','0','','','','1','PCS','PCS','PCS','0000-00-00 00:00:00',1,'2019-03-06 00:00:00',1,'T',1,'','T','','F','','','','','','F','T','PCS','T',''),(1178,'1139901943','37972202','LAKBAN KUNING  2 X 100','','','ST_RTU','ATK','','','T','F','T','0','','','','1','ROLL','ROLL','ROLL','0000-00-00 00:00:00',1,'0000-00-00 00:00:00',1,'T',4,'','T','','F','','','','','','F','T','ROLL','T',''),(1179,'1139901944','37972205','SIRUP','','','ST_RTU','SUPPLIES','','','T','F','T','0','','','','1','BOTOL','BOTOL','BOTOL','0000-00-00 00:00:00',1,'0000-00-00 00:00:00',1,'T',1,'','T','','F','','','','','','F','T','BOTOL','T',''),(1180,'1130500800','37973055','POCKIT  CENTRAL  SARS-COV-2 ( ORF 1 AB ) PREMIX REAGEN  - apcr123','','','ST_MD','SUPPLIES','','','T','F','T','0','','','','1','KIT','KIT','KIT','0000-00-00 00:00:00',1,'0000-00-00 00:00:00',1,'T',3,'','T','','F','','','','','','F','T','KIT','T',''),(1181,'1130309761','37973060','POCKIT CENTRAL REAGENT - SARS - COV2 / COVID 19','','','ST_MD','SUPPLIES','','','T','F','T','0','','','','1','KIT','KIT','KIT','0000-00-00 00:00:00',1,'2002-03-09 00:00:00',1,'T',2,'','T','','F','','','','','','F','T','KIT','T',''),(1182,'1130309756','37976286','ELECSYS DILUENT UNIVERSAL 2 - 0519243190','','','ST_IMUNO','ST_IMMUN','','','T','F','T','0','','','','1','KIT','KIT','KIT','0000-00-00 00:00:00',1,'0000-00-00 00:00:00',1,'T',1,'','T','','F','','','','','','F','T','KIT','T',''),(1183,'1130309835','37976884','CRP LATEX  100  TEST - FORTRESS  ( LXCRP100 )','','','ST_IMUNO','ST_IMMUN','','','T','F','T','0','','','','1','KIT','KIT','KIT','0000-00-00 00:00:00',1,'0000-00-00 00:00:00',1,'T',6,'','T','','F','','','','','','F','T','KIT','T',''),(1184,'1130309855','38073906','ARCH TOXO AVIDITY CAL/CTRL 2022-05-31 ( 6L37.11 )','','','ST_IMUNO','ST_IMMUN','','','T','F','T','0','','','','1','KIT','KIT','KIT','0000-00-00 00:00:00',1,'0000-00-00 00:00:00',1,'T',1,'','T','','F','','','','','','F','T','KIT','T',''),(1185,'1130309777','38098900','COVID - 19 ANTIGEN RAPID TEST ACRO BIOTECH CAT. ACO 502','','','ST_IMUNO','ST_IMMUN','','','T','F','T','0','','','','1','TEST','KIT','TEST','0000-00-00 00:00:00',1,'0000-00-00 00:00:00',1,'T',1,'','T','','F','','','','','','F','T','TEST','T',''),(1186,'1130309856','38073925','ARCH TOXO AVIDITY REAGENT 2022-07-20 ( 6L37.25 )','','','ST_IMUNO','ST_IMMUN','','','T','F','T','0','','','','1','KIT','KIT','KIT','0000-00-00 00:00:00',1,'0000-00-00 00:00:00',1,'T',3,'','T','','F','','','','','','F','T','KIT','T',''),(1187,'1130309749','38098910','ALINITY I STAT HIGH SENSITIVE TROPONIN I 200 T - 8P13.24','','','ST_IMUNO','REAGEN','','','T','F','T','0','','','','1','KIT','KIT','KIT','0000-00-00 00:00:00',1,'2023-10-07 00:00:00',1,'T',1,'','T','','F','','','','','','F','T','KIT','T',''),(1188,'1130200845','38113389','LDL C3 600 T COBAS C 503 - 8057966190','','','ST_KIMIA','ST_KIMIA','','','T','F','T','0','','','','1','KIT','KIT','KIT','0000-00-00 00:00:00',1,'0000-00-00 00:00:00',1,'T',1,'','T','','F','','','','','','F','T','KIT','T',''),(1189,'1130200828','38113390','PYP 950 T COBAS C 503 - 08062986190','','','ST_KIMIA','ST_KIMIA','','','T','F','T','0','','','','1','KIT','KIT','KIT','0000-00-00 00:00:00',1,'2046-10-02 00:00:00',1,'T',1,'','T','','F','','','','','','F','T','KIT','T',''),(1190,'1130200833','38113392','BASIC WASH  2 X 2 LITER - 08302545190','','','ST_KIMIA','ST_KIMIA','','','T','F','T','0','','','','1','KIT','KIT','KIT','0000-00-00 00:00:00',1,'0000-00-00 00:00:00',1,'T',1,'','T','','F','','','','','','F','T','KIT','T',''),(1191,'1130200866','38113395','GAMMA GT  - GLUTAMYLTRANSFERASE VER 2 ( 8057796190 )','','','ST_KIMIA','ST_KIMIA','','','T','F','T','0','','','','1','KIT','KIT','KIT','0000-00-00 00:00:00',1,'2049-00-02 00:00:00',1,'T',1,'','T','','F','','','','','','F','T','KIT','T',''),(1192,'1139800975','41218785','ALINITY CI SERIES LEVEL SENSOR - BULK SOLUTION ( 4S68.04 )','','','ST_SUPPL','S_PART','','','T','F','T','0','','','','2','PCS','PCS','PCS','0000-00-00 00:00:00',1,'0000-00-00 00:00:00',1,'T',2,'','T','','F','','','','','','F','T','PCS','T',''),(1193,'1139902118','41351676','BROSUR hs TROPONIN I','','','ST_UMUM','CETAKAN','','','T','F','T','0','','','','2','LEMBAR','LEMBAR','LEMBAR','0000-00-00 00:00:00',1,'0000-00-00 00:00:00',1,'T',2,'','T','','F','','','','','','F','T','LEMBAR','T',''),(1194,'1139902124','41541901','RIBBON RESIN BLACK FARGO DTC 1000 / 4000 (045102)','','','ST_CLK','SUPPLIES','','','T','F','T','0','','','','1','PCS','PCS','PCS','0000-00-00 00:00:00',1,'0000-00-00 00:00:00',1,'T',3,'','T','','F','','','','','','F','T','PCS','T',''),(1195,'1139902134','41849398','GARAM KASAR / GARAM KROSOK','','','ST_UMUM','ST_UMUM','','','T','F','T','0','','','','1','Kg','Kg','Kg','0000-00-00 00:00:00',1,'0000-00-00 00:00:00',1,'T',3,'','T','','F','','','','','','F','T','Kg','T',''),(1196,'1139800988','41866842','MINI COLLECTOR ® 1 ml K3E K3 EDTA LAV - 450531','','','ST_LK','SUPPLIES','','','T','F','T','0','','','','2','PCS','PCS','PCS','0000-00-00 00:00:00',1,'0000-00-00 00:00:00',1,'T',1,'','T','','F','','','','','','F','T','PCS','T',''),(1197,'1130400556','42007522','FECAL OCCULT BLOOD TRANSFERIN ( FOBT )  RAPID TEST CASSETTE - ONCOPROBE','','','ST_ULFL ','ST_KIMIA','','','T','F','T','0','','','','1','TEST','KIT','TEST','0000-00-00 00:00:00',1,'2033-10-03 00:00:00',1,'T',4,'','T','','F','','','','','','F','T','TEST','T',''),(1198,'1130309984','42233875','m - PIMA HIV -½  VL CATRIDGE  9 ( IVD ) - 270150050','','','ST_IMUNO','ST_IMMUN','','','T','F','T','0','','','','1','TEST','KIT','TEST','0000-00-00 00:00:00',1,'0000-00-00 00:00:00',1,'T',4,'','T','','F','','','','','','F','T','TEST','T',''),(1199,'1130309788','38051734','ALINITY I SARS-COV-2 IgG II QUANT CALIBRATOR - 6S61.02','','','ST_IMUNO','ST_IMMUN','','','T','F','T','0','','','','1','KIT','KIT','KIT','0000-00-00 00:00:00',1,'0000-00-00 00:00:00',1,'T',1,'','T','','F','','','','','','F','T','KIT','T',''),(1200,'1130309789','38051808','ALINITY I SARS-COV-2 IgG II  QUANT CONTROL - 6S61.12','','','ST_IMUNO','ST_IMMUN','','','T','F','T','0','','','','1','KIT','KIT','KIT','0000-00-00 00:00:00',1,'0000-00-00 00:00:00',1,'T',1,'','T','','F','','','','','','F','T','KIT','T',''),(1201,'1139902120','41493217','CATRIDGE TONER HP 107 A - W1107 A ','','','ST_UMUM','ATK','','','T','F','T','0','','','','1','PCS','PCS','PCS','0000-00-00 00:00:00',1,'0000-00-00 00:00:00',1,'T',2,'','T','','F','','','','','','F','T','PCS','T',''),(1202,'1139902121','41493264','CATRIDGE TONER HP 107 A  ( REFILL )','','','ST_RTU','ST_ADMIN','','','T','F','T','0','','','','1','PCS','PCS','PCS','0000-00-00 00:00:00',11,'0000-00-00 00:00:00',1,'T',5,'','T','','F','','','','','','F','T','PCS','T',''),(1203,'1139902128','41663934','HEADSET + MICROPHONE','U/ TELECONFERENCE','','ST_UMUM','SUPPLIES','','','T','F','T','0','','','','1','PCS','PCS','PCS','0000-00-00 00:00:00',1,'2004-10-07 00:00:00',1,'T',3,'','T','','F','','','','','','F','T','PCS','T',''),(1204,'1139902132','41744833','TANDA TERIMA SEMENTARA ','','','ST_UMUM','ST_UMUM','','','T','F','T','0','','','','1','BUKU','BUKU','BUKU','0000-00-00 00:00:00',1,'2029-11-02 00:00:00',1,'T',2,'','T','','F','','','','','','F','T','BUKU','T',''),(1205,'1130309982','42026759','VIDAS NT PRO BNP  60 T  ( 30458 ) ','','','ST_IMUNO','ST_IMMUN','','','T','F','T','0','','','','1','TEST','KIT','TEST','0000-00-00 00:00:00',1,'0000-00-00 00:00:00',1,'T',5,'','T','','F','','','','','','F','T','TEST','T',''),(1206,'1139902200','43431692','DUS SOUVENIR TUMBLER ( GELAS )','','','ST_UMUM','SUPPLIES','','','T','F','T','0','','','','1','PCS','PCS','PCS','0000-00-00 00:00:00',1,'0000-00-00 00:00:00',1,'T',2,'','T','','F','','','','','','F','T','PCS','T',''),(1207,'1130209028','43868229','ALINITY C CREATININ 2 ( 4500 T ) - 4T91.20','','','ST_KIMIA','ST_KIMIA','','','T','F','T','0','','','','1','CATRIDGE','KIT','CATRIDGE','0000-00-00 00:00:00',1,'0000-00-00 00:00:00',1,'T',2,'','T','','F','','','','','','F','T','CATRIDGE','T',''),(1208,'1139801018','43942078','BLOOD COLLECTION TUBE EDTA K3 3 ML PET - ONE MED','','','ST_CL','SUPPLIES','','','T','F','T','0','','','','1','PCS','BOX','PCS','0000-00-00 00:00:00',1,'0000-00-00 00:00:00',1,'T',4,'','T','','F','','','','','','F','T','PCS','T',''),(1209,'1130310035','43942313','ELECSYS PRECI CONTROL VITAMIN D TOTAL III 6 X 1 ML - 9038124190 ','','','ST_IMUNO','ST_IMMUN','','','T','F','T','0','','','','1','BOTOL','KIT','BOTOL','0000-00-00 00:00:00',1,'0000-00-00 00:00:00',1,'T',1,'','T','','F','','','','','','F','T','BOTOL','T',''),(1210,'1139901935','37863201','PENGGARIS BESI','','','ST_RTU','ST_ADMIN','','','T','F','T','0','','','','1','PCS','PCS','PCS','0000-00-00 00:00:00',0,'0000-00-00 00:00:00',1,'T',2,'','T','','F','','','','','','F','T','PCS','T',''),(1211,'1139800826','37863226','NEEDLE / JARUM ONE MED 27 G X ½','','','ST_CLK','SUPPLIES','','','T','F','T','0','','','','1','PCS','PCS','PCS','0000-00-00 00:00:00',1,'0000-00-00 00:00:00',1,'T',3,'','T','','F','','','','','','F','T','PCS','T',''),(1212,'1139901806','37863248','CATRIDGE HP 107 A  ( REFFILL )','','','ST_RTU','ST_ADMIN','','','T','F','T','0','','','','1','PCS','PCS','PCS','0000-00-00 00:00:00',1,'0000-00-00 00:00:00',1,'T',2,'','T','','F','','','','','','F','T','PCS','T',''),(1213,'1139901936','37863270','TEH BUBUK - POCI','','','ST_RTU','KONSUMSI','','','T','F','T','0','','','','1','PCS','PCS','PCS','0000-00-00 00:00:00',1,'0000-00-00 00:00:00',1,'T',2,'','T','','F','','','','','','F','T','PCS','T',''),(1214,'1130309826','37977169','CRP LATEX  50 TEST - FORTRESS  ( LXCRP050 )','','','ST_IMUNO','ST_IMMUN','','','T','F','T','0','','','','1','KIT','KIT','KIT','0000-00-00 00:00:00',1,'0000-00-00 00:00:00',1,'T',4,'','T','','F','','','','','','F','T','KIT','T',''),(1215,'1139800978','41527034','CTO AQUAZONE 10 INCHI','','','ST_RTU','ST_UMUM','','','T','F','T','0','','','','1','PCS','PCS','PCS','0000-00-00 00:00:00',1,'0000-00-00 00:00:00',1,'T',1,'','T','','F','','','','','','F','T','PCS','T',''),(1216,'1139800979','41527059','CTO WIZARD 20 INCHI','','','ST_RTU','ST_UMUM','','','T','F','T','0','','','','1','PCS','PCS','PCS','0000-00-00 00:00:00',1,'2008-07-09 00:00:00',1,'T',1,'','T','','F','','','','','','F','T','PCS','T',''),(1217,'1139800980','41527064','FILTER AQUAPRO 10 INCHI - 03 MIKRON','','','ST_RTU','ST_UMUM','','','T','F','T','0','','','','1','PCS','PCS','PCS','0000-00-00 00:00:00',1,'0000-00-00 00:00:00',1,'T',1,'','T','','F','','','','','','F','T','PCS','T',''),(1218,'1139800981','41527147','FILTER DAITON 20 INCHI - 03 MIKRON','','','ST_RTU','ST_UMUM','','','T','F','T','0','','','','1','PCS','PCS','PCS','0000-00-00 00:00:00',1,'0000-00-00 00:00:00',1,'T',2,'','T','','F','','','','','','F','T','PCS','T',''),(1219,'1139800982','41527335','FILTER BENANG 10 INCHI','','','ST_RTU','ST_UMUM','','','T','F','T','0','','','','1','PCS','PCS','PCS','0000-00-00 00:00:00',1,'0000-00-00 00:00:00',1,'T',2,'','T','','F','','','','','','F','T','PCS','T',''),(1220,'1139902130','41704554','LAMPU SENTER LED','','','ST_UMUM','ST_UMUM','','','T','F','T','0','','','','1','PCS','PCS','PCS','0000-00-00 00:00:00',1,'2021-06-03 00:00:00',1,'T',2,'','T','','F','','','','','','F','T','PCS','T',''),(1221,'1130309975','41860991','HUMAN A-GHRL ( ACYLATED GHRELIN ) ELISA KIT ELABSCIENCE - CAT : E-EL-H2002','','','ST_IMUNO','ST_IMMUN','','','T','F','T','0','','','','2','KIT','KIT','KIT','0000-00-00 00:00:00',1,'0000-00-00 00:00:00',1,'T',2,'','T','','F','','','','','','F','T','KIT','T',''),(1222,'1139902146','42190985','SUSU CIMORY UHT - ALL VARIAN  ( 250 ML )','','','ST_RTU','ST_ADMIN','','','T','F','T','0','','','','1','PCS','PCS','PCS','0000-00-00 00:00:00',1,'0000-00-00 00:00:00',1,'T',5,'','T','','F','','','','','','F','T','PCS','T',''),(1223,'1130500852','42398167','GENE Xpert ® MTB / RIF Ultra - GXMTB/RIF - ULTRA - 10','','','ST_MD','REAGEN','','','T','F','T','0','','','','1','TEST','KIT','TEST','0000-00-00 00:00:00',1,'0000-00-00 00:00:00',1,'T',6,'','T','','F','','','','','','F','T','TEST','T',''),(1224,'1139902164','42608463','KAPUR BARUS GANTUNG ','','','ST_RTU','ST_UMUM','','','T','F','T','0','','','','1','PCS','PCS','PCS','0000-00-00 00:00:00',1,'2014-10-01 00:00:00',1,'T',2,'','T','','F','','','','','','F','T','PCS','T',''),(1225,'1130500853','42619724','OXIDASE DISCS ( 50 DISCS / VI ) @ 1 VI - HIMEDIA ( DD018-1VL )','','','ST_MIKRO','REAGEN','','','T','F','T','0','','','','1','VIAL','VIAL','VIAL','0000-00-00 00:00:00',1,'0000-00-00 00:00:00',1,'T',2,'','T','','F','','','','','','F','T','VIAL','T',''),(1226,'1130209006','42647485','SEBIA CAPPILARYS WASH SOLUTION ( 2 ) - 2052','','','ST_KIMIA','ST_KIMIA','','','T','F','T','0','','','','1','KIT','KIT','KIT','0000-00-00 00:00:00',1,'2035-09-02 00:00:00',1,'T',1,'','T','','F','','','','','','F','T','KIT','T',''),(1227,'1139902165','42693794','SOUVENIR TEMPAT TISSUE NATAL','','','ST_RTU','ST_UMUM','','','T','F','T','0','','','','1','PCS','PCS','PCS','0000-00-00 00:00:00',1,'0000-00-00 00:00:00',1,'T',2,'','T','','F','','','','','','F','T','PCS','T',''),(1228,'1130309836','37977243','RF LATEX  50 TEST - FORTRESS ','','','ST_IMUNO','ST_IMMUN','','','T','F','T','0','','','','1','KIT','KIT','KIT','0000-00-00 00:00:00',1,'2028-05-08 00:00:00',1,'T',3,'','T','','F','','','','','','F','T','KIT','T',''),(1229,'1130309838','37977272','TPHA LATEX 100 TEST -  FORTRESS','','','ST_IMUNO','ST_IMMUN','','','T','F','T','0','','','','1','KIT','KIT','KIT','0000-00-00 00:00:00',1,'0000-00-00 00:00:00',1,'T',2,'','T','','F','','','','','','F','T','KIT','T',''),(1230,'1130309837','37977297','TPHA LATEX 50 TEST - FORTRESS','','','ST_IMUNO','ST_IMMUN','','','T','F','T','0','','','','1','KIT','KIT','KIT','0000-00-00 00:00:00',1,'0000-00-00 00:00:00',1,'T',2,'','T','','F','','','','','','F','T','KIT','T',''),(1231,'1130309813','37977567','RF LATEX TEST - FORTRESS - 100 TEST - CAT. LXRF0100','','','ST_IMUNO','ST_IMMUN','','','T','F','T','0','','','','1','KIT','KIT','KIT','0000-00-00 00:00:00',1,'0000-00-00 00:00:00',1,'T',1,'','T','','F','','','','','','F','T','KIT','T',''),(1232,'1139800862','37977810','SPUIT / DISPOSIBLE SYRINGE 3 ML - ONE MED','','','ST_CL','SUPPLIES','','','T','F','T','0','','','','1','PCS','PCS','PCS','0000-00-00 00:00:00',1,'0000-00-00 00:00:00',1,'T',2,'','T','','F','','','','','','F','T','PCS','T',''),(1233,'1139800877','37978106','SPUIT / DISPOSIBLE SYRINGE 5 ML - ONE MED','','','ST_CL','SUPPLIES','','','T','F','T','0','','','','1','PCS','PCS','PCS','0000-00-00 00:00:00',1,'0000-00-00 00:00:00',1,'T',2,'','T','','F','','','','','','F','T','PCS','T',''),(1234,'1139800857','37978397','TUBE SST GD 4 ML - GD040SGC','','','ST_CL','SUPPLIES','','','T','F','T','0','','','','1','PCS','PCS','PCS','0000-00-00 00:00:00',1,'0000-00-00 00:00:00',1,'T',2,'','T','','F','','','','','','F','T','PCS','T',''),(1235,'1139800878','37978408','TUBE PLH GD 3 ML - GDO30CA','','','ST_CL','SUPPLIES','','','T','F','T','0','','','','1','PCS','PCS','PCS','0000-00-00 00:00:00',1,'2022-11-03 00:00:00',1,'T',2,'','T','','F','','','','','','F','T','PCS','T',''),(1236,'1139800879','37978424','TUBE SODIUM CITRAT 1,8 ML - GD030CA','','','ST_CL','SUPPLIES','','','T','F','T','0','','','','1','PCS','PCS','PCS','0000-00-00 00:00:00',1,'0000-00-00 00:00:00',1,'T',2,'','T','','F','','','','','','F','T','PCS','T',''),(1237,'1139901868','37988333','TINTA CANNON G YELLOW - 790 Y  ( 70 ML  )','','','ST_RTU','ST_ADMIN','','','T','F','T','0','','','','1','BOTOL','BOTOL','BOTOL','0000-00-00 00:00:00',1,'0000-00-00 00:00:00',1,'T',3,'','T','','F','','','','','','F','T','BOTOL','T',''),(1238,'1139901867','37988335','TINTA CANNON G MAGENTA - 790 M  ( 70 ML  )','','','ST_RTU','ST_ADMIN','','','T','F','T','0','','','','1','BOTOL','BOTOL','BOTOL','0000-00-00 00:00:00',1,'0000-00-00 00:00:00',1,'T',3,'','T','','F','','','','','','F','T','BOTOL','T',''),(1239,'1139901866','37988337','TINTA CANNON G CYAN - 790 C  ( 70 ML  )','','','ST_RTU','ST_ADMIN','','','T','F','T','0','','','','1','BOTOL','BOTOL','BOTOL','0000-00-00 00:00:00',1,'0000-00-00 00:00:00',1,'T',3,'','T','','F','','','','','','F','T','BOTOL','T',''),(1240,'1139901859','37988338','LABEL NO.107','','','ST_RTU','','','','T','F','T','0','','','','1','PACK','PACK','PACK','0000-00-00 00:00:00',1,'0000-00-00 00:00:00',1,'T',1,'','T','','F','','','','','','F','T','PACK','T',''),(1241,'1139901964','37988339','PLASTIK KLIP 20 X 11','','','ST_RTU','SUPPLIES','','','T','F','T','0','','','','1','PACK','PACK','PACK','0000-00-00 00:00:00',1,'0000-00-00 00:00:00',1,'T',1,'','T','','F','','','','','','F','T','PACK','T',''),(1242,'1139901881','37988340','SOUVENIR HANDSANITIZER ','','','ST_RTU','SUPPLIES','','','T','F','T','0','','','','1','PCS','PCS','PCS','0000-00-00 00:00:00',1,'0000-00-00 00:00:00',1,'T',2,'','T','','F','','','','','','F','T','PCS','T',''),(1243,'1139801000','42642424','VAKSIN HPV  0,5 ML -  CERVARIX  ( GSK )','','','ST_CLK','SUPPLIES','','','T','F','T','0','','','','1','VIAL','VIAL','VIAL','0000-00-00 00:00:00',1,'0000-00-00 00:00:00',1,'T',2,'','T','','F','','','','','','F','T','VIAL','T',''),(1244,'1139901953','37993281','RIBBON BARCODE 110 mm X 55 mm','','','ST_RTU','SUPPLIES','','','T','F','T','0','','','','1','ROLL','ROLL','ROLL','0000-00-00 00:00:00',1,'0000-00-00 00:00:00',1,'T',1,'','T','','F','','','','','','F','T','ROLL','T',''),(1245,'1139901954','37993288','BOX FILE ','','','ST_RTU','SUPPLIES','','','T','F','T','0','','','','1','PCS','PCS','PCS','0000-00-00 00:00:00',1,'2015-11-09 00:00:00',1,'T',2,'','T','','F','','','','','','F','T','PCS','T',''),(1246,'1130100187','41184677','MALARIA P.f / P.V CARD GLORY ( GD - MALPF/PV )','','','ST_HEMA','ST_HEMA','','','T','F','T','0','','','','2','TEST','TEST','TEST','0000-00-00 00:00:00',1,'0000-00-00 00:00:00',1,'T',1,'','T','','F','','','','','','F','T','TEST','T',''),(1247,'1130208968','41255461','ABBOTT ASPARTATE AMINOTRANFERASE 1200 T ( AST ) - 4S90.20','','','ST_KIMIA','ST_KIMIA','','','T','F','T','0','','','','2','KIT','KIT','KIT','0000-00-00 00:00:00',1,'0000-00-00 00:00:00',1,'T',4,'','T','','F','','','','','','F','T','KIT','T',''),(1248,'1130100198','41663974','CALIBRATOR FOR ALIFAX ESR - REF SI 305.402-A','','','ST_HEMA','ST_HEMA','','','T','F','T','0','','','','1','KIT','KIT','KIT','0000-00-00 00:00:00',1,'0000-00-00 00:00:00',1,'T',2,'','T','','F','','','','','','F','T','KIT','T',''),(1249,'1139902166','42699809','PEMUTIH / PENGHILANG NODA 800 ML (  PROCLIN ) ','','','ST_RTU','ST_UMUM','','','T','F','T','0','','','','1','POUCH','POUCH','POUCH','0000-00-00 00:00:00',1,'0000-00-00 00:00:00',1,'T',3,'','T','','F','','','','','','F','T','POUCH','T',''),(1250,'1130310025','43771337','HUMAN IL-1B ELISA KIT - E-EL- H0149  (  ELABSCIENSE )','','','ST_IMUNO','ST_IMMUN','','','T','F','T','0','','','','1','KIT','KIT','KIT','0000-00-00 00:00:00',1,'0000-00-00 00:00:00',1,'T',2,'','T','','F','','','','','','F','T','KIT','T',''),(1251,'1130100167','38001022','HEMOSIL RECOMBI PLASTIN 2G ( 8 ML ) - HMS29','','','ST_HEMA','ST_HEMA','','','T','F','F','0','','','','1','KIT','KIT','KIT','0000-00-00 00:00:00',1,'0000-00-00 00:00:00',1,'T',3,'','T','','F','','','','','','F','T','KIT','T',''),(1252,'1130100168','38001032','HEMOSIL SYNTH ASII - SIL 68','','','ST_HEMA','ST_HEMA','','','T','F','T','0','','','','1','KIT','KIT','KIT','0000-00-00 00:00:00',1,'0000-00-00 00:00:00',1,'T',3,'','T','','F','','','','','','F','T','KIT','T',''),(1253,'1130208974','41379924','ALBUMIN DIALAB - D00205','','','ST_KIMIA','ST_KIMIA','','','T','F','T','0','','','','2','KIT','KIT','KIT','0000-00-00 00:00:00',1,'2053-08-01 00:00:00',1,'T',1,'','T','','F','','','','','','F','T','KIT','T',''),(1254,'1130208975','41379934','ALKALINE PHOSPATASE DIALAB - D00523','','','ST_KIMIA','ST_KIMIA','','','T','F','T','0','','','','2','KIT','KIT','KIT','0000-00-00 00:00:00',1,'0000-00-00 00:00:00',1,'T',1,'','T','','F','','','','','','F','T','KIT','T',''),(1255,'1130208976','41379944','TOTAL PROTEIN DIALAB - D00686','','','ST_KIMIA','ST_KIMIA','','','T','F','T','0','','','','2','KIT','KIT','KIT','0000-00-00 00:00:00',1,'0000-00-00 00:00:00',1,'T',1,'','T','','F','','','','','','F','T','KIT','T',''),(1256,'1130208977','41379957','ADENOSE CALIBRATOR DIALAB - 913870','','','ST_KIMIA','ST_KIMIA','','','T','F','T','0','','','','2','KIT','KIT','KIT','0000-00-00 00:00:00',1,'0000-00-00 00:00:00',1,'T',2,'','T','','F','','','','','','F','T','KIT','T',''),(1257,'1130309967','41472142','TB IGRA KIT ICHROMA II','','','ST_IMUNO','ST_IMMUN','','','T','F','T','0','','','','2','KIT','KIT','KIT','0000-00-00 00:00:00',1,'2051-00-01 00:00:00',1,'T',5,'','T','','F','','','','','','F','T','KIT','T',''),(1258,'1139902126','41591218','SOUVENIR POUCH TRAVEL','','','ST_RTU','SUPPLIES','','','T','F','T','0','','','','1','PCS','PCS','PCS','0000-00-00 00:00:00',1,'2027-10-08 00:00:00',1,'T',2,'','T','','F','','','','','','F','T','PCS','T',''),(1259,'1130400553','41893952','SHIVANI GRADIENT KIT 40 & 80 - 50 ml','','','ST_UL','ST_KIMIA','','','T','F','T','0','','','','1','BOTOL','BOTOL','BOTOL','0000-00-00 00:00:00',1,'2034-04-00 00:00:00',1,'T',1,'','T','','F','','','','','','F','T','BOTOL','T',''),(1260,'1130400554','41893986','SHIVANI SPERM PRIME 100 ml','','','ST_UL','ST_KIMIA','','','T','F','T','0','','','','1','BOTOL','BOTOL','BOTOL','0000-00-00 00:00:00',1,'2035-06-01 00:00:00',1,'T',2,'','T','','F','','','','','','F','T','BOTOL','T',''),(1261,'1139902135','41894238','TISSUE LIVI MULTIFOLD - EVERYDAY TOWEL 150  S / 1 PLY','','','ST_RTU','ST_UMUM','','','T','F','T','0','','','','1','PAK','PAK','PAK','0000-00-00 00:00:00',1,'0000-00-00 00:00:00',1,'T',2,'','T','','F','','','','','','F','T','PAK','T',''),(1262,'1130500849','41997735','NIGROSIN STAIN  10% wlv 100 ML - REF S025','','','ST_MIKRO','REAGEN','','','T','F','T','0','','','','2','BOTOL','BOTOL','BOTOL','0000-00-00 00:00:00',1,'0000-00-00 00:00:00',1,'T',2,'','T','','F','','','','','','F','T','BOTOL','T',''),(1263,'1139901880','42108501','SOUVENIR TUMBLER TERMOS','','','ST_RTU','ST_UMUM','','','T','F','T','0','','','','1','PCS','PCS','PCS','0000-00-00 00:00:00',1,'0000-00-00 00:00:00',1,'T',1,'','T','','F','','','','','','F','T','PCS','T',''),(1264,'1139902138','42108633','SOUVENIR TUMBLER KACA / GLASS','','','ST_RTU','SUPPLIES','','','T','F','T','0','','','','1','PCS','PCS','PCS','0000-00-00 00:00:00',1,'0000-00-00 00:00:00',1,'T',3,'','T','','F','','','','','','F','T','PCS','T',''),(1265,'1139801009','43388751','SPUIT / SYRINGE 1 ML BD TUBERCULIN  27 G - 302101','','','ST_SUPPL','SUPPLIES','','','T','F','T','0','','','','1','PCS','BOX','PCS','0000-00-00 00:00:00',1,'0000-00-00 00:00:00',1,'T',3,'','T','','F','','','','','','F','T','PCS','T',''),(1266,'1130309747','38098908','ALINITY I STAT HIGH SENSITIVE TROPONIN I CALIBRATOR - 8P13.01','','','ST_IMUNO','REAGEN','','','T','F','T','0','','','','1','KIT','KIT','KIT','0000-00-00 00:00:00',1,'0000-00-00 00:00:00',1,'T',1,'','T','','F','','','','','','F','T','KIT','T',''),(1267,'1130309748','38098909','ALINITY I STAT HIGH SENSITIVE TROPONIN I CONTROL - 8P13.010','','','ST_IMUNO','REAGEN','','','T','F','T','0','','','','1','KIT','KIT','KIT','0000-00-00 00:00:00',1,'0000-00-00 00:00:00',1,'T',1,'','T','','F','','','','','','F','T','KIT','T',''),(1268,'1139800992','42187316','SPUIT 10 CC ( BD ) - 309643','','','ST_CLK','SUPPLIES','','','T','F','T','0','','','','1','PCS','BOX','PCS','0000-00-00 00:00:00',1,'2024-00-09 00:00:00',1,'T',2,'','T','','F','','','','','','F','T','PCS','T',''),(1269,'1130208995','42257968','ISE DILUENT GEN 2  , 2 X 2 LITER - 04880480190','','','ST_KIMIA','ST_KIMIA','','','T','F','T','0','','','','1','BOTOL','KIT','BOTOL','0000-00-00 00:00:00',1,'2038-03-01 00:00:00',1,'T',2,'','T','','F','','','','','','F','T','BOTOL','T',''),(1270,'1130208996','42257994','ISE INTERNAL STANDART GEN 2 , 2 X 2 LITER - 04880455190','','','ST_KIMIA','ST_KIMIA','','','T','F','T','0','','','','1','BOTOL','KIT','BOTOL','0000-00-00 00:00:00',1,'0000-00-00 00:00:00',1,'T',2,'','T','','F','','','','','','F','T','BOTOL','T',''),(1271,'1130208997','42258023','ISE REFERENCE ELECTROLYTE 500 ML - 10820652216','','','ST_KIMIA','ST_KIMIA','','','T','F','T','0','','','','1','BOTOL','BOTOL','BOTOL','0000-00-00 00:00:00',1,'0000-00-00 00:00:00',1,'T',4,'','T','','F','','','','','','F','T','BOTOL','T',''),(1272,'1130309985','42321464','DET TB LAM Ag 25 T - 7D2741','','','ST_IMUNO','ST_IMMUN','','','T','F','T','0','','','','1','TEST','KIT','TEST','0000-00-00 00:00:00',1,'2017-09-08 00:00:00',1,'T',2,'','T','','F','','','','','','F','T','TEST','T',''),(1273,'1139902163','42415283','ORDNER F4 - TOYO ( 351 )','','','ST_RTU','ATK','','','T','F','F','0','','','','1','PCS','PCS','PCS','0000-00-00 00:00:00',1,'0000-00-00 00:00:00',1,'T',2,'','T','','F','','','','','','F','T','PCS','T',''),(1274,'1130209002','42458228','TOTAL PROTEIN STANDART 1 X 3 ML  ( CALIBRATOR )  - DIALAB','','','ST_KIMIA','ST_KIMIA','','','T','F','T','0','','','','1','BOTOL','BOTOL','BOTOL','0000-00-00 00:00:00',1,'0000-00-00 00:00:00',1,'T',1,'','T','','F','','','','','','F','T','BOTOL','T',''),(1275,'1130209003','42458232','ALBUMIN STANDART 1 X 3 ML ( CALIBRATOR ) - DIALAB ','','','ST_KIMIA','ST_KIMIA','','','T','F','T','0','','','','1','BOTOL','BOTOL','BOTOL','0000-00-00 00:00:00',1,'2008-07-09 00:00:00',1,'T',2,'','T','','F','','','','','','F','T','BOTOL','T',''),(1276,'1130600065','42468140','HEXIOL ®  350 mg - 50 ML ','','','ST_CR','ST_RADIO','','','T','F','T','0','','','','1','BOTOL','BOTOL','BOTOL','0000-00-00 00:00:00',1,'0000-00-00 00:00:00',1,'T',5,'','T','','F','','','','','','F','T','BOTOL','T',''),(1277,'1130209005','42500542','COBAS SAMPLE CLEANER 2 - COBAS C ( 12 X 68 ML ) - 5958024190','','','ST_KIMIA','ST_KIMIA','','','T','F','T','0','','','','1','BOTOL','KIT','BOTOL','0000-00-00 00:00:00',2,'0000-00-00 00:00:00',1,'T',4,'','T','','F','','','','','','F','T','BOTOL','T',''),(1278,'1139800998','42510268','LUER ADAPTER 20 G - 450070  - GREINER BIO ONE','','','ST_CLK','SUPPLIES','','','T','F','T','0','','','','1','PCS','BOX','PCS','0000-00-00 00:00:00',1,'0000-00-00 00:00:00',1,'T',2,'','T','','F','','','','','','F','T','PCS','T',''),(1279,'1130310013','43522678','IGRA - TB  CONTROL 1 ml X 3  BODITECH ( REFF.CFPO-294 )','','','ST_IMUNO','ST_IMMUN','','','T','F','F','0','','','','1','KIT','KIT','KIT','0000-00-00 00:00:00',1,'0000-00-00 00:00:00',1,'T',2,'','T','','F','','','','','','F','T','KIT','T',''),(1280,'1139902205','43670467','SARI KACANG IJO ( ULTRA ) KEMASAN 250 ML','','','ST_UMUM','KONSUMSI','','','T','F','T','0','','','','1','PCS','PCS','PCS','0000-00-00 00:00:00',1,'0000-00-00 00:00:00',1,'T',2,'','T','','F','','','','','','F','T','PCS','T',''),(1281,'1130100199','43670565','LYSERCELL WDF 1 X 2 L - ZPPAV021787','','','ST_HEMA','ST_HEMA','','','T','F','T','0','','','','1','BOTOL','BOTOL','BOTOL','0000-00-00 00:00:00',1,'0000-00-00 00:00:00',1,'T',1,'','T','','F','','','','','','F','T','BOTOL','T',''),(1282,'1130208964','41065422','ARCH GAMMA  -  GLUTAMYL TRANFERAS 2  ( 600 T ) - 4T00.20','','','ST_KIMIA','ST_KIMIA','','','T','F','T','0','','','','2','KIT','KIT','KIT','0000-00-00 00:00:00',4,'0000-00-00 00:00:00',1,'T',4,'','T','','F','','','','','','F','T','KIT','T',''),(1283,'1130309958','41149270','ROCHE CARDIAC IQC ( COBAS ) - 4880668190','','','ST_IMUNO','ST_IMMUN','','','T','F','T','0','','','','1','KIT','KIT','KIT','0000-00-00 00:00:00',1,'0000-00-00 00:00:00',1,'T',3,'','T','','F','','','','','','F','T','KIT','T',''),(1284,'1139800973','41149688','SPUIT 20 CC ','','','ST_CL','SUPPLIES','','','T','F','T','0','','','','1','PCS','PCS','PCS','0000-00-00 00:00:00',1,'2012-10-08 00:00:00',1,'T',4,'','T','','F','','','','','','F','T','PCS','T',''),(1285,'1139902117','41315382','FORMULIR DAFTAR PESERTA MCU PERUSAHAAN ','','','ST_UMUM','CETAKAN','','','T','F','T','0','','','','1','BUKU','BUKU','BUKU','0000-00-00 00:00:00',1,'0000-00-00 00:00:00',1,'T',3,'','T','','F','','','','','','F','T','BUKU','T',''),(1286,'1139902136','42014429','SNACK SOYJOY','','','ST_RTU','ST_UMUM','','','T','F','T','0','','','','1','PCS','PCS','PCS','0000-00-00 00:00:00',1,'0000-00-00 00:00:00',1,'T',3,'','T','','F','','','','','','F','T','PCS','T',''),(1287,'1130500850','42054248','PSEUDOMONAS AERUGINOSA  ATCCA 27853  REMEL - CAT. R4607060','','','ST_MIKRO','REAGEN','','','T','F','T','0','','','','1','LOOPS','KIT','LOOPS','0000-00-00 00:00:00',1,'2024-09-02 00:00:00',1,'T',5,'','T','','F','','','','','','F','T','LOOPS','T',''),(1288,'1130208999','42314134','TECHNOPATH MULTICHEM U - 8P89.10','','','ST_KIMIA','ST_KIMIA','','','T','F','T','0','','','','1','BOTOL','BOTOL','BOTOL','0000-00-00 00:00:00',4,'2007-10-00 00:00:00',1,'T',4,'','T','','F','','','','','','F','T','BOTOL','T',''),(1289,'1130209001','42442496','CALCIUM GEN 2 COBAS C III ( 400 T ) - 5061504190','','','ST_KIMIA','ST_KIMIA','','','T','F','T','0','','','','1','KIT','KIT','KIT','0000-00-00 00:00:00',1,'0000-00-00 00:00:00',1,'T',3,'','T','','F','','','','','','F','T','KIT','T',''),(1290,'1139902203','43523845','LAMPU TL LED 12  WATT','','','ST_RTU','ST_UMUM','','','T','F','T','0','','','','1','PCS','PCS','PCS','0000-00-00 00:00:00',1,'0000-00-00 00:00:00',1,'T',2,'','T','','F','','','','','','F','T','PCS','T',''),(1291,'1130209027','43727551','C.F.A.S  ROCHE  ( 12 X 3 ML ) - 10759350190','','','ST_KIMIA','ST_KIMIA','','','T','F','F','0','','','','1','BOTOL','KIT','BOTOL','0000-00-00 00:00:00',1,'0000-00-00 00:00:00',1,'T',2,'','T','','F','','','','','','F','T','BOTOL','T',''),(1292,'1130310017','43727704','VIROCLEAR ( 1 X 5 ML ) - CAT 00106','','','ST_IMUNO','ST_IMMUN','','','T','F','T','0','','','','1','KIT','KIT','KIT','0000-00-00 00:00:00',1,'0000-00-00 00:00:00',1,'T',2,'','T','','F','','','','','','F','T','KIT','T',''),(1293,'1130310018','43727728','ASSAYED VIROTROL I - F ( 1 X 5 ML ) - CAT 00110A','','','ST_IMUNO','ST_IMMUN','','','T','F','T','0','','','','1','KIT','KIT','KIT','0000-00-00 00:00:00',1,'2049-07-01 00:00:00',1,'T',1,'','T','','F','','','','','','F','T','KIT','T',''),(1294,'1130500858','43821689','ESCHERICIHIA COLI 0157 LATEX TEST CAT. DR06020 M - OXOID','','','ST_MIKRO','REAGEN','','','T','F','T','0','','','','1','KIT','KIT','KIT','0000-00-00 00:00:00',1,'0000-00-00 00:00:00',1,'T',2,'','T','','F','','','','','','F','T','KIT','T',''),(1295,'1130500859','43822467','NX BACTERIAL DNA KIT - GENOLUTION','','','ST_MD','REAGEN','','','T','F','T','0','','','','1','TEST','KIT','TEST','0000-00-00 00:00:00',1,'0000-00-00 00:00:00',1,'T',1,'','T','','F','','','','','','F','T','TEST','T',''),(1296,'1130500860','43822497','SMARTCHECK STI TEST KIT, 1 TEST / TEST CHIP - GENESYSTEM - KOREA','','','ST_MD','REAGEN','','','T','F','T','0','','','','1','TEST','KIT','TEST','0000-00-00 00:00:00',1,'2051-06-01 00:00:00',1,'T',2,'','T','','F','','','','','','F','T','TEST','T',''),(1297,'1139801014','43822506','PIPETTE TIP FILTER  200 uL -  LOW RETENTION CLEAR RACKED STERILE - PEKYBIO','','','ST_MD','REAGEN','','','T','F','T','0','','','','1','PCS','PACK','PCS','0000-00-00 00:00:00',1,'2054-10-00 00:00:00',1,'T',1,'','T','','F','','','','','','F','T','PCS','T',''),(1298,'1139801015','43822511','EASY LOCK MICROTUBE 1,5 ML CONICAL IN PP ( 25053 ) - FL MEDICAL ITALY','','','ST_MD','REAGEN','','','T','F','F','0','','','','1','PCS','PACK','PCS','0000-00-00 00:00:00',1,'2056-02-08 00:00:00',1,'T',1,'','T','','F','','','','','','F','T','PCS','T',''),(1299,'1139801016','43822517','PIPETTE TIP 10 uL FILTER EXTENDED LOW RETENTION CLEAR RACKED STERILE - PEKYBIO','','','ST_MD','SUPPLIES','','','T','F','T','0','','','','1','PCS','PACK','PCS','0000-00-00 00:00:00',1,'0000-00-00 00:00:00',1,'T',3,'','T','','F','','','','','','F','T','PCS','T',''),(1300,'1130500845','41207335','CAT GRAM R2 (LUGOL ) 100 ML  KODE :GRMON -  ONE CARE','','','ST_MIKRO','REAGEN','','','T','F','T','0','','','','2','BOTOL','BOTOL','BOTOL','0000-00-00 00:00:00',1,'0000-00-00 00:00:00',1,'T',2,'','T','','F','','','','','','F','T','BOTOL','T',''),(1301,'1130500844','41207317','CAT GRAM R1 ( GENTIAN VIOLET ) 100 ML  KODE : 10000026A -  ONE CARE','','','ST_MIKRO','SUPPLIES','','','T','F','T','0','','','','2','BOTOL','BOTOL','BOTOL','0000-00-00 00:00:00',1,'0000-00-00 00:00:00',1,'T',2,'','T','','F','','','','','','F','T','BOTOL','T',''),(1302,'1130500846','41207345','CAT GRAM R3  ( FUCHSIN  ) 100 ML  KODE :GRAM  -  ONE CARE','','','ST_MIKRO','REAGEN','','','T','F','T','0','','','','2','BOTOL','BOTOL','BOTOL','0000-00-00 00:00:00',1,'0000-00-00 00:00:00',1,'T',3,'','T','','F','','','','','','F','T','BOTOL','T',''),(1303,'1130309966','41439799','ELECSYS TESTOSTERON G2- E2G ( 300 V2 ) - 8946370190','','','ST_IMUNO','ST_IMMUN','','','T','F','T','0','','','','2','KIT','KIT','KIT','0000-00-00 00:00:00',1,'2005-05-09 00:00:00',1,'T',6,'','T','','F','','','','','','F','T','KIT','T',''),(1304,'1130208979','41841518','ALINITY C TRIGLYCERIDE  2 REAGENT KIT ( 1400 T ) - 4U06.20','','','ST_KIMIA','ST_KIMIA','','','T','F','T','0','','','','1','KIT','KIT','KIT','0000-00-00 00:00:00',2,'0000-00-00 00:00:00',1,'T',5,'','T','','F','','','','','','F','T','KIT','T',''),(1305,'1130309974','41841566','ELECSYS PRE CLEAN M G2 2 X 2 L ELECSYS E2 G - 6908853214','','','ST_IMUNO','ST_IMMUN','','','T','F','T','0','','','','1','BOTOL','BOX','BOTOL','0000-00-00 00:00:00',1,'0000-00-00 00:00:00',1,'T',4,'','T','','F','','','','','','F','T','BOTOL','T',''),